--
-- Host: localhost    Database: tawazen
-- ------------------------------------------------------


--
-- Table structure for table `avatars`
--

CREATE TABLE `avatars` (
  `id` bigint unsigned NOT NULL AUTO_INCREMENT,
  `order_show` int DEFAULT NULL,
  `picture` varchar(255) COLLATE utf8mb4_unicode_ci DEFAULT NULL,
  `enabled` tinyint(1) NOT NULL DEFAULT '1',
  `type` varchar(255) COLLATE utf8mb4_unicode_ci NOT NULL DEFAULT 'avatar',
  `created_at` timestamp NULL DEFAULT NULL,
  `updated_at` timestamp NULL DEFAULT NULL,
  PRIMARY KEY (`id`)
) ENGINE=InnoDB AUTO_INCREMENT=9 DEFAULT CHARSET=utf8mb4 COLLATE=utf8mb4_unicode_ci;

--
-- Dumping data for table `avatars`
--

INSERT INTO `avatars` VALUES (1,1,'gallery/6gynp258TALRvGsMLOcbPOglVKR1BbbeCQAI4qzH.svg',1,'avatar','2024-04-27 09:40:42','2024-04-27 09:40:42'),(2,2,'gallery/3XXUYtzo1mRqlH3yz0EN60rNokKdQFUJBzyrXIQC.svg',1,'avatar','2024-04-27 09:40:53','2024-04-27 09:40:53'),(3,3,'gallery/nZW3iKxPcngA0tScNh18znmmA70A8liZE6d93gKu.svg',1,'avatar','2024-04-27 09:41:04','2024-05-01 08:00:42'),(4,4,'gallery/oKud5HpL25BqwOHT43j852sHkAcOj7Pz5MNJ9d5D.svg',1,'avatar','2024-04-27 09:42:38','2024-04-27 09:42:38'),(5,5,'gallery/bi0Q3i64DwsFFKJ4rxi86Mac1fIGimKwxQ27O57A.svg',1,'avatar','2024-04-27 09:42:51','2024-04-27 09:42:51'),(6,6,'gallery/vAY4dW0rRhdd7a5EULpeO8Kr4lIZDk6pNCJoCnZ0.svg',1,'avatar','2024-04-27 09:43:06','2024-04-27 09:43:06'),(7,7,'gallery/0TeWHVBjKgAfaiSSXL7WPCz2hwSSiQz2qsrSYaCy.svg',1,'avatar','2024-04-27 09:43:24','2024-04-27 09:43:24'),(8,8,'gallery/UMKjAWyo0OI6atprZo0I2vSrGoWlVN6BEieN3lxc.svg',1,'avatar','2024-04-27 09:43:37','2024-04-27 09:43:37');

--
-- Table structure for table `category_quizs`
--

CREATE TABLE `category_quizs` (
  `id` bigint unsigned NOT NULL AUTO_INCREMENT,
  `title_ar` varchar(255) COLLATE utf8mb4_unicode_ci DEFAULT NULL,
  `title_en` varchar(255) COLLATE utf8mb4_unicode_ci DEFAULT NULL,
  `color` varchar(255) COLLATE utf8mb4_unicode_ci DEFAULT NULL,
  `enabled` tinyint(1) NOT NULL DEFAULT '1',
  `created_at` timestamp NULL DEFAULT NULL,
  `updated_at` timestamp NULL DEFAULT NULL,
  PRIMARY KEY (`id`)
) ENGINE=InnoDB DEFAULT CHARSET=utf8mb4 COLLATE=utf8mb4_unicode_ci;

--
-- Dumping data for table `category_quizs`
--


--
-- Table structure for table `companies`
--

CREATE TABLE `companies` (
  `id` bigint unsigned NOT NULL AUTO_INCREMENT,
  `name` varchar(255) COLLATE utf8mb4_unicode_ci NOT NULL,
  `code` varchar(255) COLLATE utf8mb4_unicode_ci DEFAULT NULL,
  `logo` varchar(255) COLLATE utf8mb4_unicode_ci DEFAULT NULL,
  `email` varchar(255) COLLATE utf8mb4_unicode_ci DEFAULT NULL,
  `tel` varchar(255) COLLATE utf8mb4_unicode_ci DEFAULT NULL,
  `responsible` varchar(255) COLLATE utf8mb4_unicode_ci DEFAULT NULL,
  `created_at` timestamp NULL DEFAULT NULL,
  `updated_at` timestamp NULL DEFAULT NULL,
  PRIMARY KEY (`id`)
) ENGINE=InnoDB AUTO_INCREMENT=3 DEFAULT CHARSET=utf8mb4 COLLATE=utf8mb4_unicode_ci;

--
-- Dumping data for table `companies`
--

INSERT INTO `companies` VALUES (1,'TEST updated',NULL,'uploads/company_logos/yQHYjRbMLldOsLrDDptqSLUkL7Qz4GZmeYG0Dmr4.svg','test@test.co','96650879452','Saleh','2024-03-30 10:01:50','2024-04-27 10:15:30'),(2,'test','test FF','uploads/company_logos/Ql0uB3A90TVyJ6a0qcfdrOheZVFl9oXkDMVH9r80.png',NULL,NULL,NULL,'2024-05-01 09:29:20','2024-05-01 15:29:44');

--
-- Table structure for table `contents`
--

CREATE TABLE `contents` (
  `id` bigint unsigned NOT NULL AUTO_INCREMENT,
  `title` varchar(255) COLLATE utf8mb4_unicode_ci DEFAULT NULL,
  `type_content` varchar(255) COLLATE utf8mb4_unicode_ci DEFAULT NULL,
  `description` text COLLATE utf8mb4_unicode_ci,
  `enabled` tinyint(1) NOT NULL DEFAULT '1',
  `created_at` timestamp NULL DEFAULT NULL,
  `updated_at` timestamp NULL DEFAULT NULL,
  PRIMARY KEY (`id`)
) ENGINE=InnoDB AUTO_INCREMENT=4 DEFAULT CHARSET=utf8mb4 COLLATE=utf8mb4_unicode_ci;

--
-- Dumping data for table `contents`
--

INSERT INTO `contents` VALUES (1,'User terms & conditions','terms_conditions','Welcome and Acceptance\r\nWelcome to TAWAZON (“Company”, “we”, “our”, “us”)! These Terms of Service (“Terms”) govern your use of our website (https://TAWAZON.com), applications, and in-person services (collectively referred to as the “Service”) provided by TAWAZON Lifestyle Coaching. By using our Service, you agree to abide by these Terms and our Privacy Policy. If you do not agree to these terms, please refrain from using the Service.\r\nCommunication Preferences\r\nBy agreeing to these Terms, you consent to receive newsletters, marketing materials, and updates from us. You can opt out of receiving these communications at any time by following the unsubscribe link or contacting us directly.\r\nContests, Promotions, and Sweepstakes\r\nAny contests, promotions, or sweepstakes (“Promotions”) offered through our Service are subject to specific rules. Please review the applicable rules and our Privacy Policy before participating in any Promotions.\r\nOur Services\r\nTAWAZON provides services to help users assess their physical, mental health and enhance performance. Our goal is to promote awareness of health topics and encourage proactive health management. Recommendations provided within the Service may require separate purchase. If third-party services are utilized, users must adhere to their terms and conditions.\r\nHealth Advisory\r\nOur Services are not a substitute for medical consultation or examination. Users with pre-existing conditions or expectant mothers should consult their doctor before using the Services. Discontinue use and seek medical advice if you experience health issues while using our Service.\r\nProhibited Activities\r\nUsers must use the Service only for lawful purposes and in compliance with these Terms. Prohibited activities include violating laws, harming minors, sending spam, or disrupting the Service\'s operation.\r\nIntellectual Property\r\nAll content and trademarks on the Service belong to TAWAZON Lifestyle Coaching and its licensors. Users are not permitted to use our trademarks or content for commercial purposes without prior consent.\r\nCopyright Policy\r\nWe respect intellectual property rights. If you believe our Service contains infringing content, please contact us at [Contact Email].\r\nLiability Limitation\r\nTAWAZON is not liable for damages arising from the use of our Service, including indirect or consequential damages.\r\nTermination\r\nWe reserve the right to terminate or suspend user accounts without prior notice for any reason. Users can terminate their account by discontinuing use of the Service.\r\nGoverning Law\r\nThese Terms are governed by the laws of the United Arab Emirates. Disputes will be resolved according to these laws.\r\nService Changes\r\nWe may modify or discontinue parts of the Service at our discretion without notice.\r\nTerms Amendments\r\nWe may update these Terms periodically. Continued use of the Service after changes constitutes acceptance of the revised Terms.\r\nContact Information\r\nFor inquiries or feedback, please contact us at [Contact Email].\r\nBy using our Service, you acknowledge and agree to these Terms.',1,'2024-05-01 07:28:18','2024-05-01 07:28:18'),(2,'TAWAZON Cookie Policy','Cookie_Policy','A “cookie” is a small piece of data stored on your computer\'s hard drive. It records your interactions with a website, allowing the site to tailor your experience based on your preferences. Cookies are commonly used for analyzing website traffic and for advertising purposes.\r\nMost websites use cookies without causing harm to your system. You can manage which types of cookies you accept through your browser settings. Blocking cookies may limit your access to certain parts of a site, including essential functions.\r\nCookies help us track your website usage patterns, enabling us to improve our services and products based on your needs.\r\nCookies fall into two main categories:\r\n•	Session cookies: Temporary cookies that are deleted when you close your browser. They allow you to browse a site without logging in on every page.\r\n•	Persistent cookies: Stored on your computer and remain after you close your browser. The website that created them can access them when you revisit the site.\r\nCookies can also be classified as:\r\n•	Strictly necessary cookies: Essential for site functionality, such as making purchases. They do not collect personal information for marketing purposes.\r\n•	Performance cookies: Used to monitor and enhance website performance by analyzing visitor behavior.\r\n•	Functionality cookies: Remember your choices to provide personalized features.\r\nFor more details on the cookies we use and their purposes, refer to the list below.\r\nStrictly Necessary Cookies\r\nThese cookies are essential for website functionality and cannot be disabled. They are activated in response to your actions on the site, such as setting privacy preferences or filling out forms. Disabling these cookies may affect certain features of the site, but they do not store personally identifiable information.\r\nAnalytics Cookies\r\nThese cookies help us analyze website traffic and improve site performance by providing aggregated, anonymous data. If you disable these cookies, we will not be able to monitor site performance and make necessary improvements.\r\nAdvertising Cookies\r\nThese cookies are set by our advertising partners to deliver targeted ads based on your interests. They do not store personal information directly but use browser and device identifiers. Disabling these cookies may result in less targeted advertising.\r\nCookie Settings\r\nYou can manage your cookie preferences through your browser settings. For more information or if you have any questions about our policies, please contact us at [contact email or address].',1,'2024-05-01 07:29:07','2024-05-01 07:29:07'),(3,'TAWAZON Data Protection Policy','protection_policy','At TAWAZON, we prioritize trust and respect your privacy. This privacy statement outlines the types of personal data we collect, how it is collected, and how we use it across our range of products and services. This statement is regularly updated to align with our evolving offerings. TAWAZON is committed to upholding privacy through continuous education, professionalism, and ethical conduct among our employees and partners, ensuring robust protection of your personal data.\r\nWho We Are\r\nThink about a world where every individual has access to tools and resources empowering their best work and well-being daily. This is the vision of TAWAZON. We believe in holistic health as a fundamental right and have created accessible and sustainable solutions for all. TAWAZON is a personalized, proactive digital well-being platform focused on enhancing individual and organizational performance through holistic well-being. We integrate support, recognition, and rewards into a single online well-being solution, engaging 100% of your workforce. By addressing Nutritional, Social, Mental, Professional, Physical, and Financial Well-being, we foster proactive and sustainable well-being globally, placing employee well-being at the core of business strategy.\r\nWhat Personal Data We Collect\r\nTAWAZON collects personal data to deliver our products and services. This may include your name, contact details (email, phone numbers), location, and date of birth. Sensitive information is processed only when explicitly required and within legal constraints. You provide some data directly by subscribing to newsletters, requesting product/service offers, or using our websites with tracking cookies.\r\nHow We Use Personal Data\r\nWe collect only necessary personal data for processing, based on consent, contractual obligations, legal requirements, public interest tasks, or legitimate interests. Personal data is used for customer assessment, product/service development, agreement execution, relationship management, marketing, internal processes, and compliance with laws.\r\nWhere Your Data Is Stored\r\nTAWAZON processes personal data on-site in our data center, online with reputable providers, and through selected third-party applications (cloud). We maintain strict security standards to safeguard your data. Storage duration depends on the processing type; data is retained until it serves its purpose or as required by law.\r\nSharing Personal Data\r\nWe generally do not share personal data for external purposes. Third parties may receive data to provide our products/services; they are bound to confidentiality and specific use obligations.\r\nData Access\r\nAccess to personal data within TAWAZON and by third parties is limited to those who need it for processing purposes, under strict \'need to know\' principles.\r\nYour Rights\r\nUnder the General Data Protection Regulation (GDPR), you have rights including access, rectification, erasure, restriction of processing, objection to processing, and data portability. You also have the right to lodge a complaint with the Data Protection Authority.\r\nPrivacy Statement Updates\r\nThis TAWAZON Privacy Statement was created in [Month, Year]. We update it as needed; significant changes are communicated directly or through our website. In case of conflict with any customer agreements, the terms of those agreements prevail.\r\nQuestions About Privacy at TAWAZON?\r\nFor inquiries about our privacy policy, contact our Corporate Information Security & Privacy Office at privacy@tawazon.com.\r\nConsent\r\nBy using TAWAZON products/services, you acknowledge and accept our Privacy Policy and Privacy Code for Employee Data',1,'2024-05-01 07:29:53','2024-05-01 07:29:53');

--
-- Table structure for table `departments`
--

CREATE TABLE `departments` (
  `id` bigint unsigned NOT NULL AUTO_INCREMENT,
  `name` varchar(255) COLLATE utf8mb4_unicode_ci NOT NULL,
  `slug` varchar(255) COLLATE utf8mb4_unicode_ci NOT NULL,
  `created_at` timestamp NULL DEFAULT NULL,
  `updated_at` timestamp NULL DEFAULT NULL,
  PRIMARY KEY (`id`)
) ENGINE=InnoDB AUTO_INCREMENT=2 DEFAULT CHARSET=utf8mb4 COLLATE=utf8mb4_unicode_ci;

--
-- Dumping data for table `departments`
--

INSERT INTO `departments` VALUES (1,'IT','it','2024-05-05 13:37:48','2024-05-05 13:37:48');

--
-- Table structure for table `failed_jobs`
--

CREATE TABLE `failed_jobs` (
  `id` bigint unsigned NOT NULL AUTO_INCREMENT,
  `uuid` varchar(255) COLLATE utf8mb4_unicode_ci NOT NULL,
  `connection` text COLLATE utf8mb4_unicode_ci NOT NULL,
  `queue` text COLLATE utf8mb4_unicode_ci NOT NULL,
  `payload` longtext COLLATE utf8mb4_unicode_ci NOT NULL,
  `exception` longtext COLLATE utf8mb4_unicode_ci NOT NULL,
  `failed_at` timestamp NOT NULL DEFAULT CURRENT_TIMESTAMP,
  PRIMARY KEY (`id`),
  UNIQUE KEY `failed_jobs_uuid_unique` (`uuid`)
) ENGINE=InnoDB DEFAULT CHARSET=utf8mb4 COLLATE=utf8mb4_unicode_ci;

--
-- Dumping data for table `failed_jobs`
--


--
-- Table structure for table `gallery_secteurs`
--

CREATE TABLE `gallery_secteurs` (
  `id` bigint unsigned NOT NULL AUTO_INCREMENT,
  `title` varchar(255) COLLATE utf8mb4_unicode_ci DEFAULT NULL,
  `picture` varchar(255) COLLATE utf8mb4_unicode_ci DEFAULT NULL,
  `enabled` tinyint(1) NOT NULL DEFAULT '1',
  `secteur_id` bigint unsigned DEFAULT NULL,
  `deleted_at` timestamp NULL DEFAULT NULL,
  `created_at` timestamp NULL DEFAULT NULL,
  `updated_at` timestamp NULL DEFAULT NULL,
  PRIMARY KEY (`id`),
  KEY `gallery_secteurs_secteur_id_foreign` (`secteur_id`),
  CONSTRAINT `gallery_secteurs_secteur_id_foreign` FOREIGN KEY (`secteur_id`) REFERENCES `secteurs` (`id`)
) ENGINE=InnoDB AUTO_INCREMENT=26 DEFAULT CHARSET=utf8mb4 COLLATE=utf8mb4_unicode_ci;

--
-- Dumping data for table `gallery_secteurs`
--

INSERT INTO `gallery_secteurs` VALUES (10,'Baseball','gallery/zf7qlOwtXAD1PGXsP6jfNzOJ4iAgEQMr0cHVZ2RP.png',1,3,NULL,'2024-04-14 04:35:08','2024-05-01 07:47:02'),(11,'test','gallery/nu2XlhIDWT9waSeFXzNaA6EhMqtBlnzqCCQFPfWQ.png',1,3,NULL,'2024-04-14 08:46:26','2024-05-01 07:47:20'),(12,'Cycling','gallery/eWOjwDMxH13joDISQ89rbyM60sy8OYuwQKqBNIFr.png',1,3,NULL,'2024-04-14 08:47:10','2024-05-01 07:47:34'),(13,'Golf','gallery/MJ1CW8MprtPYPFivV7HOZOsVb2kEQu4xvgaQA0KX.png',1,3,NULL,'2024-04-14 09:09:53','2024-05-01 07:47:50'),(14,'Handball','gallery/OuAJgsgJWf4wf7UxrBmYsN7Z33BnAIVT4Y97CTPF.png',1,3,NULL,'2024-04-14 09:13:40','2024-05-01 07:48:01'),(15,'Running','gallery/CDGGWQduSDpSr32D7932HJ6D8DmF7U5N1ZpSna0n.png',1,3,NULL,'2024-05-01 07:48:13','2024-05-01 07:48:13'),(16,'Skateboarding','gallery/E48Qx5hlwIDix6sfSwt3QIvsqnZFXaltkEUFwkWk.png',1,3,NULL,'2024-05-01 07:49:52','2024-05-01 07:49:52'),(17,'Soccer','gallery/061e93l0DswUrbUxPQ2CnEuIfX3WzCoUyVXcjHPQ.png',1,3,NULL,'2024-05-01 07:50:02','2024-05-01 07:50:02'),(18,'Surfing','gallery/Ka8HCZiAM5MYY8xv4WdvBH8AwzbCbURP4d4f9WmL.png',1,3,NULL,'2024-05-01 07:50:16','2024-05-01 07:50:16'),(19,'Swimming','gallery/XYON7uDOioN4H3bdZz7oRlRkAFoWvGIqWlfIUvSP.png',1,3,NULL,'2024-05-01 07:50:29','2024-05-01 07:50:29'),(20,'Tennis','gallery/VpKnSIVAHwO8BIYtshmcQG8gMErZiInMKy4BfyoO.png',1,3,NULL,'2024-05-01 07:50:41','2024-05-01 07:50:41'),(21,'Volleyball','gallery/MZVmU0TFXy08r437ESwh1vAl0Jv2TCWbT6PQZHn2.png',1,3,NULL,'2024-05-01 07:50:52','2024-05-01 07:50:52'),(22,'test','gallery/CPUQkQHoFGN4GSoqYKcmqEUh4PXy9ncN9MDORhNP.png',1,5,NULL,'2024-05-01 15:55:46','2024-05-01 15:55:46'),(23,'ccc','gallery/CW1V07a4tiY4NOaCmJUA1kA2Ff3InMXk6IAyksnF.png',1,5,NULL,'2024-05-01 15:56:04','2024-05-01 15:56:04'),(24,'test 3','gallery/SEXtDEUu2FLo89acIRI2aJQk31DO8jyzIpfnsDFO.png',1,6,NULL,'2024-05-01 15:57:01','2024-05-01 15:57:01'),(25,'test 4','gallery/NLeMUeaRY1x5WD5rPkIxYo94Pk50chfMMSAuS5xE.png',1,6,NULL,'2024-05-01 15:57:17','2024-05-01 15:57:17');

--
-- Table structure for table `migrations`
--

CREATE TABLE `migrations` (
  `id` int unsigned NOT NULL AUTO_INCREMENT,
  `migration` varchar(255) COLLATE utf8mb4_unicode_ci NOT NULL,
  `batch` int NOT NULL,
  PRIMARY KEY (`id`)
) ENGINE=InnoDB AUTO_INCREMENT=31 DEFAULT CHARSET=utf8mb4 COLLATE=utf8mb4_unicode_ci;

--
-- Dumping data for table `migrations`
--

INSERT INTO `migrations` VALUES (1,'2014_10_12_000000_create_users_table',1),(2,'2014_10_12_100000_create_password_reset_tokens_table',1),(3,'2014_10_12_100000_create_password_resets_table',1),(4,'2019_08_19_000000_create_failed_jobs_table',1),(5,'2019_12_14_000001_create_personal_access_tokens_table',1),(6,'2024_03_24_160620_create_roles_table',1),(7,'2024_03_30_101317_create_companies_table',2),(9,'2024_03_30_160929_add_attributes_users',3),(10,'2024_04_06_135116_add_employee_attributes_to_users_table',4),(11,'2024_04_13_070748_create_secteurs_table',4),(12,'2024_04_13_071020_create_gallery_secteurs_table',4),(13,'2024_04_22_071448_create_avatars_table',5),(14,'2024_04_22_211620_add_background_color_to_secteurs_table',6),(15,'2024_04_23_061104_add_image_to_users',7),(17,'2024_04_24_053848_create_contents_table',8),(19,'2024_04_24_065414_create_user_sectors_table',9),(20,'2024_04_24_071351_create_user_gallery_sectors_table',9),(21,'2024_04_28_091925_add_update_attributes',10),(22,'2024_04_28_092653_add_type_attribute',10),(23,'2024_04_28_092938_create_user_company_table',10),(24,'2024_04_28_100400_add_code_attribute',10),(26,'2024_05_01_080226_create_quizs_table',11),(27,'2024_05_01_080400_create_quiz_answers_table',11),(28,'2024_05_04_202132_create_departments_table',12),(29,'2024_05_04_202633_add_attributes_to_users',13),(30,'2024_05_07_085456_create_category_quizs_table',14);

--
-- Table structure for table `password_reset_tokens`
--

CREATE TABLE `password_reset_tokens` (
  `email` varchar(255) COLLATE utf8mb4_unicode_ci NOT NULL,
  `token` varchar(255) COLLATE utf8mb4_unicode_ci NOT NULL,
  `created_at` timestamp NULL DEFAULT NULL,
  PRIMARY KEY (`email`)
) ENGINE=InnoDB DEFAULT CHARSET=utf8mb4 COLLATE=utf8mb4_unicode_ci;

--
-- Dumping data for table `password_reset_tokens`
--


--
-- Table structure for table `password_resets`
--

CREATE TABLE `password_resets` (
  `email` varchar(255) COLLATE utf8mb4_unicode_ci NOT NULL,
  `token` varchar(255) COLLATE utf8mb4_unicode_ci NOT NULL,
  `created_at` timestamp NULL DEFAULT NULL,
  KEY `password_resets_email_index` (`email`)
) ENGINE=InnoDB DEFAULT CHARSET=utf8mb4 COLLATE=utf8mb4_unicode_ci;

--
-- Dumping data for table `password_resets`
--


--
-- Table structure for table `personal_access_tokens`
--

CREATE TABLE `personal_access_tokens` (
  `id` bigint unsigned NOT NULL AUTO_INCREMENT,
  `tokenable_type` varchar(255) COLLATE utf8mb4_unicode_ci NOT NULL,
  `tokenable_id` bigint unsigned NOT NULL,
  `name` varchar(255) COLLATE utf8mb4_unicode_ci NOT NULL,
  `token` varchar(64) COLLATE utf8mb4_unicode_ci NOT NULL,
  `abilities` text COLLATE utf8mb4_unicode_ci,
  `last_used_at` timestamp NULL DEFAULT NULL,
  `expires_at` timestamp NULL DEFAULT NULL,
  `created_at` timestamp NULL DEFAULT NULL,
  `updated_at` timestamp NULL DEFAULT NULL,
  PRIMARY KEY (`id`),
  UNIQUE KEY `personal_access_tokens_token_unique` (`token`),
  KEY `personal_access_tokens_tokenable_type_tokenable_id_index` (`tokenable_type`,`tokenable_id`)
) ENGINE=InnoDB AUTO_INCREMENT=70 DEFAULT CHARSET=utf8mb4 COLLATE=utf8mb4_unicode_ci;

--
-- Dumping data for table `personal_access_tokens`
--

INSERT INTO `personal_access_tokens` VALUES (1,'App\\Models\\User',1,'YourAppToken','058413d1c9717d32dc604572e1da9878efe40bc4062e38fd2845b1cdc5ffa491','[\"*\"]',NULL,NULL,'2024-04-15 21:36:15','2024-04-15 21:36:15'),(2,'App\\Models\\User',1,'YourAppToken','dd92ec9168cb8022f49461ff57963cfa50843f4f09089c93c80fb6f830ff435e','[\"*\"]',NULL,NULL,'2024-04-15 22:33:25','2024-04-15 22:33:25'),(3,'App\\Models\\User',1,'YourAppToken','c158c73025e38bfddf5755dc7944ccfdb991e5c5aed25ae3d66bf30fadb7b36c','[\"*\"]',NULL,NULL,'2024-04-15 22:34:34','2024-04-15 22:34:34'),(4,'App\\Models\\User',1,'YourAppToken','ec8f30b5b7f0cd99b43ac57de1007003bcc1ec41e1649c22d0d3173479194fd1','[\"*\"]',NULL,NULL,'2024-04-15 22:34:54','2024-04-15 22:34:54'),(5,'App\\Models\\User',1,'YourAppToken','f09b67e106b412d2707bc2c3b8484156d13cde7fa7f2140247f8a50b9cd7029e','[\"*\"]',NULL,NULL,'2024-04-15 22:35:55','2024-04-15 22:35:55'),(6,'App\\Models\\User',1,'YourAppToken','a90115d0e48836f84248cef569ebaaa3a779a8266bee7a00b42bd5c37540fe94','[\"*\"]',NULL,NULL,'2024-04-15 22:43:08','2024-04-15 22:43:08'),(7,'App\\Models\\User',1,'YourAppToken','97ed9cdfd73663ca16f222d055408a3a85f1224fcd547796bb0126b8f45cc261','[\"*\"]',NULL,NULL,'2024-04-17 18:28:12','2024-04-17 18:28:12'),(8,'App\\Models\\User',1,'YourAppToken','a4a0846c0aa36a1db656534c8190808173d8fc80d77c0c5bb05c348b6280897d','[\"*\"]',NULL,NULL,'2024-04-17 18:29:00','2024-04-17 18:29:00'),(9,'App\\Models\\User',3,'TawazonAppToken','0e387a3176862fab81ecb21efa98572dad7e1a5fe164d379d398231807cdb455','[\"*\"]',NULL,NULL,'2024-04-23 18:34:40','2024-04-23 18:34:40'),(10,'App\\Models\\User',3,'TawazonAppToken','395f2a0fca5b26e7a0a653a03e6f55aa1a4d89f8b453ef2b5516401579d59c98','[\"*\"]','2024-05-08 00:40:58',NULL,'2024-04-23 18:35:42','2024-05-08 00:40:58'),(11,'App\\Models\\User',3,'TawazonAppToken','da40a5620a6d8ed093a8697aab3591396b13afad85d119a031a6b67230dcbd20','[\"*\"]',NULL,NULL,'2024-04-23 18:36:28','2024-04-23 18:36:28'),(12,'App\\Models\\User',3,'TawazonAppToken','fe92c4c74f997a6172df3334f812c94188c811c3313836e36fd422b7039c95ef','[\"*\"]',NULL,NULL,'2024-04-23 18:38:55','2024-04-23 18:38:55'),(13,'App\\Models\\User',3,'TawazonAppToken','e9d3ab3c7255227dd5dd8adbdbe9c06a134e97b5003875721b58caf239237155','[\"*\"]',NULL,NULL,'2024-04-24 21:16:07','2024-04-24 21:16:07'),(14,'App\\Models\\User',3,'TawazonAppToken','a184caa7067610fe61b660cbbb231cabd4f9988d2aff607bfd40e02624ff7afc','[\"*\"]',NULL,NULL,'2024-04-24 21:52:32','2024-04-24 21:52:32'),(15,'App\\Models\\User',3,'TawazonAppToken','f784db6086ae57f6886f529c6e1311b5c450f413d7b971802d1801bc8b73b443','[\"*\"]',NULL,NULL,'2024-04-24 22:17:19','2024-04-24 22:17:19'),(16,'App\\Models\\User',3,'TawazonAppToken','f1fb27f93a97046886de22d918a56fe538cde4a09be8ae78f04838fb14ec4473','[\"*\"]',NULL,NULL,'2024-04-24 23:14:41','2024-04-24 23:14:41'),(17,'App\\Models\\User',3,'TawazonAppToken','137dcdd6f4a2c338c68cc740782f0a8a58b39c1d135ae272653a41bacfab3915','[\"*\"]',NULL,NULL,'2024-04-27 10:42:30','2024-04-27 10:42:30'),(18,'App\\Models\\User',3,'TawazonAppToken','04e158812910fb55d8dc8abe1a5eca767c54c3f8eaa76e41bb6dcd98deba2648','[\"*\"]',NULL,NULL,'2024-04-27 10:43:28','2024-04-27 10:43:28'),(19,'App\\Models\\User',4,'TawazonAppToken','f8fc6e87f406b4953fa50800e2f63fb70bfa32a2e06b283ac9f73148d8ccd34a','[\"*\"]',NULL,NULL,'2024-05-04 09:10:37','2024-05-04 09:10:37'),(20,'App\\Models\\User',4,'TawazonAppToken','a8f6727a286601443b0b32e60519fdfe2381dd8339d81d1025329d055dbe0c70','[\"*\"]',NULL,NULL,'2024-05-04 09:11:55','2024-05-04 09:11:55'),(21,'App\\Models\\User',4,'TawazonAppToken','bd288065c0b53b3ae3f83c1e0f08a9f394038f0c197e5234574a4bd057a6d92d','[\"*\"]',NULL,NULL,'2024-05-04 09:13:55','2024-05-04 09:13:55'),(22,'App\\Models\\User',4,'TawazonAppToken','36f5f14b386c042e43b7ab40b4f420d4e5c10870e7c407d6cd46ead1fc4042b3','[\"*\"]',NULL,NULL,'2024-05-05 10:14:53','2024-05-05 10:14:53'),(23,'App\\Models\\User',4,'TawazonAppToken','d29eebeec72692f08ce03adcc903111d729e4058c714885e1cc055b0716456a4','[\"*\"]',NULL,NULL,'2024-05-05 11:02:29','2024-05-05 11:02:29'),(24,'App\\Models\\User',4,'TawazonAppToken','0c4cbca313cbf3f7e4bb93abdf1eaca0ce87599892f5e84d7710c2655b58eb23','[\"*\"]',NULL,NULL,'2024-05-05 11:04:28','2024-05-05 11:04:28'),(25,'App\\Models\\User',4,'TawazonAppToken','aadf6cad8911a520aad60c4c212684db6798f37f8c680bea768f06f750718c26','[\"*\"]',NULL,NULL,'2024-05-05 11:06:43','2024-05-05 11:06:43'),(26,'App\\Models\\User',4,'TawazonAppToken','38441d1dc558856e83811fde95a9ec0cd082f91e86370fff7a00c34dd2850f20','[\"*\"]',NULL,NULL,'2024-05-05 11:09:44','2024-05-05 11:09:44'),(27,'App\\Models\\User',4,'TawazonAppToken','3461e2390a012a997f2a757ace594dcb983a5b3b4dcfa59d52935f1c1555c5a5','[\"*\"]',NULL,NULL,'2024-05-05 11:24:12','2024-05-05 11:24:12'),(28,'App\\Models\\User',4,'TawazonAppToken','0ea5aab996e21ee35b77121425a48a570d087db2a79107b36b7f50d8c8b94383','[\"*\"]',NULL,NULL,'2024-05-05 14:21:40','2024-05-05 14:21:40'),(29,'App\\Models\\User',4,'TawazonAppToken','6d7be260db1701500b2c2854ae8a66597b651706777477713c3169ab825d9930','[\"*\"]',NULL,NULL,'2024-05-05 14:22:56','2024-05-05 14:22:56'),(30,'App\\Models\\User',4,'TawazonAppToken','e6a3100dcc1aa441e2b0f8e66186902dd05912a8a1cd856b465ecd0301d3fb6f','[\"*\"]',NULL,NULL,'2024-05-05 14:26:39','2024-05-05 14:26:39'),(31,'App\\Models\\User',4,'TawazonAppToken','3ebd6614bc43c9936cad02355c5ed350d900751ed779274998c1b8f99f5e32b6','[\"*\"]','2024-05-05 15:33:44',NULL,'2024-05-05 14:33:00','2024-05-05 15:33:44'),(32,'App\\Models\\User',4,'TawazonAppToken','634ba85f51ad94aa2d9f4972dc8e9b70ea1ec515d14ef4d5a35f60acf2c24de3','[\"*\"]','2024-05-05 16:41:23',NULL,'2024-05-05 16:09:36','2024-05-05 16:41:23'),(33,'App\\Models\\User',4,'TawazonAppToken','5c379614dc3046e9d73a7108c7a85864a884406dab378ce42581199a14caba4d','[\"*\"]','2024-05-05 17:03:03',NULL,'2024-05-05 16:45:34','2024-05-05 17:03:03'),(34,'App\\Models\\User',4,'TawazonAppToken','d37d0470dc54390017ac95eeeeb8f0dfa440dce370816959c2748522c1b09f81','[\"*\"]','2024-05-05 21:58:46',NULL,'2024-05-05 21:48:15','2024-05-05 21:58:46'),(35,'App\\Models\\User',4,'TawazonAppToken','3815a08691a62703b9a50531b438e1796a8e43b6c13e1f5ae930753857e0875d','[\"*\"]','2024-05-08 02:13:19',NULL,'2024-05-05 22:04:55','2024-05-08 02:13:19'),(36,'App\\Models\\User',4,'TawazonAppToken','13ef9c2c97a6618b7f2c1da43ca2e2e2a111e409f049384df98b4df32176edbf','[\"*\"]',NULL,NULL,'2024-05-05 22:45:44','2024-05-05 22:45:44'),(37,'App\\Models\\User',4,'TawazonAppToken','1936cfe7091b62a268197bdf9e62cea4855428a15fdbce2527185b039033451b','[\"*\"]','2024-05-05 22:48:34',NULL,'2024-05-05 22:48:29','2024-05-05 22:48:34'),(38,'App\\Models\\User',4,'TawazonAppToken','393ee9112f78faa12375f9d484e76d83f4b77131ca82b9ca41b431fdd4d01e92','[\"*\"]','2024-05-05 22:50:47',NULL,'2024-05-05 22:49:58','2024-05-05 22:50:47'),(39,'App\\Models\\User',4,'TawazonAppToken','2ccff45897df88890803fb5da2d60c05d977f994f4363259f2e556dab49acfd5','[\"*\"]','2024-05-06 17:49:52',NULL,'2024-05-05 23:00:55','2024-05-06 17:49:52'),(40,'App\\Models\\User',4,'TawazonAppToken','7a8c19bcc3134ec018e0d3d7c113b361c1eb5e10520ce00c772a387bfacfcfed','[\"*\"]',NULL,NULL,'2024-05-06 18:17:51','2024-05-06 18:17:51'),(41,'App\\Models\\User',4,'TawazonAppToken','e5b8c5f55b5c0d45e147692042a990830d024a5d0ca16a6556085a47fa55cd8b','[\"*\"]','2024-05-06 18:23:49',NULL,'2024-05-06 18:19:14','2024-05-06 18:23:49'),(42,'App\\Models\\User',4,'TawazonAppToken','3a13a4544c515243a26fc45fc17ca34dcbbcfe13a9b6b0df26258dfa78b72c07','[\"*\"]','2024-05-06 18:24:39',NULL,'2024-05-06 18:24:33','2024-05-06 18:24:39'),(43,'App\\Models\\User',4,'TawazonAppToken','09879ea66f9fc60d42069a5d6f4d8ac737f8aa489bcfde39fb190003563338bc','[\"*\"]','2024-05-06 18:38:04',NULL,'2024-05-06 18:33:14','2024-05-06 18:38:04'),(44,'App\\Models\\User',4,'TawazonAppToken','9e059a2cf39976b32ef0e9806e64771b24e0206800e034b92eb8d670ad36f4fd','[\"*\"]',NULL,NULL,'2024-05-06 21:42:14','2024-05-06 21:42:14'),(45,'App\\Models\\User',4,'TawazonAppToken','81fa53da2953e146f3978b504b41c62c02013ce9c65a004d2abd1bb8344ebee2','[\"*\"]',NULL,NULL,'2024-05-07 06:41:07','2024-05-07 06:41:07'),(46,'App\\Models\\User',4,'TawazonAppToken','a9f3bf7d88eac9c93a5929aab9a34c72159754060c14e9c3004fd9e0bdb85f3d','[\"*\"]','2024-05-07 07:45:04',NULL,'2024-05-07 07:44:22','2024-05-07 07:45:04'),(47,'App\\Models\\User',4,'TawazonAppToken','6900b8f14a6543b77286db9b413aee861d6cc5327bc7dd6538994acd601da1dc','[\"*\"]',NULL,NULL,'2024-05-07 19:11:00','2024-05-07 19:11:00'),(48,'App\\Models\\User',4,'TawazonAppToken','1c02e013f669befded5dadc013bf6bc3fbc438bf1197f07d5e49e6ae18a4be3f','[\"*\"]',NULL,NULL,'2024-05-07 19:11:53','2024-05-07 19:11:53'),(49,'App\\Models\\User',4,'TawazonAppToken','5cb65c83a7d6b6bf323418da8baa27fa29c48541ea0f4731804cdf20ef005d8c','[\"*\"]',NULL,NULL,'2024-05-07 19:13:24','2024-05-07 19:13:24'),(50,'App\\Models\\User',4,'TawazonAppToken','1710921d2dadf5a9d684089e9ae32897d2e03fadd92eef72e1ed41f6956d8892','[\"*\"]',NULL,NULL,'2024-05-07 19:13:54','2024-05-07 19:13:54'),(51,'App\\Models\\User',4,'TawazonAppToken','516f4fdd95a4a0305afd2338bff44adc46e67d6b0b06c9fd3e7c6d4b0d308421','[\"*\"]',NULL,NULL,'2024-05-07 19:14:53','2024-05-07 19:14:53'),(52,'App\\Models\\User',4,'TawazonAppToken','b68650d35bf6bb2614fdacc9e22dbdd2670831019ac4a32e7685e3fc0da035e5','[\"*\"]',NULL,NULL,'2024-05-07 19:19:09','2024-05-07 19:19:09'),(53,'App\\Models\\User',4,'TawazonAppToken','e4384c7079ccd79f8e1f1446dbccf2a044c34a155a25c7b1ddcaab8ab8c89220','[\"*\"]',NULL,NULL,'2024-05-07 19:28:25','2024-05-07 19:28:25'),(54,'App\\Models\\User',4,'TawazonAppToken','1766f961356db2b35e38b52a774aa363e1856ef594a8679b64c93ef9b29e2c38','[\"*\"]','2024-05-07 20:28:50',NULL,'2024-05-07 19:28:59','2024-05-07 20:28:50'),(55,'App\\Models\\User',4,'TawazonAppToken','0dbc443380b196819872a4f2c11fbabfa944b291d5ec7583784b57792859fa0b','[\"*\"]','2024-05-07 22:45:01',NULL,'2024-05-07 22:26:48','2024-05-07 22:45:01'),(56,'App\\Models\\User',4,'TawazonAppToken','150154f5335e10236f315937785b388f1cfe621a565428b94c4796ed45d725b0','[\"*\"]','2024-05-07 23:25:35',NULL,'2024-05-07 22:45:30','2024-05-07 23:25:35'),(57,'App\\Models\\User',4,'TawazonAppToken','5b8097866f119ccaea05e6d276956c8c4c015abfb39e62a0953078346cacee32','[\"*\"]','2024-05-07 23:31:23',NULL,'2024-05-07 23:26:04','2024-05-07 23:31:23'),(58,'App\\Models\\User',4,'TawazonAppToken','fb81014375160495499e3676a9c835a3839dae9ed80b93d5822a082b88ed3048','[\"*\"]','2024-05-07 23:47:45',NULL,'2024-05-07 23:31:49','2024-05-07 23:47:45'),(59,'App\\Models\\User',4,'TawazonAppToken','7b46a21bcd3c12b14625127dd23e5e9008a51ee8dc015a558596139d8a406260','[\"*\"]','2024-05-07 23:52:25',NULL,'2024-05-07 23:48:17','2024-05-07 23:52:25'),(60,'App\\Models\\User',4,'TawazonAppToken','9be87a5ecd4a557037e718a63c24744fbe25883d4f5614ab3c141ed0a1b01751','[\"*\"]','2024-05-08 01:56:26',NULL,'2024-05-08 00:19:42','2024-05-08 01:56:26'),(61,'App\\Models\\User',4,'TawazonAppToken','7f09b073b2f14fbbf8ddc3f541cd524c34579028cc6c4e8a3830f21e075d5862','[\"*\"]',NULL,NULL,'2024-05-08 01:57:42','2024-05-08 01:57:42'),(62,'App\\Models\\User',4,'TawazonAppToken','b08d664f826a34227de33bb3c10db62a26c3bc61f374fedf2be4d904991dea4a','[\"*\"]','2024-05-08 01:58:32',NULL,'2024-05-08 01:58:25','2024-05-08 01:58:32'),(63,'App\\Models\\User',4,'TawazonAppToken','1471819ada98380ac75ad804faab18ed9083d20add4b47a1b152c52788877a00','[\"*\"]',NULL,NULL,'2024-05-08 02:01:46','2024-05-08 02:01:46'),(64,'App\\Models\\User',4,'TawazonAppToken','4b7c5d97fdb9cf751924072673add44be3e5291d2080cc7771c58805a0965df2','[\"*\"]','2024-05-08 02:17:21',NULL,'2024-05-08 02:03:32','2024-05-08 02:17:21'),(65,'App\\Models\\User',4,'TawazonAppToken','3b0e8de006210e8e6d51e04dda9e3bcecd6d47fa65d441604f394d7d232d819e','[\"*\"]','2024-05-08 02:24:12',NULL,'2024-05-08 02:17:28','2024-05-08 02:24:12'),(66,'App\\Models\\User',4,'TawazonAppToken','c37655b4a1416bf7ecbc03edbb849dfbd4211fa32ac94cfb59ab5163cf3f660e','[\"*\"]','2024-05-08 02:28:23',NULL,'2024-05-08 02:26:46','2024-05-08 02:28:23'),(67,'App\\Models\\User',4,'TawazonAppToken','bbb8ebfdc459ad1000bf4b02d3d18942e3722e92dcef62e6886de9eca6d7606a','[\"*\"]','2024-05-08 02:32:17',NULL,'2024-05-08 02:29:59','2024-05-08 02:32:17'),(68,'App\\Models\\User',4,'TawazonAppToken','c8f78f8318d1acbb610c500965e2ce67b0f79793030956768f91acb8e608aef9','[\"*\"]','2024-05-08 02:35:39',NULL,'2024-05-08 02:35:32','2024-05-08 02:35:39'),(69,'App\\Models\\User',4,'TawazonAppToken','4302f10b0f6511f8c1f91f57373d87caab95d984f52ef5432f361d35f301678b','[\"*\"]','2024-05-08 02:38:21',NULL,'2024-05-08 02:37:28','2024-05-08 02:38:21');

--
-- Table structure for table `quiz_answers`
--

CREATE TABLE `quiz_answers` (
  `id` bigint unsigned NOT NULL AUTO_INCREMENT,
  `quiz_id` bigint unsigned DEFAULT NULL,
  `answers_en` varchar(255) COLLATE utf8mb4_unicode_ci DEFAULT NULL,
  `answers_ar` varchar(255) COLLATE utf8mb4_unicode_ci DEFAULT NULL,
  `order_show` int DEFAULT NULL,
  `score` int DEFAULT NULL,
  `deleted_at` timestamp NULL DEFAULT NULL,
  `created_at` timestamp NULL DEFAULT NULL,
  `updated_at` timestamp NULL DEFAULT NULL,
  PRIMARY KEY (`id`),
  KEY `quiz_answers_quiz_id_foreign` (`quiz_id`),
  CONSTRAINT `quiz_answers_quiz_id_foreign` FOREIGN KEY (`quiz_id`) REFERENCES `quizs` (`id`)
) ENGINE=InnoDB AUTO_INCREMENT=25 DEFAULT CHARSET=utf8mb4 COLLATE=utf8mb4_unicode_ci;

--
-- Dumping data for table `quiz_answers`
--

INSERT INTO `quiz_answers` VALUES (1,1,'Never','أبدًا',1,0,NULL,'2024-05-01 07:14:24','2024-05-01 07:14:24'),(2,1,'little','قليلا',2,1,NULL,'2024-05-01 07:14:47','2024-05-01 07:14:47'),(3,1,'Sometimes','أحيانا',3,2,NULL,'2024-05-01 07:15:02','2024-05-01 07:15:02'),(4,1,'Always','دائما',4,3,NULL,'2024-05-01 07:15:18','2024-05-01 07:15:18'),(5,2,'Never','أبدًا',1,0,NULL,'2024-05-01 07:16:16','2024-05-01 07:16:16'),(6,2,'little','قليلا',2,1,NULL,'2024-05-01 07:16:28','2024-05-01 07:16:28'),(7,2,'Sometimes','أحيانا',3,2,NULL,'2024-05-01 07:16:38','2024-05-01 07:16:38'),(8,2,'Always','دائما',4,3,NULL,'2024-05-01 07:16:50','2024-05-01 07:16:50'),(9,3,'Never','أبدًا',1,0,NULL,'2024-05-01 07:17:10','2024-05-01 07:17:10'),(10,3,'Always','دائما',4,3,NULL,'2024-05-01 07:17:37','2024-05-01 07:17:37'),(11,3,'Sometimes','أحيانا',3,2,NULL,'2024-05-01 07:17:42','2024-05-01 07:17:42'),(12,3,'little','قليلا',2,1,NULL,'2024-05-01 07:17:54','2024-05-01 07:17:54'),(13,4,'Always','دائما',4,3,NULL,'2024-05-01 07:18:35','2024-05-01 07:18:35'),(14,4,'Sometimes','أحيانا',3,2,NULL,'2024-05-01 07:18:52','2024-05-01 07:18:52'),(15,4,'little','قليلا',2,1,NULL,'2024-05-01 07:18:57','2024-05-01 07:18:57'),(16,4,'Never','أبدًا',1,0,NULL,'2024-05-01 07:19:01','2024-05-01 07:19:01'),(17,5,'Always','دائما',4,3,NULL,'2024-05-01 07:19:26','2024-05-01 07:19:26'),(18,5,'Never','أبدًا',1,0,NULL,'2024-05-01 07:19:51','2024-05-01 07:19:51'),(19,5,'little','قليلا',2,1,NULL,'2024-05-01 07:19:57','2024-05-01 07:19:57'),(20,5,'Sometimes','أحيانا',3,2,NULL,'2024-05-01 07:20:01','2024-05-01 07:20:01'),(21,6,'Never','أبدًا',1,0,NULL,'2024-05-01 07:20:25','2024-05-01 07:20:25'),(22,6,'Always','دائما',4,3,NULL,'2024-05-01 07:20:48','2024-05-01 07:20:48'),(23,6,'Sometimes','أحيانا',3,2,NULL,'2024-05-01 07:20:57','2024-05-01 07:20:57'),(24,6,'little','قليلا',2,1,NULL,'2024-05-01 07:21:03','2024-05-01 07:21:03');

--
-- Table structure for table `quizs`
--

CREATE TABLE `quizs` (
  `id` bigint unsigned NOT NULL AUTO_INCREMENT,
  `quiz_en` varchar(255) COLLATE utf8mb4_unicode_ci DEFAULT NULL,
  `quiz_ar` varchar(255) COLLATE utf8mb4_unicode_ci DEFAULT NULL,
  `picture` varchar(255) COLLATE utf8mb4_unicode_ci DEFAULT NULL,
  `order_show` int DEFAULT NULL,
  `enabled` tinyint(1) NOT NULL DEFAULT '1',
  `deleted_at` timestamp NULL DEFAULT NULL,
  `created_at` timestamp NULL DEFAULT NULL,
  `updated_at` timestamp NULL DEFAULT NULL,
  `category_quiz_id` bigint unsigned DEFAULT NULL,
  PRIMARY KEY (`id`)
) ENGINE=InnoDB AUTO_INCREMENT=7 DEFAULT CHARSET=utf8mb4 COLLATE=utf8mb4_unicode_ci;

--
-- Dumping data for table `quizs`
--

INSERT INTO `quizs` VALUES (1,'I encourage my child to freely “speak his/her mind”, even if he/she disagrees with me','أشجع طفلي على التعبير بحرية عن آرائه/آراءها، حتى إذا كانت مخالفة لرأيي','gallery/M2K9OTzEb8yFxZfnZNwKdHQjYZgaqDzn1ceG7SZp.png',1,1,NULL,'2024-05-01 07:04:35','2024-05-01 07:04:35',NULL),(2,'Investment decisions are made independently of how to finance them','يتم اتخاذ قرارات الاستثمار بشكل مستقل عن كيفية تمويلها.','gallery/MFA39gWxyGSZ9uYdktr2UpZw9eUv6LOWsBiVyLgR.png',2,1,NULL,'2024-05-01 07:05:17','2024-05-01 07:05:17',NULL),(3,'I usually Have the habit of avoiding some foods for health reasons','عادةً ما أتجنب بعض الأطعمة لأسباب صحية','gallery/IKk921Lkq9tXyvlxffQIra1KEw3U9E0cmNB0fZlv.png',3,1,NULL,'2024-05-01 07:05:37','2024-05-01 07:05:37',NULL),(4,'Having to cope with stress can make me stronger','التعامل مع الضغوطات يمكن أن يجعلني أقوى.','gallery/EYUvTGfmQsdAsuWNTTgE0jVBvPuh0sAFipmhGXMV.png',4,1,NULL,'2024-05-01 07:06:05','2024-05-01 07:06:05',NULL),(5,'In a typical week, I usually do vigorous-intensity sports, fitness or recreational (leisure) activities?','في الأسبوع النموذجي، هل أمارس الرياضة بشكل مكثف أو الأنشطة الترفيهية؟','gallery/2i0W3nsk4yPfvtL0b8ymj9XAnidOHiuii7MMSLhp.png',5,1,NULL,'2024-05-01 07:06:46','2024-05-01 07:06:46',NULL),(6,'When learning a new skill, I am most comfortable to give it a try myself & work it out as I go','عندما أتعلم مهارة جديدة، أشعر بالراحة عند تجربتها بنفسي وحل المشكلات أثناء التعلم.','gallery/XpBiMDSDFHorqegT22s7gmcHRjgAyOr43ntFlAdA.png',6,1,NULL,'2024-05-01 07:07:31','2024-05-01 07:07:31',NULL);

--
-- Table structure for table `roles`
--

CREATE TABLE `roles` (
  `id` bigint unsigned NOT NULL AUTO_INCREMENT,
  `name` varchar(255) COLLATE utf8mb4_unicode_ci NOT NULL,
  `slug` varchar(255) COLLATE utf8mb4_unicode_ci NOT NULL,
  `description` varchar(255) COLLATE utf8mb4_unicode_ci DEFAULT NULL,
  `created_at` timestamp NULL DEFAULT NULL,
  `updated_at` timestamp NULL DEFAULT NULL,
  PRIMARY KEY (`id`)
) ENGINE=InnoDB AUTO_INCREMENT=5 DEFAULT CHARSET=utf8mb4 COLLATE=utf8mb4_unicode_ci;

--
-- Dumping data for table `roles`
--

INSERT INTO `roles` VALUES (1,'Admin','admin','Admin of plateforme updated','2024-03-30 08:44:58','2024-03-30 08:45:07'),(2,'HR Company','hr_company','HR of Company','2024-03-30 09:00:14','2024-03-30 09:23:40'),(3,'Employee','employee','Employee of company','2024-03-30 09:24:44','2024-03-30 09:24:44'),(4,'Collaborator','collaborator','Collaborator of company','2024-05-01 04:02:08','2024-05-01 04:02:08');

--
-- Table structure for table `secteurs`
--

CREATE TABLE `secteurs` (
  `id` bigint unsigned NOT NULL AUTO_INCREMENT,
  `title` varchar(255) COLLATE utf8mb4_unicode_ci DEFAULT NULL,
  `order_show` int DEFAULT NULL,
  `enabled` tinyint(1) NOT NULL DEFAULT '1',
  `secteur_id` bigint unsigned DEFAULT NULL,
  `deleted_at` timestamp NULL DEFAULT NULL,
  `created_at` timestamp NULL DEFAULT NULL,
  `updated_at` timestamp NULL DEFAULT NULL,
  `background_color` varchar(255) COLLATE utf8mb4_unicode_ci DEFAULT NULL,
  PRIMARY KEY (`id`),
  KEY `secteurs_secteur_id_foreign` (`secteur_id`),
  CONSTRAINT `secteurs_secteur_id_foreign` FOREIGN KEY (`secteur_id`) REFERENCES `secteurs` (`id`)
) ENGINE=InnoDB AUTO_INCREMENT=7 DEFAULT CHARSET=utf8mb4 COLLATE=utf8mb4_unicode_ci;

--
-- Dumping data for table `secteurs`
--

INSERT INTO `secteurs` VALUES (1,'test',10000000,0,NULL,NULL,'2024-04-13 11:00:41','2024-05-01 07:46:32',NULL),(2,'ytrd 25555',1,1,1,NULL,'2024-04-13 11:06:59','2024-04-13 11:28:06',NULL),(3,'What Sports get your heart racing',1,1,NULL,NULL,'2024-04-13 11:29:10','2024-05-01 07:46:39',NULL),(4,'new test',2,1,NULL,NULL,'2024-04-27 14:13:05','2024-05-01 15:56:23',NULL),(5,'sub-sector',1,1,4,NULL,'2024-04-27 14:13:52','2024-04-27 14:13:52','#FFFF'),(6,'sub_sector 2',2,1,4,NULL,'2024-05-01 15:56:46','2024-05-01 15:56:46',NULL);

--
-- Table structure for table `user_company`
--

CREATE TABLE `user_company` (
  `id` bigint unsigned NOT NULL AUTO_INCREMENT,
  `user_id` bigint unsigned NOT NULL,
  `company_id` bigint unsigned NOT NULL,
  `created_at` timestamp NULL DEFAULT NULL,
  `updated_at` timestamp NULL DEFAULT NULL,
  PRIMARY KEY (`id`)
) ENGINE=InnoDB AUTO_INCREMENT=3 DEFAULT CHARSET=utf8mb4 COLLATE=utf8mb4_unicode_ci;

--
-- Dumping data for table `user_company`
--

INSERT INTO `user_company` VALUES (1,2,1,NULL,NULL),(2,2,2,NULL,NULL);

--
-- Table structure for table `user_gallery_sectors`
--

CREATE TABLE `user_gallery_sectors` (
  `id` bigint unsigned NOT NULL AUTO_INCREMENT,
  `user_sector_id` bigint unsigned DEFAULT NULL,
  `gallery_secteur_id` bigint unsigned DEFAULT NULL,
  `deleted_at` timestamp NULL DEFAULT NULL,
  `created_at` timestamp NULL DEFAULT NULL,
  `updated_at` timestamp NULL DEFAULT NULL,
  PRIMARY KEY (`id`),
  KEY `user_gallery_sectors_user_sector_id_foreign` (`user_sector_id`),
  KEY `user_gallery_sectors_gallery_secteur_id_foreign` (`gallery_secteur_id`),
  CONSTRAINT `user_gallery_sectors_gallery_secteur_id_foreign` FOREIGN KEY (`gallery_secteur_id`) REFERENCES `gallery_secteurs` (`id`),
  CONSTRAINT `user_gallery_sectors_user_sector_id_foreign` FOREIGN KEY (`user_sector_id`) REFERENCES `user_sectors` (`id`)
) ENGINE=InnoDB AUTO_INCREMENT=74 DEFAULT CHARSET=utf8mb4 COLLATE=utf8mb4_unicode_ci;

--
-- Dumping data for table `user_gallery_sectors`
--

INSERT INTO `user_gallery_sectors` VALUES (1,2,10,NULL,NULL,NULL),(2,2,11,NULL,NULL,NULL),(3,3,10,NULL,NULL,NULL),(4,3,11,NULL,NULL,NULL),(5,4,10,NULL,NULL,NULL),(6,5,10,NULL,NULL,NULL),(7,5,11,NULL,NULL,NULL),(8,5,12,NULL,NULL,NULL),(9,6,13,NULL,NULL,NULL),(10,6,10,NULL,NULL,NULL),(11,6,11,NULL,NULL,NULL),(12,7,10,NULL,NULL,NULL),(13,8,10,NULL,NULL,NULL),(14,8,11,NULL,NULL,NULL),(15,8,12,NULL,NULL,NULL),(16,9,10,NULL,NULL,NULL),(17,9,11,NULL,NULL,NULL),(18,9,12,NULL,NULL,NULL),(19,10,10,NULL,NULL,NULL),(20,11,10,'2024-05-07 07:45:04',NULL,'2024-05-07 07:45:04'),(21,12,10,'2024-05-07 19:31:09',NULL,'2024-05-07 19:31:09'),(22,12,11,'2024-05-07 19:31:09',NULL,'2024-05-07 19:31:09'),(23,13,10,'2024-05-07 20:28:50',NULL,'2024-05-07 20:28:50'),(24,14,10,'2024-05-07 22:26:55',NULL,'2024-05-07 22:26:55'),(25,14,11,'2024-05-07 22:26:55',NULL,'2024-05-07 22:26:55'),(26,15,10,'2024-05-07 22:45:38',NULL,'2024-05-07 22:45:38'),(27,16,10,'2024-05-07 23:26:13',NULL,'2024-05-07 23:26:13'),(28,16,11,'2024-05-07 23:26:13',NULL,'2024-05-07 23:26:13'),(29,17,10,'2024-05-07 23:31:54',NULL,'2024-05-07 23:31:54'),(30,17,11,'2024-05-07 23:31:54',NULL,'2024-05-07 23:31:54'),(31,18,17,'2024-05-07 23:48:22',NULL,'2024-05-07 23:48:22'),(32,18,14,'2024-05-07 23:48:22',NULL,'2024-05-07 23:48:22'),(33,19,13,'2024-05-08 00:03:09',NULL,'2024-05-08 00:03:09'),(34,21,10,'2024-05-08 00:04:57',NULL,'2024-05-08 00:04:57'),(35,22,22,'2024-05-08 00:05:07',NULL,'2024-05-08 00:05:07'),(36,23,10,'2024-05-08 00:20:27',NULL,'2024-05-08 00:20:27'),(37,24,11,'2024-05-08 00:20:42',NULL,'2024-05-08 00:20:42'),(38,24,10,'2024-05-08 00:20:42',NULL,'2024-05-08 00:20:42'),(39,25,10,'2024-05-08 00:35:32',NULL,'2024-05-08 00:35:32'),(40,26,11,'2024-05-08 00:39:24',NULL,'2024-05-08 00:39:24'),(41,26,10,'2024-05-08 00:39:24',NULL,'2024-05-08 00:39:24'),(42,27,11,'2024-05-08 00:40:24',NULL,'2024-05-08 00:40:24'),(43,27,10,'2024-05-08 00:40:24',NULL,'2024-05-08 00:40:24'),(44,28,10,'2024-05-08 01:07:33',NULL,'2024-05-08 01:07:33'),(45,29,10,'2024-05-08 01:08:59',NULL,'2024-05-08 01:08:59'),(46,30,22,'2024-05-08 02:19:32',NULL,'2024-05-08 02:19:32'),(47,31,10,'2024-05-08 02:23:33',NULL,'2024-05-08 02:23:33'),(48,31,11,'2024-05-08 02:23:33',NULL,'2024-05-08 02:23:33'),(49,32,10,'2024-05-08 02:23:39',NULL,'2024-05-08 02:23:39'),(50,32,11,'2024-05-08 02:23:39',NULL,'2024-05-08 02:23:39'),(51,33,22,'2024-05-08 02:24:12',NULL,'2024-05-08 02:24:12'),(52,33,23,'2024-05-08 02:24:12',NULL,'2024-05-08 02:24:12'),(53,34,10,'2024-05-08 02:27:05',NULL,'2024-05-08 02:27:05'),(54,34,11,'2024-05-08 02:27:05',NULL,'2024-05-08 02:27:05'),(55,35,10,'2024-05-08 02:27:14',NULL,'2024-05-08 02:27:14'),(56,35,11,'2024-05-08 02:27:14',NULL,'2024-05-08 02:27:14'),(57,35,12,'2024-05-08 02:27:14',NULL,'2024-05-08 02:27:14'),(58,36,22,'2024-05-08 02:27:25',NULL,'2024-05-08 02:27:25'),(59,36,23,'2024-05-08 02:27:25',NULL,'2024-05-08 02:27:25'),(60,37,22,'2024-05-08 02:28:23',NULL,'2024-05-08 02:28:23'),(61,37,23,'2024-05-08 02:28:23',NULL,'2024-05-08 02:28:23'),(62,38,22,'2024-05-08 02:30:12',NULL,'2024-05-08 02:30:12'),(63,38,23,'2024-05-08 02:30:12',NULL,'2024-05-08 02:30:12'),(64,39,10,'2024-05-08 02:30:19',NULL,'2024-05-08 02:30:19'),(65,39,11,'2024-05-08 02:30:19',NULL,'2024-05-08 02:30:19'),(66,39,12,'2024-05-08 02:30:19',NULL,'2024-05-08 02:30:19'),(67,40,22,'2024-05-08 02:37:41',NULL,'2024-05-08 02:37:41'),(68,40,23,'2024-05-08 02:37:41',NULL,'2024-05-08 02:37:41'),(69,41,10,'2024-05-08 02:37:49',NULL,'2024-05-08 02:37:49'),(70,41,11,'2024-05-08 02:37:49',NULL,'2024-05-08 02:37:49'),(71,41,14,'2024-05-08 02:37:49',NULL,'2024-05-08 02:37:49'),(72,42,22,NULL,NULL,NULL),(73,42,23,NULL,NULL,NULL);

--
-- Table structure for table `user_sectors`
--

CREATE TABLE `user_sectors` (
  `id` bigint unsigned NOT NULL AUTO_INCREMENT,
  `user_id` bigint unsigned DEFAULT NULL,
  `secteur_id` bigint unsigned DEFAULT NULL,
  `deleted_at` timestamp NULL DEFAULT NULL,
  `created_at` timestamp NULL DEFAULT NULL,
  `updated_at` timestamp NULL DEFAULT NULL,
  PRIMARY KEY (`id`),
  KEY `user_sectors_user_id_foreign` (`user_id`),
  KEY `user_sectors_secteur_id_foreign` (`secteur_id`),
  CONSTRAINT `user_sectors_secteur_id_foreign` FOREIGN KEY (`secteur_id`) REFERENCES `secteurs` (`id`),
  CONSTRAINT `user_sectors_user_id_foreign` FOREIGN KEY (`user_id`) REFERENCES `users` (`id`)
) ENGINE=InnoDB AUTO_INCREMENT=43 DEFAULT CHARSET=utf8mb4 COLLATE=utf8mb4_unicode_ci;

--
-- Dumping data for table `user_sectors`
--

INSERT INTO `user_sectors` VALUES (1,4,3,'2024-05-05 21:58:06','2024-05-05 21:57:00','2024-05-05 21:58:06'),(2,4,3,'2024-05-05 22:09:38','2024-05-05 21:58:46','2024-05-05 22:09:38'),(3,4,3,'2024-05-05 22:22:44','2024-05-05 22:09:38','2024-05-05 22:22:44'),(4,4,3,'2024-05-05 22:50:47','2024-05-05 22:22:44','2024-05-05 22:50:47'),(5,4,3,'2024-05-06 17:49:52','2024-05-05 22:50:47','2024-05-06 17:49:52'),(6,4,3,'2024-05-06 18:15:07','2024-05-06 17:49:52','2024-05-06 18:15:07'),(7,4,3,'2024-05-06 18:23:49','2024-05-06 18:15:07','2024-05-06 18:23:49'),(8,4,3,'2024-05-06 18:24:39','2024-05-06 18:23:49','2024-05-06 18:24:39'),(9,4,3,'2024-05-06 18:26:05','2024-05-06 18:24:39','2024-05-06 18:26:05'),(10,4,3,'2024-05-06 18:38:04','2024-05-06 18:26:05','2024-05-06 18:38:04'),(11,4,3,'2024-05-07 07:45:04','2024-05-06 18:38:04','2024-05-07 07:45:04'),(12,4,3,'2024-05-07 19:31:09','2024-05-07 07:45:04','2024-05-07 19:31:09'),(13,4,3,'2024-05-07 20:28:50','2024-05-07 19:31:09','2024-05-07 20:28:50'),(14,4,3,'2024-05-07 22:26:55','2024-05-07 20:28:50','2024-05-07 22:26:55'),(15,4,3,'2024-05-07 22:45:38','2024-05-07 22:26:55','2024-05-07 22:45:38'),(16,4,3,'2024-05-07 23:26:13','2024-05-07 22:45:38','2024-05-07 23:26:13'),(17,4,3,'2024-05-07 23:31:54','2024-05-07 23:26:13','2024-05-07 23:31:54'),(18,4,3,'2024-05-07 23:48:22','2024-05-07 23:31:54','2024-05-07 23:48:22'),(19,4,3,'2024-05-08 00:03:09','2024-05-07 23:48:22','2024-05-08 00:03:09'),(20,4,2,'2024-05-08 00:03:40','2024-05-08 00:03:09','2024-05-08 00:03:40'),(21,4,3,'2024-05-08 00:04:57','2024-05-08 00:03:40','2024-05-08 00:04:57'),(22,4,5,'2024-05-08 00:05:07','2024-05-08 00:04:57','2024-05-08 00:05:07'),(23,4,3,'2024-05-08 00:20:27','2024-05-08 00:05:07','2024-05-08 00:20:27'),(24,4,3,'2024-05-08 00:20:42','2024-05-08 00:20:27','2024-05-08 00:20:42'),(25,4,3,'2024-05-08 00:35:32','2024-05-08 00:20:43','2024-05-08 00:35:32'),(26,4,3,'2024-05-08 00:39:24','2024-05-08 00:35:32','2024-05-08 00:39:24'),(27,4,3,'2024-05-08 00:40:24','2024-05-08 00:39:24','2024-05-08 00:40:24'),(28,4,3,'2024-05-08 01:07:33','2024-05-08 00:40:24','2024-05-08 01:07:33'),(29,4,3,'2024-05-08 01:08:59','2024-05-08 01:07:33','2024-05-08 01:08:59'),(30,4,5,'2024-05-08 02:19:32','2024-05-08 01:08:59','2024-05-08 02:19:32'),(31,4,3,'2024-05-08 02:23:33','2024-05-08 02:19:32','2024-05-08 02:23:33'),(32,4,3,'2024-05-08 02:23:39','2024-05-08 02:23:33','2024-05-08 02:23:39'),(33,4,5,'2024-05-08 02:24:12','2024-05-08 02:23:39','2024-05-08 02:24:12'),(34,4,3,'2024-05-08 02:27:05','2024-05-08 02:24:12','2024-05-08 02:27:05'),(35,4,3,'2024-05-08 02:27:14','2024-05-08 02:27:05','2024-05-08 02:27:14'),(36,4,5,'2024-05-08 02:27:25','2024-05-08 02:27:14','2024-05-08 02:27:25'),(37,4,5,'2024-05-08 02:28:23','2024-05-08 02:27:25','2024-05-08 02:28:23'),(38,4,5,'2024-05-08 02:30:12','2024-05-08 02:28:23','2024-05-08 02:30:12'),(39,4,3,'2024-05-08 02:30:19','2024-05-08 02:30:12','2024-05-08 02:30:19'),(40,4,5,'2024-05-08 02:37:41','2024-05-08 02:30:19','2024-05-08 02:37:41'),(41,4,3,'2024-05-08 02:37:49','2024-05-08 02:37:41','2024-05-08 02:37:49'),(42,4,5,NULL,'2024-05-08 02:37:49','2024-05-08 02:37:49');

--
-- Table structure for table `users`
--

CREATE TABLE `users` (
  `id` bigint unsigned NOT NULL AUTO_INCREMENT,
  `name` varchar(255) COLLATE utf8mb4_unicode_ci DEFAULT NULL,
  `username` varchar(255) COLLATE utf8mb4_unicode_ci DEFAULT NULL,
  `email` varchar(255) COLLATE utf8mb4_unicode_ci DEFAULT NULL,
  `phone` varchar(255) COLLATE utf8mb4_unicode_ci DEFAULT NULL,
  `email_verified_at` timestamp NULL DEFAULT NULL,
  `password` varchar(255) COLLATE utf8mb4_unicode_ci NOT NULL,
  `gender` tinyint DEFAULT NULL,
  `birthdate` varchar(255) COLLATE utf8mb4_unicode_ci DEFAULT NULL,
  `weight` varchar(255) COLLATE utf8mb4_unicode_ci DEFAULT NULL,
  `position` varchar(255) COLLATE utf8mb4_unicode_ci DEFAULT NULL,
  `project` varchar(255) COLLATE utf8mb4_unicode_ci DEFAULT NULL,
  `comments` text COLLATE utf8mb4_unicode_ci,
  `speciality` varchar(255) COLLATE utf8mb4_unicode_ci DEFAULT NULL,
  `license_number` varchar(255) COLLATE utf8mb4_unicode_ci DEFAULT NULL,
  `city` varchar(255) COLLATE utf8mb4_unicode_ci DEFAULT NULL,
  `push_notification` tinyint NOT NULL DEFAULT '0',
  `department_id` bigint unsigned DEFAULT NULL,
  `role_id` bigint unsigned DEFAULT NULL,
  `company_id` bigint unsigned DEFAULT NULL,
  `status` tinyint NOT NULL DEFAULT '1',
  `civil_status` varchar(255) COLLATE utf8mb4_unicode_ci DEFAULT NULL,
  `number_children` int DEFAULT NULL,
  `image_id` varchar(255) COLLATE utf8mb4_unicode_ci DEFAULT NULL,
  `remember_token` varchar(100) COLLATE utf8mb4_unicode_ci DEFAULT NULL,
  `created_at` timestamp NULL DEFAULT NULL,
  `updated_at` timestamp NULL DEFAULT NULL,
  PRIMARY KEY (`id`),
  UNIQUE KEY `users_email_unique` (`email`)
) ENGINE=InnoDB AUTO_INCREMENT=315 DEFAULT CHARSET=utf8mb4 COLLATE=utf8mb4_unicode_ci;

--
-- Dumping data for table `users`
--

INSERT INTO `users` VALUES (1,'Admin Admin',NULL,'admin@admin.com',NULL,NULL,'$2y$10$8g.vPCjEVlLzrS9TS5KGg.LCOl6XZsRjoVY7ogq0C/xe0jt3F5iLi',NULL,NULL,NULL,NULL,NULL,NULL,NULL,NULL,NULL,0,NULL,1,NULL,1,NULL,NULL,NULL,NULL,'2024-03-24 16:11:25','2024-03-24 16:11:25'),(2,'Test Admin updated',NULL,'test@admin.com','0508785652',NULL,'$2y$10$AhvYM9vX0bpfEMW3ansyTO4aBON7iG0z23mCLzTxLTTSpCpI.5eDa',NULL,NULL,NULL,NULL,NULL,NULL,NULL,NULL,NULL,0,NULL,2,NULL,1,NULL,NULL,NULL,NULL,'2024-03-30 16:09:01','2024-03-30 16:24:38'),(3,'dhia','Dhiaeddine','dhia@dhia.com','52213169',NULL,'$2y$10$H0jki3/RtDSspS1pO5hAOOjiIQPzeEUqbEh/5oWo6Q6Pf1y83Y9BK',NULL,NULL,NULL,NULL,NULL,NULL,NULL,NULL,NULL,0,NULL,3,1,1,'single',0,NULL,NULL,'2024-04-23 18:33:26','2024-05-05 08:51:26'),(4,'dhia','test_0001','test@dhia.com','555555',NULL,'$2y$10$gtQNUpGpM/DPsaKkUZDwBeD8lVXKrhWM1z8EIby2ypp8vkhnPM2HO',1,'08-05-2000',NULL,NULL,NULL,NULL,NULL,NULL,'tunis',0,NULL,3,2,1,'married',1,'1',NULL,'2024-05-01 09:29:41','2024-05-08 02:38:21'),(5,NULL,'test_0002',NULL,NULL,NULL,'$2y$10$zbtNiUT/pPB60d6mFe6eYeapb1pxNIsj56NaWmwDzILHxrF1u9EXC',NULL,NULL,NULL,NULL,NULL,NULL,NULL,NULL,NULL,0,NULL,3,2,1,NULL,NULL,NULL,NULL,'2024-05-01 09:29:41','2024-05-01 09:29:41'),(6,NULL,'test_0003',NULL,NULL,NULL,'$2y$10$qF8Mp9HdvWmsATHxcSapUehJrfU7eIvmdXLIDNTE/gFyI7FDIXE2u',NULL,NULL,NULL,NULL,NULL,NULL,NULL,NULL,NULL,0,NULL,3,2,1,NULL,NULL,NULL,NULL,'2024-05-01 09:29:41','2024-05-01 09:29:41'),(7,NULL,'test_0004',NULL,NULL,NULL,'$2y$10$CPukOifsZml.tdl.bsNlNuNdL114dsEUqQjecct/bVOPI.TByHXcK',NULL,NULL,NULL,NULL,NULL,NULL,NULL,NULL,NULL,0,NULL,3,2,1,NULL,NULL,NULL,NULL,'2024-05-01 09:29:41','2024-05-01 09:29:41'),(8,NULL,'test_0005',NULL,NULL,NULL,'$2y$10$vcL6x2FEA7vb0RLqDbZ6z.OLTYKqAx0Pk7oWsqyGVybAJMvBNVZ.i',NULL,NULL,NULL,NULL,NULL,NULL,NULL,NULL,NULL,0,NULL,3,2,1,NULL,NULL,NULL,NULL,'2024-05-01 09:29:41','2024-05-01 09:29:41'),(9,NULL,'test_0006',NULL,NULL,NULL,'$2y$10$y2W2qkEJdU5qqSQGdku/EOctqNcY4QueubMHUGp6gD.H3RNR/7vQ6',NULL,NULL,NULL,NULL,NULL,NULL,NULL,NULL,NULL,0,NULL,3,2,1,NULL,NULL,NULL,NULL,'2024-05-01 09:29:41','2024-05-01 09:29:41'),(10,NULL,'test_0007',NULL,NULL,NULL,'$2y$10$X8jtxeMNI8i.Gy33DUtk9eCquF26f26GgoeXIcb0Ty26YZgoXC6eK',NULL,NULL,NULL,NULL,NULL,NULL,NULL,NULL,NULL,0,NULL,3,2,1,NULL,NULL,NULL,NULL,'2024-05-01 09:29:41','2024-05-01 09:29:41'),(11,NULL,'test_0008',NULL,NULL,NULL,'$2y$10$5GBqGmjlZc3L8MbRwMU1we4ppxSSAnT6xTFs9Z3wjRE8xLC8NhnRq',NULL,NULL,NULL,NULL,NULL,NULL,NULL,NULL,NULL,0,NULL,3,2,1,NULL,NULL,NULL,NULL,'2024-05-01 09:29:41','2024-05-01 09:29:41'),(12,NULL,'test_0009',NULL,NULL,NULL,'$2y$10$7BGmTcSK9p4NFvFh4ad6seu1qLB7zaeTibchA5vc9mEBsZ6.U/brC',NULL,NULL,NULL,NULL,NULL,NULL,NULL,NULL,NULL,0,NULL,3,2,1,NULL,NULL,NULL,NULL,'2024-05-01 09:29:41','2024-05-01 09:29:41'),(13,NULL,'test_0010',NULL,NULL,NULL,'$2y$10$h/ez0tcI.vDiqIF80sbgKO2TLSKqBr5HRNVpwKCKuvpnfxFO0vkmW',NULL,NULL,NULL,NULL,NULL,NULL,NULL,NULL,NULL,0,NULL,3,2,1,NULL,NULL,NULL,NULL,'2024-05-01 09:29:41','2024-05-01 09:29:41'),(14,'dhiaedidine',NULL,'dhia@dev.com','52213169',NULL,'$2y$10$BBsq0n5vfTvyDUiIxXnATevJowVVKGkyxMWpGDAus87CN3wv.q1AO',NULL,NULL,NULL,NULL,NULL,NULL,NULL,NULL,NULL,0,NULL,3,1,1,'single',0,NULL,NULL,'2024-05-01 14:55:28','2024-05-01 14:55:28'),(15,NULL,'test FF_0001',NULL,NULL,NULL,'$2y$10$A6y7omTHoD3ObxOX025o0Or01zLWbC73Nh2LEZvLAmOexPGBIagTG',NULL,NULL,NULL,NULL,NULL,NULL,NULL,NULL,NULL,0,NULL,3,2,1,NULL,NULL,NULL,NULL,'2024-05-01 15:30:16','2024-05-01 15:30:16'),(16,NULL,'test FF_0002',NULL,NULL,NULL,'$2y$10$gF2b53.Tm4QRwjny7n3jmeOacGuzGkH8pUj6HDZxk2NbG591qyHly',NULL,NULL,NULL,NULL,NULL,NULL,NULL,NULL,NULL,0,NULL,3,2,1,NULL,NULL,NULL,NULL,'2024-05-01 15:30:16','2024-05-01 15:30:16'),(17,NULL,'test FF_0003',NULL,NULL,NULL,'$2y$10$5n0zHes1JcHwtQ2y1RPaIO0Hc4o203u4Fprvg4a98LOKY6HYuA0uW',NULL,NULL,NULL,NULL,NULL,NULL,NULL,NULL,NULL,0,NULL,3,2,1,NULL,NULL,NULL,NULL,'2024-05-01 15:30:17','2024-05-01 15:30:17'),(18,NULL,'test FF_0004',NULL,NULL,NULL,'$2y$10$J3miFcv4VWVMT6DJkF3gwus.ere1Q9LNgRF2UtdBuaYDRXLNTSupS',NULL,NULL,NULL,NULL,NULL,NULL,NULL,NULL,NULL,0,NULL,3,2,1,NULL,NULL,NULL,NULL,'2024-05-01 15:30:17','2024-05-01 15:30:17'),(19,NULL,'test FF_0005',NULL,NULL,NULL,'$2y$10$uXcWYh.qoyZ7Aw8Ba.eIXuB7zzmwCqR3cUGnuRli3R9cFayTPhBFC',NULL,NULL,NULL,NULL,NULL,NULL,NULL,NULL,NULL,0,NULL,3,2,1,NULL,NULL,NULL,NULL,'2024-05-01 15:30:17','2024-05-01 15:30:17'),(20,NULL,'test FF_0006',NULL,NULL,NULL,'$2y$10$CTe3kLV/wAYGE0gyoFKeYOh9CzaFTmaA9r7mtJfOFSHJR.q0tUWhi',NULL,NULL,NULL,NULL,NULL,NULL,NULL,NULL,NULL,0,NULL,3,2,1,NULL,NULL,NULL,NULL,'2024-05-01 15:30:17','2024-05-01 15:30:17'),(21,NULL,'test FF_0007',NULL,NULL,NULL,'$2y$10$KJmGWp5YrapnBCGQgpXdouK9FTZgljaP0AQNnnu8Pel5M/2RcGgfm',NULL,NULL,NULL,NULL,NULL,NULL,NULL,NULL,NULL,0,NULL,3,2,1,NULL,NULL,NULL,NULL,'2024-05-01 15:30:17','2024-05-01 15:30:17'),(22,NULL,'test FF_0008',NULL,NULL,NULL,'$2y$10$CIQBeJn2i/ltw.dsDTVZyuEV.U2O2yQQiJIBEgQw9pLBsAhHRWEa2',NULL,NULL,NULL,NULL,NULL,NULL,NULL,NULL,NULL,0,NULL,3,2,1,NULL,NULL,NULL,NULL,'2024-05-01 15:30:17','2024-05-01 15:30:17'),(23,NULL,'test FF_0009',NULL,NULL,NULL,'$2y$10$Ok.Okqn3OGIFKiVa7HO5sORUSTlM4ja8DMU.coFCK3Fo8MdmkERkO',NULL,NULL,NULL,NULL,NULL,NULL,NULL,NULL,NULL,0,NULL,3,2,1,NULL,NULL,NULL,NULL,'2024-05-01 15:30:17','2024-05-01 15:30:17'),(24,NULL,'test FF_0010',NULL,NULL,NULL,'$2y$10$V1yVYHR.dJYd7O7ykiJWiO2N9iEQo3djXsKqyUoUPkuQ2fEjgqDy2',NULL,NULL,NULL,NULL,NULL,NULL,NULL,NULL,NULL,0,NULL,3,2,1,NULL,NULL,NULL,NULL,'2024-05-01 15:30:17','2024-05-01 15:30:17'),(25,NULL,'test FF_0011',NULL,NULL,NULL,'$2y$10$Q.IURT8MptVWfQ.ActYF/eqa5B.FFpOX0ue9YXwb0XfsZWVAPAgVC',NULL,NULL,NULL,NULL,NULL,NULL,NULL,NULL,NULL,0,NULL,3,2,1,NULL,NULL,NULL,NULL,'2024-05-01 15:30:17','2024-05-01 15:30:17'),(26,NULL,'test FF_0012',NULL,NULL,NULL,'$2y$10$ye4a0xv3BZDEkw2TZm6W2.ZsPn3Dt8iI0eDSdW4xSLdeoc5mluiC2',NULL,NULL,NULL,NULL,NULL,NULL,NULL,NULL,NULL,0,NULL,3,2,1,NULL,NULL,NULL,NULL,'2024-05-01 15:30:17','2024-05-01 15:30:17'),(27,NULL,'test FF_0013',NULL,NULL,NULL,'$2y$10$GX67iaJTUsoBBBkFo1fhzOCP.ipRloFJ12em9zna66wuEqvcON.Ym',NULL,NULL,NULL,NULL,NULL,NULL,NULL,NULL,NULL,0,NULL,3,2,1,NULL,NULL,NULL,NULL,'2024-05-01 15:30:17','2024-05-01 15:30:17'),(28,NULL,'test FF_0014',NULL,NULL,NULL,'$2y$10$mtOd1ullZYMcRSqE.3ya8.CEeJh3sToYnX8RcCEXMdtSXUXen4Nau',NULL,NULL,NULL,NULL,NULL,NULL,NULL,NULL,NULL,0,NULL,3,2,1,NULL,NULL,NULL,NULL,'2024-05-01 15:30:17','2024-05-01 15:30:17'),(29,NULL,'test FF_0015',NULL,NULL,NULL,'$2y$10$C.q0RmRnVZi8ZqvPxdXwLeXAtiyk0Pzeb7Y5Xhkg/PQjMdVqlLCuG',NULL,NULL,NULL,NULL,NULL,NULL,NULL,NULL,NULL,0,NULL,3,2,1,NULL,NULL,NULL,NULL,'2024-05-01 15:30:17','2024-05-01 15:30:17'),(30,NULL,'test FF_0016',NULL,NULL,NULL,'$2y$10$/hkrA9dyJVJxXSbDC6u5XOCgyAqxwx9VbizodwP.8GRDkgqwFBk.K',NULL,NULL,NULL,NULL,NULL,NULL,NULL,NULL,NULL,0,NULL,3,2,1,NULL,NULL,NULL,NULL,'2024-05-01 15:30:17','2024-05-01 15:30:17'),(31,NULL,'test FF_0017',NULL,NULL,NULL,'$2y$10$67cNoVDew7kKS/9/jw5DlufkTGJVTIFEH8fcmTHvRbokc0Of1.ohm',NULL,NULL,NULL,NULL,NULL,NULL,NULL,NULL,NULL,0,NULL,3,2,1,NULL,NULL,NULL,NULL,'2024-05-01 15:30:18','2024-05-01 15:30:18'),(32,NULL,'test FF_0018',NULL,NULL,NULL,'$2y$10$JtGH1rLniMDiikhLxmF7reNcTO6XkgWqw0yGhP8JY6FgX3yO6ONIC',NULL,NULL,NULL,NULL,NULL,NULL,NULL,NULL,NULL,0,NULL,3,2,1,NULL,NULL,NULL,NULL,'2024-05-01 15:30:18','2024-05-01 15:30:18'),(33,NULL,'test FF_0019',NULL,NULL,NULL,'$2y$10$rbkSMvbgC16mv.pzawwt7uMMp88/dC1MQIVo7ydG9GFuF4kOMMsr2',NULL,NULL,NULL,NULL,NULL,NULL,NULL,NULL,NULL,0,NULL,3,2,1,NULL,NULL,NULL,NULL,'2024-05-01 15:30:18','2024-05-01 15:30:18'),(34,NULL,'test FF_0020',NULL,NULL,NULL,'$2y$10$XZitp.vkk5WIQ0n1M.sQhuG8B.vvUQNKeuI8Jb.TbqsK1cIEAQjJW',NULL,NULL,NULL,NULL,NULL,NULL,NULL,NULL,NULL,0,NULL,3,2,1,NULL,NULL,NULL,NULL,'2024-05-01 15:30:18','2024-05-01 15:30:18'),(35,NULL,'test FF_0021',NULL,NULL,NULL,'$2y$10$awkLAXAjeddYlkE1zTs86.YyYr6srGIygukQOpIlZaRx3LdZMyXZi',NULL,NULL,NULL,NULL,NULL,NULL,NULL,NULL,NULL,0,NULL,3,2,1,NULL,NULL,NULL,NULL,'2024-05-01 15:30:18','2024-05-01 15:30:18'),(36,NULL,'test FF_0022',NULL,NULL,NULL,'$2y$10$PLWnFkJDiLoKEoiBNedBD.S.naEP0clkklK8LxxS1dF6Of33J.p0W',NULL,NULL,NULL,NULL,NULL,NULL,NULL,NULL,NULL,0,NULL,3,2,1,NULL,NULL,NULL,NULL,'2024-05-01 15:30:18','2024-05-01 15:30:18'),(37,NULL,'test FF_0023',NULL,NULL,NULL,'$2y$10$PtVUK3LtXs0xsfswfHw2.OFHmw2UhwVTHIJWnHo2/FNISUgUeQNBi',NULL,NULL,NULL,NULL,NULL,NULL,NULL,NULL,NULL,0,NULL,3,2,1,NULL,NULL,NULL,NULL,'2024-05-01 15:30:18','2024-05-01 15:30:18'),(38,NULL,'test FF_0024',NULL,NULL,NULL,'$2y$10$l1D/R5ZWFlCkq/HoJFQoTeDo63/urpEq0JDDZTydBrkEEuC.C61pK',NULL,NULL,NULL,NULL,NULL,NULL,NULL,NULL,NULL,0,NULL,3,2,1,NULL,NULL,NULL,NULL,'2024-05-01 15:30:18','2024-05-01 15:30:18'),(39,NULL,'test FF_0025',NULL,NULL,NULL,'$2y$10$.t.m0NnCRQv.TIVIDy3XH.zdajZ9VFddnsGm6wboOMzZwTsnoeKGm',NULL,NULL,NULL,NULL,NULL,NULL,NULL,NULL,NULL,0,NULL,3,2,1,NULL,NULL,NULL,NULL,'2024-05-01 15:30:18','2024-05-01 15:30:18'),(40,NULL,'test FF_0026',NULL,NULL,NULL,'$2y$10$J8s0HIcOg.57O0ZrS9uv5OTDjY5QANgt0xdZEMIUZaI1LYCZl89ou',NULL,NULL,NULL,NULL,NULL,NULL,NULL,NULL,NULL,0,NULL,3,2,1,NULL,NULL,NULL,NULL,'2024-05-01 15:30:18','2024-05-01 15:30:18'),(41,NULL,'test FF_0027',NULL,NULL,NULL,'$2y$10$DMzsMLmBVkPcfNYgfWJt3O.YXEdL70XukKbFeHBjEwPSJA/Muj8Sq',NULL,NULL,NULL,NULL,NULL,NULL,NULL,NULL,NULL,0,NULL,3,2,1,NULL,NULL,NULL,NULL,'2024-05-01 15:30:18','2024-05-01 15:30:18'),(42,NULL,'test FF_0028',NULL,NULL,NULL,'$2y$10$MEcBvD9kB6.MoXcY/oP8FObqlpGdGYOirfBNdHWpN.ddVckKzR29G',NULL,NULL,NULL,NULL,NULL,NULL,NULL,NULL,NULL,0,NULL,3,2,1,NULL,NULL,NULL,NULL,'2024-05-01 15:30:18','2024-05-01 15:30:18'),(43,NULL,'test FF_0029',NULL,NULL,NULL,'$2y$10$npJ9LW8iUT1ZyR8nAfDZmeaD6U46GNaGIcGhW0oNI0oeMZWWOqwYa',NULL,NULL,NULL,NULL,NULL,NULL,NULL,NULL,NULL,0,NULL,3,2,1,NULL,NULL,NULL,NULL,'2024-05-01 15:30:19','2024-05-01 15:30:19'),(44,NULL,'test FF_0030',NULL,NULL,NULL,'$2y$10$5L5IUTPymhJJBu8UtuWlB.VeZ0sA4dkYAWB5lUXx.7P0Niy4R3sCu',NULL,NULL,NULL,NULL,NULL,NULL,NULL,NULL,NULL,0,NULL,3,2,1,NULL,NULL,NULL,NULL,'2024-05-01 15:30:19','2024-05-01 15:30:19'),(45,NULL,'test FF_0031',NULL,NULL,NULL,'$2y$10$Eu1Ra6rZt1so33I7dff8qugm3fRHRm5ss6J.dwbhaI9Uu6ZOPwYmi',NULL,NULL,NULL,NULL,NULL,NULL,NULL,NULL,NULL,0,NULL,3,2,1,NULL,NULL,NULL,NULL,'2024-05-01 15:30:19','2024-05-01 15:30:19'),(46,NULL,'test FF_0032',NULL,NULL,NULL,'$2y$10$RHlDduQr1fTjypi99wZl0ONj97s5CK4gEaswb56vUtLZkbiY5/pUC',NULL,NULL,NULL,NULL,NULL,NULL,NULL,NULL,NULL,0,NULL,3,2,1,NULL,NULL,NULL,NULL,'2024-05-01 15:30:19','2024-05-01 15:30:19'),(47,NULL,'test FF_0033',NULL,NULL,NULL,'$2y$10$8ve0vUlBRENkkUJwgXizKuZCiCQQ1knP70RpmPaSHYcGT8Q2.tQW6',NULL,NULL,NULL,NULL,NULL,NULL,NULL,NULL,NULL,0,NULL,3,2,1,NULL,NULL,NULL,NULL,'2024-05-01 15:30:19','2024-05-01 15:30:19'),(48,NULL,'test FF_0034',NULL,NULL,NULL,'$2y$10$6GkI9/VDn7nCTWKGEJWb2ucNoEkmxBqEFe6AiFGXnPLgPRPK/4VvW',NULL,NULL,NULL,NULL,NULL,NULL,NULL,NULL,NULL,0,NULL,3,2,1,NULL,NULL,NULL,NULL,'2024-05-01 15:30:19','2024-05-01 15:30:19'),(49,NULL,'test FF_0035',NULL,NULL,NULL,'$2y$10$.tr8j90lV5xaRoWun7zO1uZyfhC423agSriRZtaiUL5fP9P2.DJR6',NULL,NULL,NULL,NULL,NULL,NULL,NULL,NULL,NULL,0,NULL,3,2,1,NULL,NULL,NULL,NULL,'2024-05-01 15:30:19','2024-05-01 15:30:19'),(50,NULL,'test FF_0036',NULL,NULL,NULL,'$2y$10$nYtTaTThtJz4kFuNRucQEuFt7hX4wA1Wl08PgeLs/thSc1OHWeZQC',NULL,NULL,NULL,NULL,NULL,NULL,NULL,NULL,NULL,0,NULL,3,2,1,NULL,NULL,NULL,NULL,'2024-05-01 15:30:19','2024-05-01 15:30:19'),(51,NULL,'test FF_0037',NULL,NULL,NULL,'$2y$10$IE0LELqL2Tpue4HcH.HaL.UBOc6CJKBBfGpf37rG1Oy/UdzAM8VDe',NULL,NULL,NULL,NULL,NULL,NULL,NULL,NULL,NULL,0,NULL,3,2,1,NULL,NULL,NULL,NULL,'2024-05-01 15:30:19','2024-05-01 15:30:19'),(52,NULL,'test FF_0038',NULL,NULL,NULL,'$2y$10$BGhgqTxjCi/0EPruTB/hMeEIIY3ZJv3QXSFtZLMlmDsSJ6dVtiNu.',NULL,NULL,NULL,NULL,NULL,NULL,NULL,NULL,NULL,0,NULL,3,2,1,NULL,NULL,NULL,NULL,'2024-05-01 15:30:19','2024-05-01 15:30:19'),(53,NULL,'test FF_0039',NULL,NULL,NULL,'$2y$10$Zpnab24rc.7OhbWJo0KM1.mQJlDDP3c3YSaRoxZOYtU35DAJmHxfG',NULL,NULL,NULL,NULL,NULL,NULL,NULL,NULL,NULL,0,NULL,3,2,1,NULL,NULL,NULL,NULL,'2024-05-01 15:30:19','2024-05-01 15:30:19'),(54,NULL,'test FF_0040',NULL,NULL,NULL,'$2y$10$HhrQ.EBdbsOlkiZ/7rA37O7TN3yztPgrD9rQClHAzqE0Z3b52o5.e',NULL,NULL,NULL,NULL,NULL,NULL,NULL,NULL,NULL,0,NULL,3,2,1,NULL,NULL,NULL,NULL,'2024-05-01 15:30:20','2024-05-01 15:30:20'),(55,NULL,'test FF_0041',NULL,NULL,NULL,'$2y$10$TiFea..ZeZNLLmwqMSamwONKGFDUhA6aq9HhBbfovmwFawRWBQMiS',NULL,NULL,NULL,NULL,NULL,NULL,NULL,NULL,NULL,0,NULL,3,2,1,NULL,NULL,NULL,NULL,'2024-05-01 15:30:20','2024-05-01 15:30:20'),(56,NULL,'test FF_0042',NULL,NULL,NULL,'$2y$10$RF//lVct73ckjUlnV6H11eXiVhtb/8sNwKCZpvgRWjglp.3L9/OGG',NULL,NULL,NULL,NULL,NULL,NULL,NULL,NULL,NULL,0,NULL,3,2,1,NULL,NULL,NULL,NULL,'2024-05-01 15:30:20','2024-05-01 15:30:20'),(57,NULL,'test FF_0043',NULL,NULL,NULL,'$2y$10$1h9g/3vXNVxrw4XlJS0IAuOlQeRE5/goVdhlDW.4Y5IRaCnuz2dea',NULL,NULL,NULL,NULL,NULL,NULL,NULL,NULL,NULL,0,NULL,3,2,1,NULL,NULL,NULL,NULL,'2024-05-01 15:30:20','2024-05-01 15:30:20'),(58,NULL,'test FF_0044',NULL,NULL,NULL,'$2y$10$/kbgJsCGTyU/siLW85dVE.psi8z9UtuJv2x7QzfKjyfS8pWz0Hgxm',NULL,NULL,NULL,NULL,NULL,NULL,NULL,NULL,NULL,0,NULL,3,2,1,NULL,NULL,NULL,NULL,'2024-05-01 15:30:20','2024-05-01 15:30:20'),(59,NULL,'test FF_0045',NULL,NULL,NULL,'$2y$10$9nCSZoK4nCa6WAaj8CEdl.2Id3gT/StzdMU..fg/9SOY9CDTFDXtW',NULL,NULL,NULL,NULL,NULL,NULL,NULL,NULL,NULL,0,NULL,3,2,1,NULL,NULL,NULL,NULL,'2024-05-01 15:30:20','2024-05-01 15:30:20'),(60,NULL,'test FF_0046',NULL,NULL,NULL,'$2y$10$dB.G31FJT..JX8ebcVOpXe/iCchUat.ZXegM4ICTBxXSlnES7rzXS',NULL,NULL,NULL,NULL,NULL,NULL,NULL,NULL,NULL,0,NULL,3,2,1,NULL,NULL,NULL,NULL,'2024-05-01 15:30:20','2024-05-01 15:30:20'),(61,NULL,'test FF_0047',NULL,NULL,NULL,'$2y$10$qumDqZ/xGOZjmBMq5WXE/OVnNjXC16Yen6W9dLMZZH4Q0ydtEmXwG',NULL,NULL,NULL,NULL,NULL,NULL,NULL,NULL,NULL,0,NULL,3,2,1,NULL,NULL,NULL,NULL,'2024-05-01 15:30:20','2024-05-01 15:30:20'),(62,NULL,'test FF_0048',NULL,NULL,NULL,'$2y$10$ci1PN4mUVsJhRBPjvqY2AehoPdOOpQ76wVuo4UA8muMj8J15IlkxG',NULL,NULL,NULL,NULL,NULL,NULL,NULL,NULL,NULL,0,NULL,3,2,1,NULL,NULL,NULL,NULL,'2024-05-01 15:30:20','2024-05-01 15:30:20'),(63,NULL,'test FF_0049',NULL,NULL,NULL,'$2y$10$z/BKdggByrB7sMhNXtUcwO07WwqK5Dtj6DpO9ppkIFlwfe8aU/OJi',NULL,NULL,NULL,NULL,NULL,NULL,NULL,NULL,NULL,0,NULL,3,2,1,NULL,NULL,NULL,NULL,'2024-05-01 15:30:21','2024-05-01 15:30:21'),(64,NULL,'test FF_0050',NULL,NULL,NULL,'$2y$10$UC4ad4XwydOr4t2om48og.GYIvX7QeH4lGt7iTGMAzbKSGTBLLTsa',NULL,NULL,NULL,NULL,NULL,NULL,NULL,NULL,NULL,0,NULL,3,2,1,NULL,NULL,NULL,NULL,'2024-05-01 15:30:21','2024-05-01 15:30:21'),(65,NULL,'test FF_0001',NULL,NULL,NULL,'$2y$10$3jAUTNa7fQhlFYfYGr7jw.Ax/xV2X4ZjIbv8njXrZJvARIl.RvRJG',NULL,NULL,NULL,NULL,NULL,NULL,NULL,NULL,NULL,0,NULL,3,2,1,NULL,NULL,NULL,NULL,'2024-05-01 15:30:16','2024-05-01 15:30:16'),(66,NULL,'test FF_0002',NULL,NULL,NULL,'$2y$10$3EQBpJ9qWpHLgGd5CBiA/e3O9nULsm5xpqhr//1izspxJF6lGk/eC',NULL,NULL,NULL,NULL,NULL,NULL,NULL,NULL,NULL,0,NULL,3,2,1,NULL,NULL,NULL,NULL,'2024-05-01 15:30:17','2024-05-01 15:30:17'),(67,NULL,'test FF_0003',NULL,NULL,NULL,'$2y$10$qGC3CwJUO4WvR2gIXu3IU.8DzEdNQvlO9/SObGqVujg3BSDhPELyO',NULL,NULL,NULL,NULL,NULL,NULL,NULL,NULL,NULL,0,NULL,3,2,1,NULL,NULL,NULL,NULL,'2024-05-01 15:30:17','2024-05-01 15:30:17'),(68,NULL,'test FF_0004',NULL,NULL,NULL,'$2y$10$VVEA.PlCRX0ACrKYrgcaUOF8AyczfYS5fc72POOUH//suoDzX7ahO',NULL,NULL,NULL,NULL,NULL,NULL,NULL,NULL,NULL,0,NULL,3,2,1,NULL,NULL,NULL,NULL,'2024-05-01 15:30:17','2024-05-01 15:30:17'),(69,NULL,'test FF_0005',NULL,NULL,NULL,'$2y$10$V79.WgG.kZR2LxoolXouM.Ienrx.iKRxAFKyIVbSLzn1YSCjg0Vbm',NULL,NULL,NULL,NULL,NULL,NULL,NULL,NULL,NULL,0,NULL,3,2,1,NULL,NULL,NULL,NULL,'2024-05-01 15:30:17','2024-05-01 15:30:17'),(70,NULL,'test FF_0006',NULL,NULL,NULL,'$2y$10$iGNI7k.szEbsVrUQ1d6YPecEUTw9zE4gLz75UQn6dHmhDx17c2n86',NULL,NULL,NULL,NULL,NULL,NULL,NULL,NULL,NULL,0,NULL,3,2,1,NULL,NULL,NULL,NULL,'2024-05-01 15:30:17','2024-05-01 15:30:17'),(71,NULL,'test FF_0007',NULL,NULL,NULL,'$2y$10$/StcE1qTwjq/YuBfQZWMluz8EKEp93UeBjq3.FrabcW5YAgszoBCu',NULL,NULL,NULL,NULL,NULL,NULL,NULL,NULL,NULL,0,NULL,3,2,1,NULL,NULL,NULL,NULL,'2024-05-01 15:30:17','2024-05-01 15:30:17'),(72,NULL,'test FF_0008',NULL,NULL,NULL,'$2y$10$MyVzhFzSoceKQp44gAbrJe0PPCukOkysryuW0kI3iV62ZVTLj28/e',NULL,NULL,NULL,NULL,NULL,NULL,NULL,NULL,NULL,0,NULL,3,2,1,NULL,NULL,NULL,NULL,'2024-05-01 15:30:17','2024-05-01 15:30:17'),(73,NULL,'test FF_0009',NULL,NULL,NULL,'$2y$10$ikTWdkgrwh/x.XiyzThAyOv5K8Z9/vALMj/HBpG.r7Q4n6KrfMQIq',NULL,NULL,NULL,NULL,NULL,NULL,NULL,NULL,NULL,0,NULL,3,2,1,NULL,NULL,NULL,NULL,'2024-05-01 15:30:17','2024-05-01 15:30:17'),(74,NULL,'test FF_0010',NULL,NULL,NULL,'$2y$10$00XOcB7fU44JCHcbVYQuJOxG/MTpgqIor5.0Vq7Znbo/Tm8IJCtVC',NULL,NULL,NULL,NULL,NULL,NULL,NULL,NULL,NULL,0,NULL,3,2,1,NULL,NULL,NULL,NULL,'2024-05-01 15:30:17','2024-05-01 15:30:17'),(75,NULL,'test FF_0011',NULL,NULL,NULL,'$2y$10$vty6iFYIjLc2fAoWZdNMEuRwa1mIHToBw0pRppLnfDrKt3QarO6L6',NULL,NULL,NULL,NULL,NULL,NULL,NULL,NULL,NULL,0,NULL,3,2,1,NULL,NULL,NULL,NULL,'2024-05-01 15:30:17','2024-05-01 15:30:17'),(76,NULL,'test FF_0012',NULL,NULL,NULL,'$2y$10$xm.nvmSoXgT0Kua1wJkNMOl1FaT959aMcStpFl8bEH3LfaAknpCgO',NULL,NULL,NULL,NULL,NULL,NULL,NULL,NULL,NULL,0,NULL,3,2,1,NULL,NULL,NULL,NULL,'2024-05-01 15:30:17','2024-05-01 15:30:17'),(77,NULL,'test FF_0013',NULL,NULL,NULL,'$2y$10$vdqIuNVCNLkaBp9E29yH7e3TDfabHchFQTmNN0e4pIR6C9WXfqkf.',NULL,NULL,NULL,NULL,NULL,NULL,NULL,NULL,NULL,0,NULL,3,2,1,NULL,NULL,NULL,NULL,'2024-05-01 15:30:17','2024-05-01 15:30:17'),(78,NULL,'test FF_0014',NULL,NULL,NULL,'$2y$10$XOWB94TM8QmdgrFW6MAIaO6EwZ2irDpxXFj67I/bq1YezK5YQn0q.',NULL,NULL,NULL,NULL,NULL,NULL,NULL,NULL,NULL,0,NULL,3,2,1,NULL,NULL,NULL,NULL,'2024-05-01 15:30:17','2024-05-01 15:30:17'),(79,NULL,'test FF_0015',NULL,NULL,NULL,'$2y$10$NOQIM1VcQxqorhZwgT8znu2GH2qveSWNGuZWRnZkWZ7HLrGZ7Tf.S',NULL,NULL,NULL,NULL,NULL,NULL,NULL,NULL,NULL,0,NULL,3,2,1,NULL,NULL,NULL,NULL,'2024-05-01 15:30:18','2024-05-01 15:30:18'),(80,NULL,'test FF_0016',NULL,NULL,NULL,'$2y$10$D6f2LEw8p0mxBLhPA4BEeO2RtGpNhGL2hakVc0rbE/Swx1F6G/3Aa',NULL,NULL,NULL,NULL,NULL,NULL,NULL,NULL,NULL,0,NULL,3,2,1,NULL,NULL,NULL,NULL,'2024-05-01 15:30:18','2024-05-01 15:30:18'),(81,NULL,'test FF_0017',NULL,NULL,NULL,'$2y$10$KxIf/BB8efqlCJfdZxQKWeHlXVl5J.VczF/7VSNeY9iXeobiqDKAK',NULL,NULL,NULL,NULL,NULL,NULL,NULL,NULL,NULL,0,NULL,3,2,1,NULL,NULL,NULL,NULL,'2024-05-01 15:30:18','2024-05-01 15:30:18'),(82,NULL,'test FF_0018',NULL,NULL,NULL,'$2y$10$XrC0m.pBWuhyoqb5MpGEMOIhtirE9u6FImqeBPJZds2baPbzSTpWm',NULL,NULL,NULL,NULL,NULL,NULL,NULL,NULL,NULL,0,NULL,3,2,1,NULL,NULL,NULL,NULL,'2024-05-01 15:30:18','2024-05-01 15:30:18'),(83,NULL,'test FF_0019',NULL,NULL,NULL,'$2y$10$NqG9hNzc0Qc9DR7SaJcglenkCsMyHBIsV4dnAa6hpZsf7WxSmYqwm',NULL,NULL,NULL,NULL,NULL,NULL,NULL,NULL,NULL,0,NULL,3,2,1,NULL,NULL,NULL,NULL,'2024-05-01 15:30:18','2024-05-01 15:30:18'),(84,NULL,'test FF_0020',NULL,NULL,NULL,'$2y$10$ytax3Pj2p4C0AEREeT3RluNCtUsEccw1q2/mnmBJYLk8xC77blxxO',NULL,NULL,NULL,NULL,NULL,NULL,NULL,NULL,NULL,0,NULL,3,2,1,NULL,NULL,NULL,NULL,'2024-05-01 15:30:18','2024-05-01 15:30:18'),(85,NULL,'test FF_0021',NULL,NULL,NULL,'$2y$10$/GKG81T6jDSG3tVSmM.mBuYoBEc1a9/af/8eulM.2cV1rDZNrWi7O',NULL,NULL,NULL,NULL,NULL,NULL,NULL,NULL,NULL,0,NULL,3,2,1,NULL,NULL,NULL,NULL,'2024-05-01 15:30:18','2024-05-01 15:30:18'),(86,NULL,'test FF_0022',NULL,NULL,NULL,'$2y$10$Wd0.TXObAatdoPF.xVML5.YfF3GwtVD3hm2ZzW.IuVMXk5U3cihQe',NULL,NULL,NULL,NULL,NULL,NULL,NULL,NULL,NULL,0,NULL,3,2,1,NULL,NULL,NULL,NULL,'2024-05-01 15:30:18','2024-05-01 15:30:18'),(87,NULL,'test FF_0023',NULL,NULL,NULL,'$2y$10$iga9utKnKy2uvPpmNIHfE.YWPP3KDqBaEh0yQsLTYLw1sAMMh5oHa',NULL,NULL,NULL,NULL,NULL,NULL,NULL,NULL,NULL,0,NULL,3,2,1,NULL,NULL,NULL,NULL,'2024-05-01 15:30:18','2024-05-01 15:30:18'),(88,NULL,'test FF_0024',NULL,NULL,NULL,'$2y$10$BjhTqrHidZLhe89/Qkk4yuyGD8SaAo2dJoFpQBwBqTYJ/bxvXOW7C',NULL,NULL,NULL,NULL,NULL,NULL,NULL,NULL,NULL,0,NULL,3,2,1,NULL,NULL,NULL,NULL,'2024-05-01 15:30:19','2024-05-01 15:30:19'),(89,NULL,'test FF_0025',NULL,NULL,NULL,'$2y$10$M5tnDj2wR2W.s0V2cd5IOud.1zK5evbJVlj7ZPEoIos8Eb1DQqcoi',NULL,NULL,NULL,NULL,NULL,NULL,NULL,NULL,NULL,0,NULL,3,2,1,NULL,NULL,NULL,NULL,'2024-05-01 15:30:19','2024-05-01 15:30:19'),(90,NULL,'test FF_0026',NULL,NULL,NULL,'$2y$10$Bne82I/CDLaqDW9HFMXUweJ8wRp0XI/m1SegYULIwv4mlxVP8smiW',NULL,NULL,NULL,NULL,NULL,NULL,NULL,NULL,NULL,0,NULL,3,2,1,NULL,NULL,NULL,NULL,'2024-05-01 15:30:19','2024-05-01 15:30:19'),(91,NULL,'test FF_0027',NULL,NULL,NULL,'$2y$10$tJt13RFIrgZG5aTbjzvXeOqC1zKK/y.JN1lOz9WrCVx3OumFPF4re',NULL,NULL,NULL,NULL,NULL,NULL,NULL,NULL,NULL,0,NULL,3,2,1,NULL,NULL,NULL,NULL,'2024-05-01 15:30:19','2024-05-01 15:30:19'),(92,NULL,'test FF_0028',NULL,NULL,NULL,'$2y$10$4.zLQXUCZOuSSfDfEHcz9e5qayl7/h1vgJev5POKEYVqlqJpVJSTS',NULL,NULL,NULL,NULL,NULL,NULL,NULL,NULL,NULL,0,NULL,3,2,1,NULL,NULL,NULL,NULL,'2024-05-01 15:30:19','2024-05-01 15:30:19'),(93,NULL,'test FF_0029',NULL,NULL,NULL,'$2y$10$m/LglIsgsvlGkVWXTvQBteEiU/bmLlmvPIJZrPt/axQFuhDxnNEhi',NULL,NULL,NULL,NULL,NULL,NULL,NULL,NULL,NULL,0,NULL,3,2,1,NULL,NULL,NULL,NULL,'2024-05-01 15:30:19','2024-05-01 15:30:19'),(94,NULL,'test FF_0030',NULL,NULL,NULL,'$2y$10$K3lnjfirqz8QzvL5.9va4e.9IukX2mgrV7y.Itx3EJn9Rk0cvLCf6',NULL,NULL,NULL,NULL,NULL,NULL,NULL,NULL,NULL,0,NULL,3,2,1,NULL,NULL,NULL,NULL,'2024-05-01 15:30:19','2024-05-01 15:30:19'),(95,NULL,'test FF_0031',NULL,NULL,NULL,'$2y$10$BsiufOJMy8eoztPb7e/uoeLaQkXvZ53oQJ5HIeMtaHDHfBlPXW1mS',NULL,NULL,NULL,NULL,NULL,NULL,NULL,NULL,NULL,0,NULL,3,2,1,NULL,NULL,NULL,NULL,'2024-05-01 15:30:19','2024-05-01 15:30:19'),(96,NULL,'test FF_0032',NULL,NULL,NULL,'$2y$10$dRuW/7pErRHOEl4tTdKGYeSMV4AnJtgnApVo8cuRTIpjhSTLapitW',NULL,NULL,NULL,NULL,NULL,NULL,NULL,NULL,NULL,0,NULL,3,2,1,NULL,NULL,NULL,NULL,'2024-05-01 15:30:19','2024-05-01 15:30:19'),(97,NULL,'test FF_0033',NULL,NULL,NULL,'$2y$10$m5T3H4sXuQ/r2LdJcQBMZeWIacc3oKw96fdL.Z7d9feZ2oRbR8vOG',NULL,NULL,NULL,NULL,NULL,NULL,NULL,NULL,NULL,0,NULL,3,2,1,NULL,NULL,NULL,NULL,'2024-05-01 15:30:19','2024-05-01 15:30:19'),(98,NULL,'test FF_0034',NULL,NULL,NULL,'$2y$10$ZLXqCQgMfYllk5N2sUBS3uHIQenc065qcHnuEDD4S8n7DRuj39FQ6',NULL,NULL,NULL,NULL,NULL,NULL,NULL,NULL,NULL,0,NULL,3,2,1,NULL,NULL,NULL,NULL,'2024-05-01 15:30:19','2024-05-01 15:30:19'),(99,NULL,'test FF_0035',NULL,NULL,NULL,'$2y$10$.0EZuFMrxhbPII2Ve0EJs.sdGnS8et0J8NmTGeyTQkDI6qKstwyZS',NULL,NULL,NULL,NULL,NULL,NULL,NULL,NULL,NULL,0,NULL,3,2,1,NULL,NULL,NULL,NULL,'2024-05-01 15:30:19','2024-05-01 15:30:19'),(100,NULL,'test FF_0036',NULL,NULL,NULL,'$2y$10$yeZLNdeaNiW/2YHqgXeeTeE72OBVMMwK4KUWr9o14rKJlTacfV4GG',NULL,NULL,NULL,NULL,NULL,NULL,NULL,NULL,NULL,0,NULL,3,2,1,NULL,NULL,NULL,NULL,'2024-05-01 15:30:19','2024-05-01 15:30:19'),(101,NULL,'test FF_0037',NULL,NULL,NULL,'$2y$10$guh/iNzFvYtGMYcQlsSCoeayZNfon27qga6fv2ArEzOAvEJZLr3I2',NULL,NULL,NULL,NULL,NULL,NULL,NULL,NULL,NULL,0,NULL,3,2,1,NULL,NULL,NULL,NULL,'2024-05-01 15:30:20','2024-05-01 15:30:20'),(102,NULL,'test FF_0038',NULL,NULL,NULL,'$2y$10$2b.EUGOxY.oLb8g7OV/PeeZC16YdI/AE5PiunjT05bkXtM.UIdjTi',NULL,NULL,NULL,NULL,NULL,NULL,NULL,NULL,NULL,0,NULL,3,2,1,NULL,NULL,NULL,NULL,'2024-05-01 15:30:20','2024-05-01 15:30:20'),(103,NULL,'test FF_0039',NULL,NULL,NULL,'$2y$10$/kTyIKOEP7mHFPEnpKE85.0PZRHSpeRRaJ62Zyh0LPZCvWMV2G44G',NULL,NULL,NULL,NULL,NULL,NULL,NULL,NULL,NULL,0,NULL,3,2,1,NULL,NULL,NULL,NULL,'2024-05-01 15:30:20','2024-05-01 15:30:20'),(104,NULL,'test FF_0040',NULL,NULL,NULL,'$2y$10$4IZKdR3ngryGgnEZ.EVko.l6osaTX8sOrhQYOzT.R1UedV.Ilo4Gm',NULL,NULL,NULL,NULL,NULL,NULL,NULL,NULL,NULL,0,NULL,3,2,1,NULL,NULL,NULL,NULL,'2024-05-01 15:30:20','2024-05-01 15:30:20'),(105,NULL,'test FF_0041',NULL,NULL,NULL,'$2y$10$N3tV9IKB0GAAjlJ/AMcipebGxEGHonQdm5MKaIBfr2t94btU6tttm',NULL,NULL,NULL,NULL,NULL,NULL,NULL,NULL,NULL,0,NULL,3,2,1,NULL,NULL,NULL,NULL,'2024-05-01 15:30:20','2024-05-01 15:30:20'),(106,NULL,'test FF_0042',NULL,NULL,NULL,'$2y$10$XZSt.XOTZLlbmCfihakSV.lYlueXl4AMIkeEx.lJq8lR/mlnAFWD.',NULL,NULL,NULL,NULL,NULL,NULL,NULL,NULL,NULL,0,NULL,3,2,1,NULL,NULL,NULL,NULL,'2024-05-01 15:30:20','2024-05-01 15:30:20'),(107,NULL,'test FF_0043',NULL,NULL,NULL,'$2y$10$rCoFYh8ug79l9Kj12lZnVONFhDgYlC2fRMOIIzRLVz5zdRw1UnS3W',NULL,NULL,NULL,NULL,NULL,NULL,NULL,NULL,NULL,0,NULL,3,2,1,NULL,NULL,NULL,NULL,'2024-05-01 15:30:20','2024-05-01 15:30:20'),(108,NULL,'test FF_0044',NULL,NULL,NULL,'$2y$10$CHxq44lodgxRXNBnqRX09.bJ6JGhrEd2k8RHmeJdTTZO8J3IVFXE2',NULL,NULL,NULL,NULL,NULL,NULL,NULL,NULL,NULL,0,NULL,3,2,1,NULL,NULL,NULL,NULL,'2024-05-01 15:30:20','2024-05-01 15:30:20'),(109,NULL,'test FF_0045',NULL,NULL,NULL,'$2y$10$EgJJVFxCrIg9NK9ceTxc..TwUBOfx3sV7QhvSEpJG9lNb9qxnXpQq',NULL,NULL,NULL,NULL,NULL,NULL,NULL,NULL,NULL,0,NULL,3,2,1,NULL,NULL,NULL,NULL,'2024-05-01 15:30:20','2024-05-01 15:30:20'),(110,NULL,'test FF_0046',NULL,NULL,NULL,'$2y$10$su0/Oc60pnoX/f7q.TQez.A8VJNJYNRooKGtnoALzjnzjPcvpeQH.',NULL,NULL,NULL,NULL,NULL,NULL,NULL,NULL,NULL,0,NULL,3,2,1,NULL,NULL,NULL,NULL,'2024-05-01 15:30:20','2024-05-01 15:30:20'),(111,NULL,'test FF_0047',NULL,NULL,NULL,'$2y$10$J7I4RuaiTbHeeIyaPAKtduhdKa2pWDczNkEObA.fr8uovUT2fejh6',NULL,NULL,NULL,NULL,NULL,NULL,NULL,NULL,NULL,0,NULL,3,2,1,NULL,NULL,NULL,NULL,'2024-05-01 15:30:21','2024-05-01 15:30:21'),(112,NULL,'test FF_0048',NULL,NULL,NULL,'$2y$10$zgaIe8YvXnvFCcaxIqNTwu/eq9zzvMrmvJlVLmgqWhmrPOMVRH8sy',NULL,NULL,NULL,NULL,NULL,NULL,NULL,NULL,NULL,0,NULL,3,2,1,NULL,NULL,NULL,NULL,'2024-05-01 15:30:21','2024-05-01 15:30:21'),(113,NULL,'test FF_0049',NULL,NULL,NULL,'$2y$10$UnDyH4wyxBwUdbamicxjv.s1tYK1IWBrQB/0MSjfX4L9SaAMq4GcS',NULL,NULL,NULL,NULL,NULL,NULL,NULL,NULL,NULL,0,NULL,3,2,1,NULL,NULL,NULL,NULL,'2024-05-01 15:30:21','2024-05-01 15:30:21'),(114,NULL,'test FF_0050',NULL,NULL,NULL,'$2y$10$18.UVPEz2n6da3HvxNcq.eUHtAISU5/Z4XgDZEEb5D1ds1GmKjabW',NULL,NULL,NULL,NULL,NULL,NULL,NULL,NULL,NULL,0,NULL,3,2,1,NULL,NULL,NULL,NULL,'2024-05-01 15:30:21','2024-05-01 15:30:21'),(115,NULL,'test FF_0001',NULL,NULL,NULL,'$2y$10$s.zm9dlfEMxynX/fexgw..yPGAD0bB8hz28vANX8bd73NYei/R0Fa',NULL,NULL,NULL,NULL,NULL,NULL,NULL,NULL,NULL,0,NULL,3,2,1,NULL,NULL,NULL,NULL,'2024-05-01 15:30:17','2024-05-01 15:30:17'),(116,NULL,'test FF_0002',NULL,NULL,NULL,'$2y$10$xF7scs/.C7vqqLIv4tY2luLEO48y/9m4u8eqgDjl8orDEjaHqGrdK',NULL,NULL,NULL,NULL,NULL,NULL,NULL,NULL,NULL,0,NULL,3,2,1,NULL,NULL,NULL,NULL,'2024-05-01 15:30:17','2024-05-01 15:30:17'),(117,NULL,'test FF_0003',NULL,NULL,NULL,'$2y$10$CzK2LMcqrIrkf.2I8UMmVe7frp4Cg10TfxD1UAwd7RhSu9lCdpcGa',NULL,NULL,NULL,NULL,NULL,NULL,NULL,NULL,NULL,0,NULL,3,2,1,NULL,NULL,NULL,NULL,'2024-05-01 15:30:17','2024-05-01 15:30:17'),(118,NULL,'test FF_0004',NULL,NULL,NULL,'$2y$10$s87JMwt6l4GQzBg4jgnzFu03NTwIEqfq5/shMWq5sxF1xdGaABRbm',NULL,NULL,NULL,NULL,NULL,NULL,NULL,NULL,NULL,0,NULL,3,2,1,NULL,NULL,NULL,NULL,'2024-05-01 15:30:17','2024-05-01 15:30:17'),(119,NULL,'test FF_0005',NULL,NULL,NULL,'$2y$10$QQViETOMoxBUqC9P3G8VCOJ6xCTJ5lkNs2uLJvGyqcOz6NHP4/8gG',NULL,NULL,NULL,NULL,NULL,NULL,NULL,NULL,NULL,0,NULL,3,2,1,NULL,NULL,NULL,NULL,'2024-05-01 15:30:17','2024-05-01 15:30:17'),(120,NULL,'test FF_0006',NULL,NULL,NULL,'$2y$10$QMVxBxVoBbBInPKP/TeXhOqXOz3CytH1nCdur6D3aOLf6KdGmWH0O',NULL,NULL,NULL,NULL,NULL,NULL,NULL,NULL,NULL,0,NULL,3,2,1,NULL,NULL,NULL,NULL,'2024-05-01 15:30:18','2024-05-01 15:30:18'),(121,NULL,'test FF_0007',NULL,NULL,NULL,'$2y$10$1rSt.cusXIlYtNBPZqPILeto12dYU9OEpG6OMMCdm1wQRNeQxETxm',NULL,NULL,NULL,NULL,NULL,NULL,NULL,NULL,NULL,0,NULL,3,2,1,NULL,NULL,NULL,NULL,'2024-05-01 15:30:18','2024-05-01 15:30:18'),(122,NULL,'test FF_0008',NULL,NULL,NULL,'$2y$10$yP7dC0POT6E3yKIJoyBzjuo3ejD3hu8i69kK7b0pVT943/EcFdG/i',NULL,NULL,NULL,NULL,NULL,NULL,NULL,NULL,NULL,0,NULL,3,2,1,NULL,NULL,NULL,NULL,'2024-05-01 15:30:18','2024-05-01 15:30:18'),(123,NULL,'test FF_0009',NULL,NULL,NULL,'$2y$10$qISnrw5oxEXCnsAXbER7f.6X9D4XLYpNvIv7QT8eJwZ3aoFwdBO8K',NULL,NULL,NULL,NULL,NULL,NULL,NULL,NULL,NULL,0,NULL,3,2,1,NULL,NULL,NULL,NULL,'2024-05-01 15:30:18','2024-05-01 15:30:18'),(124,NULL,'test FF_0010',NULL,NULL,NULL,'$2y$10$ITfiyHzZi0N6FMEQonPNZ.RPtr5HZvv4BDij7hEAFZ.kn6MxPvzUG',NULL,NULL,NULL,NULL,NULL,NULL,NULL,NULL,NULL,0,NULL,3,2,1,NULL,NULL,NULL,NULL,'2024-05-01 15:30:18','2024-05-01 15:30:18'),(125,NULL,'test FF_0011',NULL,NULL,NULL,'$2y$10$ULCkJGBnk1FtHbn80Dkrs.ZLFvpMZu5Ct0hobNRcWnEJy6WusChYy',NULL,NULL,NULL,NULL,NULL,NULL,NULL,NULL,NULL,0,NULL,3,2,1,NULL,NULL,NULL,NULL,'2024-05-01 15:30:18','2024-05-01 15:30:18'),(126,NULL,'test FF_0012',NULL,NULL,NULL,'$2y$10$9lcyCG8u4SY3SfaV9B.2UOqPvUcrb4pARFlcoEWWq0F7WMTCsrZs2',NULL,NULL,NULL,NULL,NULL,NULL,NULL,NULL,NULL,0,NULL,3,2,1,NULL,NULL,NULL,NULL,'2024-05-01 15:30:18','2024-05-01 15:30:18'),(127,NULL,'test FF_0013',NULL,NULL,NULL,'$2y$10$D9Ue4b1HU98gU3uEQdhipuhaj7GtSxgBF4VrU6v5nfL8ySzt7U3Bi',NULL,NULL,NULL,NULL,NULL,NULL,NULL,NULL,NULL,0,NULL,3,2,1,NULL,NULL,NULL,NULL,'2024-05-01 15:30:18','2024-05-01 15:30:18'),(128,NULL,'test FF_0014',NULL,NULL,NULL,'$2y$10$69WI.Y1D7oPJP8TZS./FTe4HeRuJQo.THUGzsyOqyg9lQbaMA8agC',NULL,NULL,NULL,NULL,NULL,NULL,NULL,NULL,NULL,0,NULL,3,2,1,NULL,NULL,NULL,NULL,'2024-05-01 15:30:18','2024-05-01 15:30:18'),(129,NULL,'test FF_0015',NULL,NULL,NULL,'$2y$10$ni56kBy6MKE7KUkyff6wOOlHZQxFo5oeU932mq.b6HXpCi.oJOpYy',NULL,NULL,NULL,NULL,NULL,NULL,NULL,NULL,NULL,0,NULL,3,2,1,NULL,NULL,NULL,NULL,'2024-05-01 15:30:18','2024-05-01 15:30:18'),(130,NULL,'test FF_0016',NULL,NULL,NULL,'$2y$10$pwWA0O8IXpQ/REDP5BuVJuz5G4UvrAaIOSg/E9lRT2EdN7kTNRLra',NULL,NULL,NULL,NULL,NULL,NULL,NULL,NULL,NULL,0,NULL,3,2,1,NULL,NULL,NULL,NULL,'2024-05-01 15:30:18','2024-05-01 15:30:18'),(131,NULL,'test FF_0017',NULL,NULL,NULL,'$2y$10$/PlIh2A63EYYdcuLzesQSuuof1mTZqS//jNxGSuuX83lLSVnnQrCu',NULL,NULL,NULL,NULL,NULL,NULL,NULL,NULL,NULL,0,NULL,3,2,1,NULL,NULL,NULL,NULL,'2024-05-01 15:30:18','2024-05-01 15:30:18'),(132,NULL,'test FF_0018',NULL,NULL,NULL,'$2y$10$M3zEUzCFA0xwJP12GXpegO/WWEKHRJp0ShmjuX5a.cHzRfk0iekkC',NULL,NULL,NULL,NULL,NULL,NULL,NULL,NULL,NULL,0,NULL,3,2,1,NULL,NULL,NULL,NULL,'2024-05-01 15:30:19','2024-05-01 15:30:19'),(133,NULL,'test FF_0019',NULL,NULL,NULL,'$2y$10$LMHln1Ty52nlqiFlqeoAyuZHsRWAkXfvrhm7XkgmawByUvc0dJ5aW',NULL,NULL,NULL,NULL,NULL,NULL,NULL,NULL,NULL,0,NULL,3,2,1,NULL,NULL,NULL,NULL,'2024-05-01 15:30:19','2024-05-01 15:30:19'),(134,NULL,'test FF_0020',NULL,NULL,NULL,'$2y$10$fdlzL/MD3pzE7CXM5IjS6em01yUcHuwKfULVmpgPCkEu9XiNeuOTu',NULL,NULL,NULL,NULL,NULL,NULL,NULL,NULL,NULL,0,NULL,3,2,1,NULL,NULL,NULL,NULL,'2024-05-01 15:30:19','2024-05-01 15:30:19'),(135,NULL,'test FF_0021',NULL,NULL,NULL,'$2y$10$pUZ5tm5wjLr435TdDXySMevSXSgQzNFCcrfR5er.M5DmkFz9nqaLW',NULL,NULL,NULL,NULL,NULL,NULL,NULL,NULL,NULL,0,NULL,3,2,1,NULL,NULL,NULL,NULL,'2024-05-01 15:30:19','2024-05-01 15:30:19'),(136,NULL,'test FF_0022',NULL,NULL,NULL,'$2y$10$hHmJeYWpHHe7ifi3.cKPwemEkzi6sxEtksfhDaRjmXDiqlQx1GZhi',NULL,NULL,NULL,NULL,NULL,NULL,NULL,NULL,NULL,0,NULL,3,2,1,NULL,NULL,NULL,NULL,'2024-05-01 15:30:19','2024-05-01 15:30:19'),(137,NULL,'test FF_0023',NULL,NULL,NULL,'$2y$10$vXkc3nHQgIagLDYqcp/NCOuZvikEJLxbzr8CyfzYNkOju8LIJQmr2',NULL,NULL,NULL,NULL,NULL,NULL,NULL,NULL,NULL,0,NULL,3,2,1,NULL,NULL,NULL,NULL,'2024-05-01 15:30:19','2024-05-01 15:30:19'),(138,NULL,'test FF_0024',NULL,NULL,NULL,'$2y$10$L3vTQHUUmr3gNS92f1a/Le.ivc7SgJdMRuC0/vzwp5e/A6jVENU9u',NULL,NULL,NULL,NULL,NULL,NULL,NULL,NULL,NULL,0,NULL,3,2,1,NULL,NULL,NULL,NULL,'2024-05-01 15:30:19','2024-05-01 15:30:19'),(139,NULL,'test FF_0025',NULL,NULL,NULL,'$2y$10$cYYpZc.S6Hqy1TDdau3ua.ato.B28znuXRiPzrqPNpCJXfSKfxFGS',NULL,NULL,NULL,NULL,NULL,NULL,NULL,NULL,NULL,0,NULL,3,2,1,NULL,NULL,NULL,NULL,'2024-05-01 15:30:19','2024-05-01 15:30:19'),(140,NULL,'test FF_0026',NULL,NULL,NULL,'$2y$10$.wfPNfZQLatMdwYnpDvgFOSjcbEBwUIpDT6MmwtNwGab.YHjuX4/y',NULL,NULL,NULL,NULL,NULL,NULL,NULL,NULL,NULL,0,NULL,3,2,1,NULL,NULL,NULL,NULL,'2024-05-01 15:30:19','2024-05-01 15:30:19'),(141,NULL,'test FF_0027',NULL,NULL,NULL,'$2y$10$/LfYWGpQs/aaGpBpHpVvVeGpFYGNQ2sUnT0yh/XsRK2OslWGaQTBq',NULL,NULL,NULL,NULL,NULL,NULL,NULL,NULL,NULL,0,NULL,3,2,1,NULL,NULL,NULL,NULL,'2024-05-01 15:30:19','2024-05-01 15:30:19'),(142,NULL,'test FF_0028',NULL,NULL,NULL,'$2y$10$8tgCvKDuaB4QVtM9CJmj2u4OQPQ4NNY9zOqDerMGef6IFa//CRovK',NULL,NULL,NULL,NULL,NULL,NULL,NULL,NULL,NULL,0,NULL,3,2,1,NULL,NULL,NULL,NULL,'2024-05-01 15:30:20','2024-05-01 15:30:20'),(143,NULL,'test FF_0029',NULL,NULL,NULL,'$2y$10$MQkQqL.eozs3wtEpLlt0IeogZeEUXMMnRRdaxUHee.WhOiQvw3gmy',NULL,NULL,NULL,NULL,NULL,NULL,NULL,NULL,NULL,0,NULL,3,2,1,NULL,NULL,NULL,NULL,'2024-05-01 15:30:20','2024-05-01 15:30:20'),(144,NULL,'test FF_0030',NULL,NULL,NULL,'$2y$10$iwY0PRe1W3hktfRknMee2.Bsu2j6XuSItvXb5kcykcTd2aAeQB2da',NULL,NULL,NULL,NULL,NULL,NULL,NULL,NULL,NULL,0,NULL,3,2,1,NULL,NULL,NULL,NULL,'2024-05-01 15:30:20','2024-05-01 15:30:20'),(145,NULL,'test FF_0031',NULL,NULL,NULL,'$2y$10$MgXLiJgGNQee8bcZ8Ti1WemRTvECeK.1AIAZDTfYeAXdjWx7BqLr.',NULL,NULL,NULL,NULL,NULL,NULL,NULL,NULL,NULL,0,NULL,3,2,1,NULL,NULL,NULL,NULL,'2024-05-01 15:30:20','2024-05-01 15:30:20'),(146,NULL,'test FF_0032',NULL,NULL,NULL,'$2y$10$er416uwyik6Wrs3jgYc5De5cT7FVi8tUTluQAPB/RpoymoBHs2Bm2',NULL,NULL,NULL,NULL,NULL,NULL,NULL,NULL,NULL,0,NULL,3,2,1,NULL,NULL,NULL,NULL,'2024-05-01 15:30:20','2024-05-01 15:30:20'),(147,NULL,'test FF_0033',NULL,NULL,NULL,'$2y$10$IqGJBrw21hunBRWr.3gkRebmFIcVilz4mVpztE/XOKagKJkOvlEJq',NULL,NULL,NULL,NULL,NULL,NULL,NULL,NULL,NULL,0,NULL,3,2,1,NULL,NULL,NULL,NULL,'2024-05-01 15:30:20','2024-05-01 15:30:20'),(148,NULL,'test FF_0034',NULL,NULL,NULL,'$2y$10$Tuk4HevYNGow3nzsOWBbAOBNsjRe9eOOUeQ6n2UihBHYfV1ZTcNIq',NULL,NULL,NULL,NULL,NULL,NULL,NULL,NULL,NULL,0,NULL,3,2,1,NULL,NULL,NULL,NULL,'2024-05-01 15:30:20','2024-05-01 15:30:20'),(149,NULL,'test FF_0035',NULL,NULL,NULL,'$2y$10$JUtWO1V1b2VxqexJhXaZaO6xF.8xuWTRrxDxjZN3fzAACe/1RueWC',NULL,NULL,NULL,NULL,NULL,NULL,NULL,NULL,NULL,0,NULL,3,2,1,NULL,NULL,NULL,NULL,'2024-05-01 15:30:20','2024-05-01 15:30:20'),(150,NULL,'test FF_0036',NULL,NULL,NULL,'$2y$10$X/C7ulOtESRGyQvV24iqdu96lZD0XLt8uk98ib0GbbztodAk.Tx8C',NULL,NULL,NULL,NULL,NULL,NULL,NULL,NULL,NULL,0,NULL,3,2,1,NULL,NULL,NULL,NULL,'2024-05-01 15:30:20','2024-05-01 15:30:20'),(151,NULL,'test FF_0037',NULL,NULL,NULL,'$2y$10$ZTl6Fb/gsRCjI8T5wy0Yk./DpNxvMt0pWpCF3N7Bq7OwHRzdHF4yq',NULL,NULL,NULL,NULL,NULL,NULL,NULL,NULL,NULL,0,NULL,3,2,1,NULL,NULL,NULL,NULL,'2024-05-01 15:30:20','2024-05-01 15:30:20'),(152,NULL,'test FF_0038',NULL,NULL,NULL,'$2y$10$3FzDY5DgJPtaCM0uqOzdqufcTotqgDlzlvf9ze/.xuOiWScjJTCxa',NULL,NULL,NULL,NULL,NULL,NULL,NULL,NULL,NULL,0,NULL,3,2,1,NULL,NULL,NULL,NULL,'2024-05-01 15:30:21','2024-05-01 15:30:21'),(153,NULL,'test FF_0039',NULL,NULL,NULL,'$2y$10$Pkz6eAB1geLurWQYw1twOuvMnuplxEGxXF/ruDpr2bmNX6Dez.RhO',NULL,NULL,NULL,NULL,NULL,NULL,NULL,NULL,NULL,0,NULL,3,2,1,NULL,NULL,NULL,NULL,'2024-05-01 15:30:21','2024-05-01 15:30:21'),(154,NULL,'test FF_0040',NULL,NULL,NULL,'$2y$10$4vUwdbcR8BCf/9NPx4EmuOIgKZOzAL6dDj/ep9VJidzuupAD5oqjS',NULL,NULL,NULL,NULL,NULL,NULL,NULL,NULL,NULL,0,NULL,3,2,1,NULL,NULL,NULL,NULL,'2024-05-01 15:30:21','2024-05-01 15:30:21'),(155,NULL,'test FF_0041',NULL,NULL,NULL,'$2y$10$ImXbDSuWUm/F7gNqbUdYuuzA5pBtUQThbFXkp5TXCFY47RvnYOSRe',NULL,NULL,NULL,NULL,NULL,NULL,NULL,NULL,NULL,0,NULL,3,2,1,NULL,NULL,NULL,NULL,'2024-05-01 15:30:21','2024-05-01 15:30:21'),(156,NULL,'test FF_0042',NULL,NULL,NULL,'$2y$10$JORBKNSRPo.ZrqEh5TB.NuK/smr/Z81q48B08hsg2NEfpdFcH7cB6',NULL,NULL,NULL,NULL,NULL,NULL,NULL,NULL,NULL,0,NULL,3,2,1,NULL,NULL,NULL,NULL,'2024-05-01 15:30:21','2024-05-01 15:30:21'),(157,NULL,'test FF_0043',NULL,NULL,NULL,'$2y$10$1L9zcrKoyWTMDwjfR7gaz.HKvFTq1ag/LEXY7Gl/qHF9DSr0IclVO',NULL,NULL,NULL,NULL,NULL,NULL,NULL,NULL,NULL,0,NULL,3,2,1,NULL,NULL,NULL,NULL,'2024-05-01 15:30:21','2024-05-01 15:30:21'),(158,NULL,'test FF_0044',NULL,NULL,NULL,'$2y$10$rW1YRwBNSR8asrrlMXRZe.YJG9CxSrWinxoYe8kGfpB2RZAAstnPS',NULL,NULL,NULL,NULL,NULL,NULL,NULL,NULL,NULL,0,NULL,3,2,1,NULL,NULL,NULL,NULL,'2024-05-01 15:30:21','2024-05-01 15:30:21'),(159,NULL,'test FF_0045',NULL,NULL,NULL,'$2y$10$vfESTLPj0irtaMVFSSiGAOtgXaxug1w2gM6gtqjpkJmRdk6csRefe',NULL,NULL,NULL,NULL,NULL,NULL,NULL,NULL,NULL,0,NULL,3,2,1,NULL,NULL,NULL,NULL,'2024-05-01 15:30:21','2024-05-01 15:30:21'),(160,NULL,'test FF_0046',NULL,NULL,NULL,'$2y$10$nm5lH9UvJSM4smCZV8gbXu6uG2sgK4baNEGmESRr3gGN7vvs/7C4q',NULL,NULL,NULL,NULL,NULL,NULL,NULL,NULL,NULL,0,NULL,3,2,1,NULL,NULL,NULL,NULL,'2024-05-01 15:30:21','2024-05-01 15:30:21'),(161,NULL,'test FF_0047',NULL,NULL,NULL,'$2y$10$lXJ6c8.7PzUXFq3HeJvy..2pne6rq1xujbR.bK/mqGsyzOCa91RQK',NULL,NULL,NULL,NULL,NULL,NULL,NULL,NULL,NULL,0,NULL,3,2,1,NULL,NULL,NULL,NULL,'2024-05-01 15:30:22','2024-05-01 15:30:22'),(162,NULL,'test FF_0048',NULL,NULL,NULL,'$2y$10$mF8cqo8LPTgUdQ0yNPBS7Or9xUbBPOKiNV18KwR1Ciuo/QMj31fH6',NULL,NULL,NULL,NULL,NULL,NULL,NULL,NULL,NULL,0,NULL,3,2,1,NULL,NULL,NULL,NULL,'2024-05-01 15:30:22','2024-05-01 15:30:22'),(163,NULL,'test FF_0049',NULL,NULL,NULL,'$2y$10$Av/eMN3Rd6mY7kIsBoviKegk.ZWvOTWS0tF/A12x1fafQQFN5IyQK',NULL,NULL,NULL,NULL,NULL,NULL,NULL,NULL,NULL,0,NULL,3,2,1,NULL,NULL,NULL,NULL,'2024-05-01 15:30:22','2024-05-01 15:30:22'),(164,NULL,'test FF_0050',NULL,NULL,NULL,'$2y$10$J08QxQDNjRcbtvBxSpBUAe3oJK3/NvpoRnZJyGbhz7VEUXmODFSnW',NULL,NULL,NULL,NULL,NULL,NULL,NULL,NULL,NULL,0,NULL,3,2,1,NULL,NULL,NULL,NULL,'2024-05-01 15:30:22','2024-05-01 15:30:22'),(165,NULL,'test FF_0001',NULL,NULL,NULL,'$2y$10$5sKxvdBXeTpE3IhrXZOwpuwMXXvrAzYWu1Uv.WARhnbNkqbXy3hWy',NULL,NULL,NULL,NULL,NULL,NULL,NULL,NULL,NULL,0,NULL,3,2,1,NULL,NULL,NULL,NULL,'2024-05-01 15:30:20','2024-05-01 15:30:20'),(166,NULL,'test FF_0002',NULL,NULL,NULL,'$2y$10$KPkV/bL7MFdtMbazwoZF8OaAYU6kkaYEJqLiGI6ZRGBCWcMX.8OsK',NULL,NULL,NULL,NULL,NULL,NULL,NULL,NULL,NULL,0,NULL,3,2,1,NULL,NULL,NULL,NULL,'2024-05-01 15:30:20','2024-05-01 15:30:20'),(167,NULL,'test FF_0003',NULL,NULL,NULL,'$2y$10$CAEYt85u0FCtWNFN5NbWU.USwwlwGYwWT3qIl8OaHnHNJk8bqv6be',NULL,NULL,NULL,NULL,NULL,NULL,NULL,NULL,NULL,0,NULL,3,2,1,NULL,NULL,NULL,NULL,'2024-05-01 15:30:21','2024-05-01 15:30:21'),(168,NULL,'test FF_0004',NULL,NULL,NULL,'$2y$10$abFs1EYgQiHO3e0hZLtMkuNgJ0DZndaQn0V3PF0Z2kWH/x1m0KV96',NULL,NULL,NULL,NULL,NULL,NULL,NULL,NULL,NULL,0,NULL,3,2,1,NULL,NULL,NULL,NULL,'2024-05-01 15:30:21','2024-05-01 15:30:21'),(169,NULL,'test FF_0005',NULL,NULL,NULL,'$2y$10$DObq2GYyLPfYX1d.vsIs6Oh6wq2X7U7bsM2AVwgJ9N2L2KmUzdIAK',NULL,NULL,NULL,NULL,NULL,NULL,NULL,NULL,NULL,0,NULL,3,2,1,NULL,NULL,NULL,NULL,'2024-05-01 15:30:21','2024-05-01 15:30:21'),(170,NULL,'test FF_0006',NULL,NULL,NULL,'$2y$10$r2HZu4mgHQ.H6Sc8RV3GRuTz2RBDfh4s7m4alFgHJX9RH7qrWk3Ue',NULL,NULL,NULL,NULL,NULL,NULL,NULL,NULL,NULL,0,NULL,3,2,1,NULL,NULL,NULL,NULL,'2024-05-01 15:30:21','2024-05-01 15:30:21'),(171,NULL,'test FF_0007',NULL,NULL,NULL,'$2y$10$3KJD2LqvWrk4anNS/V2wLOGg2H0g5d6XEUt3OBM.eipRdLZ67NeyO',NULL,NULL,NULL,NULL,NULL,NULL,NULL,NULL,NULL,0,NULL,3,2,1,NULL,NULL,NULL,NULL,'2024-05-01 15:30:21','2024-05-01 15:30:21'),(172,NULL,'test FF_0008',NULL,NULL,NULL,'$2y$10$N0EzYGDuII9iLK15XF5t2.nyXjLVCz6DUwZIIf7eaoCR9TbBiFv3S',NULL,NULL,NULL,NULL,NULL,NULL,NULL,NULL,NULL,0,NULL,3,2,1,NULL,NULL,NULL,NULL,'2024-05-01 15:30:21','2024-05-01 15:30:21'),(173,NULL,'test FF_0009',NULL,NULL,NULL,'$2y$10$/jbaU44vcyIsaNLmQj5FGOyM0tnx4iM2DjKh8Y74Sy6FTH0MAH/au',NULL,NULL,NULL,NULL,NULL,NULL,NULL,NULL,NULL,0,NULL,3,2,1,NULL,NULL,NULL,NULL,'2024-05-01 15:30:21','2024-05-01 15:30:21'),(174,NULL,'test FF_0010',NULL,NULL,NULL,'$2y$10$GGi/.5MQ4Qrl4znH8S/xCeC6Y1QQtc09zqAGExC/SwQHgo4cy6cXy',NULL,NULL,NULL,NULL,NULL,NULL,NULL,NULL,NULL,0,NULL,3,2,1,NULL,NULL,NULL,NULL,'2024-05-01 15:30:21','2024-05-01 15:30:21'),(175,NULL,'test FF_0011',NULL,NULL,NULL,'$2y$10$SPvq67RtZzRWfHPj1CPhdO4RbGSSAhlVdj41N..hgE/r.HRdP7dLO',NULL,NULL,NULL,NULL,NULL,NULL,NULL,NULL,NULL,0,NULL,3,2,1,NULL,NULL,NULL,NULL,'2024-05-01 15:30:22','2024-05-01 15:30:22'),(176,NULL,'test FF_0012',NULL,NULL,NULL,'$2y$10$azMHWkkIfj/m8mU3Zx0wn.GQjg5KjuklSOH.yBtBt5Y7LAkCVGs3S',NULL,NULL,NULL,NULL,NULL,NULL,NULL,NULL,NULL,0,NULL,3,2,1,NULL,NULL,NULL,NULL,'2024-05-01 15:30:22','2024-05-01 15:30:22'),(177,NULL,'test FF_0013',NULL,NULL,NULL,'$2y$10$GRBv9dG.Nmd3k5EGDxKzZOrycvrbXmB4K9MbZFdibH/Kd5XcgcYNK',NULL,NULL,NULL,NULL,NULL,NULL,NULL,NULL,NULL,0,NULL,3,2,1,NULL,NULL,NULL,NULL,'2024-05-01 15:30:22','2024-05-01 15:30:22'),(178,NULL,'test FF_0014',NULL,NULL,NULL,'$2y$10$c7vdqSWg2A0b1qbn4/U24uJz.b4RJnOjWCKJOmllA0.kJdMpc8EFS',NULL,NULL,NULL,NULL,NULL,NULL,NULL,NULL,NULL,0,NULL,3,2,1,NULL,NULL,NULL,NULL,'2024-05-01 15:30:22','2024-05-01 15:30:22'),(179,NULL,'test FF_0015',NULL,NULL,NULL,'$2y$10$DmmQm6z2nycCuyqHGfFQ5uUNZME8fdXWJkU9HSk3HQMBcaOBmFZb6',NULL,NULL,NULL,NULL,NULL,NULL,NULL,NULL,NULL,0,NULL,3,2,1,NULL,NULL,NULL,NULL,'2024-05-01 15:30:22','2024-05-01 15:30:22'),(180,NULL,'test FF_0016',NULL,NULL,NULL,'$2y$10$aEgMmnaiXOWTEwcatn8CuO0d9Med2NMjDBMX9Dc2JNH9lqwOp7uWG',NULL,NULL,NULL,NULL,NULL,NULL,NULL,NULL,NULL,0,NULL,3,2,1,NULL,NULL,NULL,NULL,'2024-05-01 15:30:22','2024-05-01 15:30:22'),(181,NULL,'test FF_0017',NULL,NULL,NULL,'$2y$10$tf.LL572UqcX40.xw33h0e70bhqBnpegy33JEooYEFNsqGlybRKA2',NULL,NULL,NULL,NULL,NULL,NULL,NULL,NULL,NULL,0,NULL,3,2,1,NULL,NULL,NULL,NULL,'2024-05-01 15:30:22','2024-05-01 15:30:22'),(182,NULL,'test FF_0018',NULL,NULL,NULL,'$2y$10$5HUDgOSc57BPOEHPpFqcsuBHQW40P4XouQ4O4ySCUD/Yy0wdP2zeW',NULL,NULL,NULL,NULL,NULL,NULL,NULL,NULL,NULL,0,NULL,3,2,1,NULL,NULL,NULL,NULL,'2024-05-01 15:30:22','2024-05-01 15:30:22'),(183,NULL,'test FF_0019',NULL,NULL,NULL,'$2y$10$hagNDOWqy4RnGNrmOZ086.F/SEP2TsVUaON9RUxiH4KcLHekKn9HC',NULL,NULL,NULL,NULL,NULL,NULL,NULL,NULL,NULL,0,NULL,3,2,1,NULL,NULL,NULL,NULL,'2024-05-01 15:30:22','2024-05-01 15:30:22'),(184,NULL,'test FF_0020',NULL,NULL,NULL,'$2y$10$WGoHG5dyi2HXlCxRijarbuGgsDhkvwH9RYBgcmps3K0.9cxtn/I6.',NULL,NULL,NULL,NULL,NULL,NULL,NULL,NULL,NULL,0,NULL,3,2,1,NULL,NULL,NULL,NULL,'2024-05-01 15:30:22','2024-05-01 15:30:22'),(185,NULL,'test FF_0021',NULL,NULL,NULL,'$2y$10$dPdmJF60tGu5T2BBtq8tneaarSgZnUF.umSDrSCc0yN4qXegDk/26',NULL,NULL,NULL,NULL,NULL,NULL,NULL,NULL,NULL,0,NULL,3,2,1,NULL,NULL,NULL,NULL,'2024-05-01 15:30:23','2024-05-01 15:30:23'),(186,NULL,'test FF_0022',NULL,NULL,NULL,'$2y$10$rBwgvzJOzzkaxDpcDPGQIujORRbUrEtezplYWsEamqAxtpj4/iOSy',NULL,NULL,NULL,NULL,NULL,NULL,NULL,NULL,NULL,0,NULL,3,2,1,NULL,NULL,NULL,NULL,'2024-05-01 15:30:23','2024-05-01 15:30:23'),(187,NULL,'test FF_0023',NULL,NULL,NULL,'$2y$10$Q.Kvh6jrly21DMLHSFfUxeWXPStAW0fHyEN8gaaajbdc1zFXEnHnC',NULL,NULL,NULL,NULL,NULL,NULL,NULL,NULL,NULL,0,NULL,3,2,1,NULL,NULL,NULL,NULL,'2024-05-01 15:30:23','2024-05-01 15:30:23'),(188,NULL,'test FF_0024',NULL,NULL,NULL,'$2y$10$EEAdon5lsdOtFmG8hZSwROsRL3E/tHnsg11g2PLlQ868ykxTOyfl.',NULL,NULL,NULL,NULL,NULL,NULL,NULL,NULL,NULL,0,NULL,3,2,1,NULL,NULL,NULL,NULL,'2024-05-01 15:30:23','2024-05-01 15:30:23'),(189,NULL,'test FF_0025',NULL,NULL,NULL,'$2y$10$dOzpPfnm4JA0zkWdtU1Qie8qaon8LWWcz2PAo1E4GRR3gC.aicH9q',NULL,NULL,NULL,NULL,NULL,NULL,NULL,NULL,NULL,0,NULL,3,2,1,NULL,NULL,NULL,NULL,'2024-05-01 15:30:23','2024-05-01 15:30:23'),(190,NULL,'test FF_0026',NULL,NULL,NULL,'$2y$10$tfYh2oA7buxBo4f9Yif6AOlTfn3xPuUTqpndHkgJRfovGLP8RNiMG',NULL,NULL,NULL,NULL,NULL,NULL,NULL,NULL,NULL,0,NULL,3,2,1,NULL,NULL,NULL,NULL,'2024-05-01 15:30:23','2024-05-01 15:30:23'),(191,NULL,'test FF_0027',NULL,NULL,NULL,'$2y$10$N7xdNtBucReWG.xU98DO2eBnbVNGS0QmRQxvqutkR0e.39bi/qnri',NULL,NULL,NULL,NULL,NULL,NULL,NULL,NULL,NULL,0,NULL,3,2,1,NULL,NULL,NULL,NULL,'2024-05-01 15:30:23','2024-05-01 15:30:23'),(192,NULL,'test FF_0028',NULL,NULL,NULL,'$2y$10$4VY3eHi/kuNWOqrfIcvdSutdoDh06m7gVLdPiuT7amR1Z.bOmTFry',NULL,NULL,NULL,NULL,NULL,NULL,NULL,NULL,NULL,0,NULL,3,2,1,NULL,NULL,NULL,NULL,'2024-05-01 15:30:23','2024-05-01 15:30:23'),(193,NULL,'test FF_0029',NULL,NULL,NULL,'$2y$10$CkqdiheILGZRj4a3l9.nHuaKVPSLQLsPWNReLXPAcaIEbNueMx3ZW',NULL,NULL,NULL,NULL,NULL,NULL,NULL,NULL,NULL,0,NULL,3,2,1,NULL,NULL,NULL,NULL,'2024-05-01 15:30:23','2024-05-01 15:30:23'),(194,NULL,'test FF_0030',NULL,NULL,NULL,'$2y$10$Td9zluu.0UNLkJVHNBIQ.uiqhiZVWHYXSlD/iAKBC0B0SOyYwxoNe',NULL,NULL,NULL,NULL,NULL,NULL,NULL,NULL,NULL,0,NULL,3,2,1,NULL,NULL,NULL,NULL,'2024-05-01 15:30:23','2024-05-01 15:30:23'),(195,NULL,'test FF_0031',NULL,NULL,NULL,'$2y$10$yXwlR/b/QWNueTd3fQO2ru4Ewx/m5UTU2D/x9jZyUzulwRxk1r.Oa',NULL,NULL,NULL,NULL,NULL,NULL,NULL,NULL,NULL,0,NULL,3,2,1,NULL,NULL,NULL,NULL,'2024-05-01 15:30:23','2024-05-01 15:30:23'),(196,NULL,'test FF_0032',NULL,NULL,NULL,'$2y$10$0dsilEgS4NmBdshd8Ar/O.vSMYMIchiuag888Ecr5MxLSQKmvh.1.',NULL,NULL,NULL,NULL,NULL,NULL,NULL,NULL,NULL,0,NULL,3,2,1,NULL,NULL,NULL,NULL,'2024-05-01 15:30:23','2024-05-01 15:30:23'),(197,NULL,'test FF_0033',NULL,NULL,NULL,'$2y$10$sbeC9X1ntjk7aXGZUVj0DeauRKmmynl8klkZikSTkNXToqt1WC/TC',NULL,NULL,NULL,NULL,NULL,NULL,NULL,NULL,NULL,0,NULL,3,2,1,NULL,NULL,NULL,NULL,'2024-05-01 15:30:23','2024-05-01 15:30:23'),(198,NULL,'test FF_0034',NULL,NULL,NULL,'$2y$10$DSe3Ly.BgbRCnUOab93ZIOpDgjGkwKGMgtcrEsOkyLjFau8V00k3.',NULL,NULL,NULL,NULL,NULL,NULL,NULL,NULL,NULL,0,NULL,3,2,1,NULL,NULL,NULL,NULL,'2024-05-01 15:30:24','2024-05-01 15:30:24'),(199,NULL,'test FF_0035',NULL,NULL,NULL,'$2y$10$nQr/UQ0EAUS3a4FNWDNlOeDpHzk.2XciSzs3170FC2dUglaGXSbf.',NULL,NULL,NULL,NULL,NULL,NULL,NULL,NULL,NULL,0,NULL,3,2,1,NULL,NULL,NULL,NULL,'2024-05-01 15:30:24','2024-05-01 15:30:24'),(200,NULL,'test FF_0036',NULL,NULL,NULL,'$2y$10$S090yyFYxv7kYEbjFi0KP./QivwLq72gXuK7yWcSA2hGlBYJstvaq',NULL,NULL,NULL,NULL,NULL,NULL,NULL,NULL,NULL,0,NULL,3,2,1,NULL,NULL,NULL,NULL,'2024-05-01 15:30:24','2024-05-01 15:30:24'),(201,NULL,'test FF_0037',NULL,NULL,NULL,'$2y$10$gFMbrpr8.Ia8pwqsGg6R6eOGssLGumIUovLO8Q6K4czetSn4UNvlG',NULL,NULL,NULL,NULL,NULL,NULL,NULL,NULL,NULL,0,NULL,3,2,1,NULL,NULL,NULL,NULL,'2024-05-01 15:30:24','2024-05-01 15:30:24'),(202,NULL,'test FF_0038',NULL,NULL,NULL,'$2y$10$EqHf7DyBO7sBKly05cMOXuoTxmpWNLAks9QoLsRDf0Hn8m2UHp42e',NULL,NULL,NULL,NULL,NULL,NULL,NULL,NULL,NULL,0,NULL,3,2,1,NULL,NULL,NULL,NULL,'2024-05-01 15:30:24','2024-05-01 15:30:24'),(203,NULL,'test FF_0039',NULL,NULL,NULL,'$2y$10$eKW5wBvtr606vjxTEhxX1eV5RZ8YasXFWl0nEvSPJTxcAVsanveAG',NULL,NULL,NULL,NULL,NULL,NULL,NULL,NULL,NULL,0,NULL,3,2,1,NULL,NULL,NULL,NULL,'2024-05-01 15:30:24','2024-05-01 15:30:24'),(204,NULL,'test FF_0040',NULL,NULL,NULL,'$2y$10$p.nV1i5MRUTO8znksdxvfO21DwEoCngqtGthzIno7SLhrQqUGL83W',NULL,NULL,NULL,NULL,NULL,NULL,NULL,NULL,NULL,0,NULL,3,2,1,NULL,NULL,NULL,NULL,'2024-05-01 15:30:24','2024-05-01 15:30:24'),(205,NULL,'test FF_0041',NULL,NULL,NULL,'$2y$10$A.ItUl1LEi3RNVsU3ucatels1nGk4Jdf7U1V1E6NuQVA/lSVXyoIO',NULL,NULL,NULL,NULL,NULL,NULL,NULL,NULL,NULL,0,NULL,3,2,1,NULL,NULL,NULL,NULL,'2024-05-01 15:30:24','2024-05-01 15:30:24'),(206,NULL,'test FF_0042',NULL,NULL,NULL,'$2y$10$AQWZm9whchNofdC0Qfo8belCnVbSbfuVmWcdu/SieTeiPc7gpLFdW',NULL,NULL,NULL,NULL,NULL,NULL,NULL,NULL,NULL,0,NULL,3,2,1,NULL,NULL,NULL,NULL,'2024-05-01 15:30:24','2024-05-01 15:30:24'),(207,NULL,'test FF_0043',NULL,NULL,NULL,'$2y$10$gxh2OS0YopH8iw2YKevXIeNVBVk7w8ySZtuQYar9E/rOeSkMFEHwO',NULL,NULL,NULL,NULL,NULL,NULL,NULL,NULL,NULL,0,NULL,3,2,1,NULL,NULL,NULL,NULL,'2024-05-01 15:30:24','2024-05-01 15:30:24'),(208,NULL,'test FF_0044',NULL,NULL,NULL,'$2y$10$qDrA8Ws2MGcRzOeGl2ZYBuMvRP7DGMN0BKrp0zf4iPvtV/46eGZOi',NULL,NULL,NULL,NULL,NULL,NULL,NULL,NULL,NULL,0,NULL,3,2,1,NULL,NULL,NULL,NULL,'2024-05-01 15:30:24','2024-05-01 15:30:24'),(209,NULL,'test FF_0045',NULL,NULL,NULL,'$2y$10$mUTDw0HjA66PoV0GEWUrfeqMWC5hFTCDHQwaPlzJPSCoTSUV0iAs2',NULL,NULL,NULL,NULL,NULL,NULL,NULL,NULL,NULL,0,NULL,3,2,1,NULL,NULL,NULL,NULL,'2024-05-01 15:30:24','2024-05-01 15:30:24'),(210,NULL,'test FF_0046',NULL,NULL,NULL,'$2y$10$JE94CI2SoLKL8YT2L2A9gOeOxxjaHiLU9jmvOEyiTlowxCf/vim7C',NULL,NULL,NULL,NULL,NULL,NULL,NULL,NULL,NULL,0,NULL,3,2,1,NULL,NULL,NULL,NULL,'2024-05-01 15:30:25','2024-05-01 15:30:25'),(211,NULL,'test FF_0047',NULL,NULL,NULL,'$2y$10$Aqb9s1rS04OhAqaQSOzK.O0JhC6z6OYFwCQSDpFeYzXoBr/NdZONm',NULL,NULL,NULL,NULL,NULL,NULL,NULL,NULL,NULL,0,NULL,3,2,1,NULL,NULL,NULL,NULL,'2024-05-01 15:30:25','2024-05-01 15:30:25'),(212,NULL,'test FF_0048',NULL,NULL,NULL,'$2y$10$8ci8463f.wF5oeOjS2.n.uuJubImbas3WajFbi1EXIAIPvRXWfSIy',NULL,NULL,NULL,NULL,NULL,NULL,NULL,NULL,NULL,0,NULL,3,2,1,NULL,NULL,NULL,NULL,'2024-05-01 15:30:25','2024-05-01 15:30:25'),(213,NULL,'test FF_0049',NULL,NULL,NULL,'$2y$10$oKf/PK5xdmGSKAF0gSbuiurXQcfQb1FogkyhBRYYL7a90PJ1OTkYK',NULL,NULL,NULL,NULL,NULL,NULL,NULL,NULL,NULL,0,NULL,3,2,1,NULL,NULL,NULL,NULL,'2024-05-01 15:30:25','2024-05-01 15:30:25'),(214,NULL,'test FF_0050',NULL,NULL,NULL,'$2y$10$9OBtlQO9imQA4Ojv4UHN3exiWnVodlPQiWsEIHBs1f16H1068pB/y',NULL,NULL,NULL,NULL,NULL,NULL,NULL,NULL,NULL,0,NULL,3,2,1,NULL,NULL,NULL,NULL,'2024-05-01 15:30:25','2024-05-01 15:30:25'),(215,NULL,'test FF_0051',NULL,NULL,NULL,'$2y$10$D3XwmnRm2wl19vWx6O6A1ul5QeDBDJn6Xvlr.SVTrNm54750F0ziS',NULL,NULL,NULL,NULL,NULL,NULL,NULL,NULL,NULL,0,NULL,3,2,1,NULL,NULL,NULL,NULL,'2024-05-01 15:30:21','2024-05-01 15:30:21'),(216,NULL,'test FF_0052',NULL,NULL,NULL,'$2y$10$c9bdKZ1Ku/5pauFTXyjbAe7hxn7fTVuT/.w6dsMhDo66bY2yN3vg.',NULL,NULL,NULL,NULL,NULL,NULL,NULL,NULL,NULL,0,NULL,3,2,1,NULL,NULL,NULL,NULL,'2024-05-01 15:30:21','2024-05-01 15:30:21'),(217,NULL,'test FF_0053',NULL,NULL,NULL,'$2y$10$.WlZcgeND2Sgsd4NJjmvmeCc3XPFGW/8PQinZZr6.gB8WJ5PY71CG',NULL,NULL,NULL,NULL,NULL,NULL,NULL,NULL,NULL,0,NULL,3,2,1,NULL,NULL,NULL,NULL,'2024-05-01 15:30:21','2024-05-01 15:30:21'),(218,NULL,'test FF_0054',NULL,NULL,NULL,'$2y$10$u59/97nsny0r133AUGdSo.yP9b50SGKXeLcZmIo/gp9iX8C6Jn4wq',NULL,NULL,NULL,NULL,NULL,NULL,NULL,NULL,NULL,0,NULL,3,2,1,NULL,NULL,NULL,NULL,'2024-05-01 15:30:21','2024-05-01 15:30:21'),(219,NULL,'test FF_0055',NULL,NULL,NULL,'$2y$10$73az4Ibj1G91MW0kCnyLSu5Kk1.1F2cFoLHsRj2dqhu9ebt434nR.',NULL,NULL,NULL,NULL,NULL,NULL,NULL,NULL,NULL,0,NULL,3,2,1,NULL,NULL,NULL,NULL,'2024-05-01 15:30:21','2024-05-01 15:30:21'),(220,NULL,'test FF_0056',NULL,NULL,NULL,'$2y$10$swPq49Ld3LIBbgsMbYfPnOTqCYZVUeKYxkjr7yQOyjDV1/rxMjgRW',NULL,NULL,NULL,NULL,NULL,NULL,NULL,NULL,NULL,0,NULL,3,2,1,NULL,NULL,NULL,NULL,'2024-05-01 15:30:22','2024-05-01 15:30:22'),(221,NULL,'test FF_0057',NULL,NULL,NULL,'$2y$10$O6iLbDn0S64N7eyqhp/22eKrZO63oT11Aw04yXwF8SyHHEyj8gdOO',NULL,NULL,NULL,NULL,NULL,NULL,NULL,NULL,NULL,0,NULL,3,2,1,NULL,NULL,NULL,NULL,'2024-05-01 15:30:22','2024-05-01 15:30:22'),(222,NULL,'test FF_0058',NULL,NULL,NULL,'$2y$10$R.tCnZefmX.AO/mBzI1em.k1pjyMZc3T.CG9WTs8oAIPnEB5SPTjq',NULL,NULL,NULL,NULL,NULL,NULL,NULL,NULL,NULL,0,NULL,3,2,1,NULL,NULL,NULL,NULL,'2024-05-01 15:30:22','2024-05-01 15:30:22'),(223,NULL,'test FF_0059',NULL,NULL,NULL,'$2y$10$9QIxkBurkqYYYOCmwhDWTOxLEqS57nfy1qnPYtlIffzlSWeEQB3gC',NULL,NULL,NULL,NULL,NULL,NULL,NULL,NULL,NULL,0,NULL,3,2,1,NULL,NULL,NULL,NULL,'2024-05-01 15:30:22','2024-05-01 15:30:22'),(224,NULL,'test FF_0060',NULL,NULL,NULL,'$2y$10$n40OYlgv3r1mbXlhoIlJQelQM7F/PRv5bWuXc0APmHAaBXEN1RPPy',NULL,NULL,NULL,NULL,NULL,NULL,NULL,NULL,NULL,0,NULL,3,2,1,NULL,NULL,NULL,NULL,'2024-05-01 15:30:22','2024-05-01 15:30:22'),(225,NULL,'test FF_0061',NULL,NULL,NULL,'$2y$10$BOVOT7xtpF8ZubqYgBoHJegVYXL2oNC0hGWaJk2aPKHKK8ASvQkYi',NULL,NULL,NULL,NULL,NULL,NULL,NULL,NULL,NULL,0,NULL,3,2,1,NULL,NULL,NULL,NULL,'2024-05-01 15:30:22','2024-05-01 15:30:22'),(226,NULL,'test FF_0062',NULL,NULL,NULL,'$2y$10$UIWBGQch.294tKqYQJW6k.XYsORygxEI741JF95tDpiNZyPtYRvmy',NULL,NULL,NULL,NULL,NULL,NULL,NULL,NULL,NULL,0,NULL,3,2,1,NULL,NULL,NULL,NULL,'2024-05-01 15:30:22','2024-05-01 15:30:22'),(227,NULL,'test FF_0063',NULL,NULL,NULL,'$2y$10$ZK.6sjbxYIN0BkfKBE2cVutEOYUB0S4hOa5JAclPHUjsFPRidbb7m',NULL,NULL,NULL,NULL,NULL,NULL,NULL,NULL,NULL,0,NULL,3,2,1,NULL,NULL,NULL,NULL,'2024-05-01 15:30:22','2024-05-01 15:30:22'),(228,NULL,'test FF_0064',NULL,NULL,NULL,'$2y$10$N/mDnPTmrRHhNxiVNvzGmuCdK3uBAO8.I5aEWYZvvaNVzOxki4ory',NULL,NULL,NULL,NULL,NULL,NULL,NULL,NULL,NULL,0,NULL,3,2,1,NULL,NULL,NULL,NULL,'2024-05-01 15:30:22','2024-05-01 15:30:22'),(229,NULL,'test FF_0065',NULL,NULL,NULL,'$2y$10$pRIrUPli9crQ5oSiDiynPuyFzGCbrUmvUuRAaR5MKNOhfEKqe7XwO',NULL,NULL,NULL,NULL,NULL,NULL,NULL,NULL,NULL,0,NULL,3,2,1,NULL,NULL,NULL,NULL,'2024-05-01 15:30:22','2024-05-01 15:30:22'),(230,NULL,'test FF_0066',NULL,NULL,NULL,'$2y$10$2eMPuHjrdjlQPRK8QgGfoePLm4K.XYEOyV.8Pb.JAKHiZHftRFbWS',NULL,NULL,NULL,NULL,NULL,NULL,NULL,NULL,NULL,0,NULL,3,2,1,NULL,NULL,NULL,NULL,'2024-05-01 15:30:23','2024-05-01 15:30:23'),(231,NULL,'test FF_0067',NULL,NULL,NULL,'$2y$10$jBvcbmqVqrrj9wokGoTJM.jKQmz4Svw93x7lm1t2fzk3HkJtHHQoW',NULL,NULL,NULL,NULL,NULL,NULL,NULL,NULL,NULL,0,NULL,3,2,1,NULL,NULL,NULL,NULL,'2024-05-01 15:30:23','2024-05-01 15:30:23'),(232,NULL,'test FF_0068',NULL,NULL,NULL,'$2y$10$d9E0qx1yvzYpQ9jV6Ngj3uvZ219AewLnNJM2R0ynCPJ2wZI.6OZj2',NULL,NULL,NULL,NULL,NULL,NULL,NULL,NULL,NULL,0,NULL,3,2,1,NULL,NULL,NULL,NULL,'2024-05-01 15:30:23','2024-05-01 15:30:23'),(233,NULL,'test FF_0069',NULL,NULL,NULL,'$2y$10$V7UmO6ALQjnFYyyHWUSDcO1VaNMOZXD2amDKnlz6pe/oOYB16w4PC',NULL,NULL,NULL,NULL,NULL,NULL,NULL,NULL,NULL,0,NULL,3,2,1,NULL,NULL,NULL,NULL,'2024-05-01 15:30:23','2024-05-01 15:30:23'),(234,NULL,'test FF_0070',NULL,NULL,NULL,'$2y$10$236NUqUUIH145lNIiMBLbeg.aYryHGvCIGVUm8amWgfzBeS/21wTe',NULL,NULL,NULL,NULL,NULL,NULL,NULL,NULL,NULL,0,NULL,3,2,1,NULL,NULL,NULL,NULL,'2024-05-01 15:30:23','2024-05-01 15:30:23'),(235,NULL,'test FF_0071',NULL,NULL,NULL,'$2y$10$4/WjZIbjDH9VM2/rxLtuIeBEc1yAVeyA/B1PakZmT4Y0uN9O16hgm',NULL,NULL,NULL,NULL,NULL,NULL,NULL,NULL,NULL,0,NULL,3,2,1,NULL,NULL,NULL,NULL,'2024-05-01 15:30:23','2024-05-01 15:30:23'),(236,NULL,'test FF_0072',NULL,NULL,NULL,'$2y$10$dwXsuUr6Mi.TcKistWIaJuHl1.titkINKixqI7h9RMypS8A0aaDve',NULL,NULL,NULL,NULL,NULL,NULL,NULL,NULL,NULL,0,NULL,3,2,1,NULL,NULL,NULL,NULL,'2024-05-01 15:30:23','2024-05-01 15:30:23'),(237,NULL,'test FF_0073',NULL,NULL,NULL,'$2y$10$6.toG4LjfIdc4t5zEe3FXOIvo/agx3R2iPqGPPlxNi74jYkkr9mqa',NULL,NULL,NULL,NULL,NULL,NULL,NULL,NULL,NULL,0,NULL,3,2,1,NULL,NULL,NULL,NULL,'2024-05-01 15:30:23','2024-05-01 15:30:23'),(238,NULL,'test FF_0074',NULL,NULL,NULL,'$2y$10$A5yexv4M5mnCnC29T1e3Be5Y7uV6RBfstSfaCLDD80kHI5Ul3XysC',NULL,NULL,NULL,NULL,NULL,NULL,NULL,NULL,NULL,0,NULL,3,2,1,NULL,NULL,NULL,NULL,'2024-05-01 15:30:23','2024-05-01 15:30:23'),(239,NULL,'test FF_0075',NULL,NULL,NULL,'$2y$10$0FtywaFkOuVBp3HCDDl2POIMq5T7WW6.pGkZNGZcfFnPvTk2HcTV2',NULL,NULL,NULL,NULL,NULL,NULL,NULL,NULL,NULL,0,NULL,3,2,1,NULL,NULL,NULL,NULL,'2024-05-01 15:30:23','2024-05-01 15:30:23'),(240,NULL,'test FF_0076',NULL,NULL,NULL,'$2y$10$ttp9Q7MT4uN3n9JdLjbQuux9Q3/TzIBxA3goeSEG9MEmxd/tDuaBm',NULL,NULL,NULL,NULL,NULL,NULL,NULL,NULL,NULL,0,NULL,3,2,1,NULL,NULL,NULL,NULL,'2024-05-01 15:30:24','2024-05-01 15:30:24'),(241,NULL,'test FF_0077',NULL,NULL,NULL,'$2y$10$8a/xEMcc5uyt.NtSUhbhYOR/TTwz9Vl9A.XBt.sNF9YIrnAiGkv9S',NULL,NULL,NULL,NULL,NULL,NULL,NULL,NULL,NULL,0,NULL,3,2,1,NULL,NULL,NULL,NULL,'2024-05-01 15:30:24','2024-05-01 15:30:24'),(242,NULL,'test FF_0078',NULL,NULL,NULL,'$2y$10$4JyfyTZzSw4rCK1ik6Lyfe5LmaCFRBENyehuwO66a.wqpFDuGxejy',NULL,NULL,NULL,NULL,NULL,NULL,NULL,NULL,NULL,0,NULL,3,2,1,NULL,NULL,NULL,NULL,'2024-05-01 15:30:24','2024-05-01 15:30:24'),(243,NULL,'test FF_0079',NULL,NULL,NULL,'$2y$10$9QukhwzKoVhl84YxKuh6puMri5.u84Rmk0wirVgRNPlmssumqI1H6',NULL,NULL,NULL,NULL,NULL,NULL,NULL,NULL,NULL,0,NULL,3,2,1,NULL,NULL,NULL,NULL,'2024-05-01 15:30:24','2024-05-01 15:30:24'),(244,NULL,'test FF_0080',NULL,NULL,NULL,'$2y$10$zShLkQP8tLF27Mnp7cr8du7/n.T.DiH1JXXvBWlbrTjVw/kjj.cLu',NULL,NULL,NULL,NULL,NULL,NULL,NULL,NULL,NULL,0,NULL,3,2,1,NULL,NULL,NULL,NULL,'2024-05-01 15:30:24','2024-05-01 15:30:24'),(245,NULL,'test FF_0081',NULL,NULL,NULL,'$2y$10$YAK10Gsbd63A5i5BsBgLmOlaFxCPryZn9CduECtlCVXh7fz5tUahW',NULL,NULL,NULL,NULL,NULL,NULL,NULL,NULL,NULL,0,NULL,3,2,1,NULL,NULL,NULL,NULL,'2024-05-01 15:30:24','2024-05-01 15:30:24'),(246,NULL,'test FF_0082',NULL,NULL,NULL,'$2y$10$1aHJhXDWNk7bnCGKFQdutuf6ZNRNBgaclpAX8Fe9/4n6LPJ77rVz6',NULL,NULL,NULL,NULL,NULL,NULL,NULL,NULL,NULL,0,NULL,3,2,1,NULL,NULL,NULL,NULL,'2024-05-01 15:30:24','2024-05-01 15:30:24'),(247,NULL,'test FF_0083',NULL,NULL,NULL,'$2y$10$oUvkS.c/nPGegv4o4ToU5.ba2NwXGXj8xKvtn0S4VNnACN2UK.75i',NULL,NULL,NULL,NULL,NULL,NULL,NULL,NULL,NULL,0,NULL,3,2,1,NULL,NULL,NULL,NULL,'2024-05-01 15:30:24','2024-05-01 15:30:24'),(248,NULL,'test FF_0084',NULL,NULL,NULL,'$2y$10$GG7U0NQ5hAkyW31qPDM6CO/090PIZdJ7h/HdyRH.8WuEz8MDX8fQu',NULL,NULL,NULL,NULL,NULL,NULL,NULL,NULL,NULL,0,NULL,3,2,1,NULL,NULL,NULL,NULL,'2024-05-01 15:30:24','2024-05-01 15:30:24'),(249,NULL,'test FF_0085',NULL,NULL,NULL,'$2y$10$5/r2EEoRWBCDHsgTs.himO6qQqO6fxdbH3iLdQ.AbyAhy6iHdh7vi',NULL,NULL,NULL,NULL,NULL,NULL,NULL,NULL,NULL,0,NULL,3,2,1,NULL,NULL,NULL,NULL,'2024-05-01 15:30:24','2024-05-01 15:30:24'),(250,NULL,'test FF_0086',NULL,NULL,NULL,'$2y$10$nQmfhvML2diAEceKPeJyXuawuniMwUbgJKISkoQzxxJzknvcvmhvO',NULL,NULL,NULL,NULL,NULL,NULL,NULL,NULL,NULL,0,NULL,3,2,1,NULL,NULL,NULL,NULL,'2024-05-01 15:30:24','2024-05-01 15:30:24'),(251,NULL,'test FF_0087',NULL,NULL,NULL,'$2y$10$yqOykiJIUTnPJL9s1qOV0.qitreYaYbyX0OURgeaG0hmGPa6hoUji',NULL,NULL,NULL,NULL,NULL,NULL,NULL,NULL,NULL,0,NULL,3,2,1,NULL,NULL,NULL,NULL,'2024-05-01 15:30:24','2024-05-01 15:30:24'),(252,NULL,'test FF_0088',NULL,NULL,NULL,'$2y$10$kN6SMouZtb3U2AXacTr.zupoYcYnY4zSxG/Q19gLoHN5L2p0//5aS',NULL,NULL,NULL,NULL,NULL,NULL,NULL,NULL,NULL,0,NULL,3,2,1,NULL,NULL,NULL,NULL,'2024-05-01 15:30:25','2024-05-01 15:30:25'),(253,NULL,'test FF_0089',NULL,NULL,NULL,'$2y$10$1c856Vw52/GME208d0GA4eTlf1EnhBKwnj/e/IswOgcTGVoO1AnJC',NULL,NULL,NULL,NULL,NULL,NULL,NULL,NULL,NULL,0,NULL,3,2,1,NULL,NULL,NULL,NULL,'2024-05-01 15:30:25','2024-05-01 15:30:25'),(254,NULL,'test FF_0090',NULL,NULL,NULL,'$2y$10$Y418guQimAe2Ji76MFVoP.p/vYyznyJsgja9agjuJs6czVrZdZXF.',NULL,NULL,NULL,NULL,NULL,NULL,NULL,NULL,NULL,0,NULL,3,2,1,NULL,NULL,NULL,NULL,'2024-05-01 15:30:25','2024-05-01 15:30:25'),(255,NULL,'test FF_0091',NULL,NULL,NULL,'$2y$10$vhh0BEtHNHV/4X85ktyfKe.7iqOXDk./.1IpQhRQdG6JA649FrOB2',NULL,NULL,NULL,NULL,NULL,NULL,NULL,NULL,NULL,0,NULL,3,2,1,NULL,NULL,NULL,NULL,'2024-05-01 15:30:25','2024-05-01 15:30:25'),(256,NULL,'test FF_0092',NULL,NULL,NULL,'$2y$10$sEdZXXf6aicaWI/jEjiKGuXaNGzX6ctIqivV16jqTp3r8q6cl1C0G',NULL,NULL,NULL,NULL,NULL,NULL,NULL,NULL,NULL,0,NULL,3,2,1,NULL,NULL,NULL,NULL,'2024-05-01 15:30:25','2024-05-01 15:30:25'),(257,NULL,'test FF_0093',NULL,NULL,NULL,'$2y$10$z4xp2n0vzEygdeZxjrSQ3uAxQ4twuW6TmOFFzj/GSY2l09WWFMI7.',NULL,NULL,NULL,NULL,NULL,NULL,NULL,NULL,NULL,0,NULL,3,2,1,NULL,NULL,NULL,NULL,'2024-05-01 15:30:25','2024-05-01 15:30:25'),(258,NULL,'test FF_0094',NULL,NULL,NULL,'$2y$10$tAt8dgYZfKwyvAbJRXyYveWowt5MV3WPdXXvsCtNdxawCBnPtsNv2',NULL,NULL,NULL,NULL,NULL,NULL,NULL,NULL,NULL,0,NULL,3,2,1,NULL,NULL,NULL,NULL,'2024-05-01 15:30:25','2024-05-01 15:30:25'),(259,NULL,'test FF_0095',NULL,NULL,NULL,'$2y$10$hF1cW9utJEvLxzqhGL2hkO1K5hH1Nz0RvcRRwkDJR/bvnuyJPlEGG',NULL,NULL,NULL,NULL,NULL,NULL,NULL,NULL,NULL,0,NULL,3,2,1,NULL,NULL,NULL,NULL,'2024-05-01 15:30:25','2024-05-01 15:30:25'),(260,NULL,'test FF_0096',NULL,NULL,NULL,'$2y$10$t.kEL8Q79j5j3pGaGSJhBOb08hR/1n.IDX2bmTX6v59nsbE.XJTd6',NULL,NULL,NULL,NULL,NULL,NULL,NULL,NULL,NULL,0,NULL,3,2,1,NULL,NULL,NULL,NULL,'2024-05-01 15:30:25','2024-05-01 15:30:25'),(261,NULL,'test FF_0097',NULL,NULL,NULL,'$2y$10$lwb9JflnqAO7LjDps1iJau1/XZMjsggDZwKfRSiXDhw6LFEshuYTa',NULL,NULL,NULL,NULL,NULL,NULL,NULL,NULL,NULL,0,NULL,3,2,1,NULL,NULL,NULL,NULL,'2024-05-01 15:30:25','2024-05-01 15:30:25'),(262,NULL,'test FF_0098',NULL,NULL,NULL,'$2y$10$lqW85JWdMv3OPJf0ZECBHuDodVwCujqbhUAF98FkM83EjhRSTzqs2',NULL,NULL,NULL,NULL,NULL,NULL,NULL,NULL,NULL,0,NULL,3,2,1,NULL,NULL,NULL,NULL,'2024-05-01 15:30:25','2024-05-01 15:30:25'),(263,NULL,'test FF_0099',NULL,NULL,NULL,'$2y$10$pQVOguJbq4d5bpNHpYdQCe13y5ZlSA9yFUXhunqlWfJ5a6iskJ7La',NULL,NULL,NULL,NULL,NULL,NULL,NULL,NULL,NULL,0,NULL,3,2,1,NULL,NULL,NULL,NULL,'2024-05-01 15:30:25','2024-05-01 15:30:25'),(264,NULL,'test FF_0100',NULL,NULL,NULL,'$2y$10$O/Kf7xKiIDW9AcVPceufcOUWzFxYsZsUMTvC6RbucHKVFUPFgAyQK',NULL,NULL,NULL,NULL,NULL,NULL,NULL,NULL,NULL,0,NULL,3,2,1,NULL,NULL,NULL,NULL,'2024-05-01 15:30:25','2024-05-01 15:30:25'),(265,NULL,'test FF_0101',NULL,NULL,NULL,'$2y$10$LyytihtPh5FmdGXL4Ut9ju82d1vQs6zjoVUd66r1OovnR7rAPvuZ6',NULL,NULL,NULL,NULL,NULL,NULL,NULL,NULL,NULL,0,NULL,3,2,1,NULL,NULL,NULL,NULL,'2024-05-01 15:30:21','2024-05-01 15:30:21'),(266,NULL,'test FF_0102',NULL,NULL,NULL,'$2y$10$Le.5j5n2LUpxL/mBuRWeWeA06X4EOUPub9mtWFhIZrfg5NpQbqQkO',NULL,NULL,NULL,NULL,NULL,NULL,NULL,NULL,NULL,0,NULL,3,2,1,NULL,NULL,NULL,NULL,'2024-05-01 15:30:21','2024-05-01 15:30:21'),(267,NULL,'test FF_0103',NULL,NULL,NULL,'$2y$10$qxKg1MDpkY0CfWvQzcreWu0.AIwySUC97ubTgnZqE4Z0Lvtl8mZxi',NULL,NULL,NULL,NULL,NULL,NULL,NULL,NULL,NULL,0,NULL,3,2,1,NULL,NULL,NULL,NULL,'2024-05-01 15:30:21','2024-05-01 15:30:21'),(268,NULL,'test FF_0104',NULL,NULL,NULL,'$2y$10$xKqSLC8WANqXcERa1kgw5udn6QWD0lDSeCSQt2vR4jFImeiPHgnii',NULL,NULL,NULL,NULL,NULL,NULL,NULL,NULL,NULL,0,NULL,3,2,1,NULL,NULL,NULL,NULL,'2024-05-01 15:30:21','2024-05-01 15:30:21'),(269,NULL,'test FF_0105',NULL,NULL,NULL,'$2y$10$jda6j0N1IehzC0eAdaNYF.1XvQa3BH7g1ACthTwoWvMGTkXskE/Tu',NULL,NULL,NULL,NULL,NULL,NULL,NULL,NULL,NULL,0,NULL,3,2,1,NULL,NULL,NULL,NULL,'2024-05-01 15:30:22','2024-05-01 15:30:22'),(270,NULL,'test FF_0106',NULL,NULL,NULL,'$2y$10$yWVNLir8gMu4KMy03h.4fuECO4bhZ9UhS/POTKC2ErIBSoGLPOELW',NULL,NULL,NULL,NULL,NULL,NULL,NULL,NULL,NULL,0,NULL,3,2,1,NULL,NULL,NULL,NULL,'2024-05-01 15:30:22','2024-05-01 15:30:22'),(271,NULL,'test FF_0107',NULL,NULL,NULL,'$2y$10$HT5dhWa/rxZmyqeo.azmr.E8Ia5E8dcHKr5sghTp0eWocPp4y4J1y',NULL,NULL,NULL,NULL,NULL,NULL,NULL,NULL,NULL,0,NULL,3,2,1,NULL,NULL,NULL,NULL,'2024-05-01 15:30:22','2024-05-01 15:30:22'),(272,NULL,'test FF_0108',NULL,NULL,NULL,'$2y$10$esAs70yafwXNKm6d6VEkZ.0GjGGpH32xuZWlhmkrq/YGFl6RZi4Bq',NULL,NULL,NULL,NULL,NULL,NULL,NULL,NULL,NULL,0,NULL,3,2,1,NULL,NULL,NULL,NULL,'2024-05-01 15:30:22','2024-05-01 15:30:22'),(273,NULL,'test FF_0109',NULL,NULL,NULL,'$2y$10$IKBba5yPW5KeWdgOzBkt5OlSRVZcNS2mrR4Aivo5nw/hUsTtnHuXS',NULL,NULL,NULL,NULL,NULL,NULL,NULL,NULL,NULL,0,NULL,3,2,1,NULL,NULL,NULL,NULL,'2024-05-01 15:30:22','2024-05-01 15:30:22'),(274,NULL,'test FF_0110',NULL,NULL,NULL,'$2y$10$POglYOo.ExpLtka.eYQEwuURaNvBO/ZC4lb5HBpLi/lY/PRZaYep6',NULL,NULL,NULL,NULL,NULL,NULL,NULL,NULL,NULL,0,NULL,3,2,1,NULL,NULL,NULL,NULL,'2024-05-01 15:30:22','2024-05-01 15:30:22'),(275,NULL,'test FF_0111',NULL,NULL,NULL,'$2y$10$fvPc9gZ0/THpDQknfJX4teGIM7wNYdl01k5fVuXiGD.ubq6edGQ32',NULL,NULL,NULL,NULL,NULL,NULL,NULL,NULL,NULL,0,NULL,3,2,1,NULL,NULL,NULL,NULL,'2024-05-01 15:30:22','2024-05-01 15:30:22'),(276,NULL,'test FF_0112',NULL,NULL,NULL,'$2y$10$Ru7obsEx8r7R5ycubAUwzuWKhP7oWRAjKqKW2ufvrOmRPgvNL5Gga',NULL,NULL,NULL,NULL,NULL,NULL,NULL,NULL,NULL,0,NULL,3,2,1,NULL,NULL,NULL,NULL,'2024-05-01 15:30:22','2024-05-01 15:30:22'),(277,NULL,'test FF_0113',NULL,NULL,NULL,'$2y$10$mWUGAHZ6RlLw3ZS1KqDOZ.UDoa4yTSk0ocxOI1aCbs/i5nyuObz.6',NULL,NULL,NULL,NULL,NULL,NULL,NULL,NULL,NULL,0,NULL,3,2,1,NULL,NULL,NULL,NULL,'2024-05-01 15:30:22','2024-05-01 15:30:22'),(278,NULL,'test FF_0114',NULL,NULL,NULL,'$2y$10$tUWvidaOpIBP09H.wTDJ8OD9EYtaJuA0yPmO.F9QEYIZBZzeUaaO2',NULL,NULL,NULL,NULL,NULL,NULL,NULL,NULL,NULL,0,NULL,3,2,1,NULL,NULL,NULL,NULL,'2024-05-01 15:30:23','2024-05-01 15:30:23'),(279,NULL,'test FF_0115',NULL,NULL,NULL,'$2y$10$f3eWewLMEu6H1wYjRCYvX.3ox0d/.XD5yS2UZJOYkKl2QJ88qqLsC',NULL,NULL,NULL,NULL,NULL,NULL,NULL,NULL,NULL,0,NULL,3,2,1,NULL,NULL,NULL,NULL,'2024-05-01 15:30:23','2024-05-01 15:30:23'),(280,NULL,'test FF_0116',NULL,NULL,NULL,'$2y$10$fhlAWi7I8uu/IsPgC8c.7OGFUtp9NXf8EefPo2guqadDV35y0qLSK',NULL,NULL,NULL,NULL,NULL,NULL,NULL,NULL,NULL,0,NULL,3,2,1,NULL,NULL,NULL,NULL,'2024-05-01 15:30:23','2024-05-01 15:30:23'),(281,NULL,'test FF_0117',NULL,NULL,NULL,'$2y$10$xhkjJsUa8Lx/3AmjyrB/BOp6Gm7JMv1D/GzLHdLhw/xK2lGye4oPa',NULL,NULL,NULL,NULL,NULL,NULL,NULL,NULL,NULL,0,NULL,3,2,1,NULL,NULL,NULL,NULL,'2024-05-01 15:30:23','2024-05-01 15:30:23'),(282,NULL,'test FF_0118',NULL,NULL,NULL,'$2y$10$JcGhL5laq3rI8p2VqHe.iu2ox/kHaM6ZMQy84lOQbJO7ORo0nCqiW',NULL,NULL,NULL,NULL,NULL,NULL,NULL,NULL,NULL,0,NULL,3,2,1,NULL,NULL,NULL,NULL,'2024-05-01 15:30:23','2024-05-01 15:30:23'),(283,NULL,'test FF_0119',NULL,NULL,NULL,'$2y$10$/J7HRNvHzCrKwFy8xCaZwerhk2S9Vy8WZdA4yhU5bUXkrs1aE4oGK',NULL,NULL,NULL,NULL,NULL,NULL,NULL,NULL,NULL,0,NULL,3,2,1,NULL,NULL,NULL,NULL,'2024-05-01 15:30:23','2024-05-01 15:30:23'),(284,NULL,'test FF_0120',NULL,NULL,NULL,'$2y$10$EXviOYEYglXstkZgrdxd9eCUBhS0vDsyGGUWoeznJ6FpKnPXe2GQG',NULL,NULL,NULL,NULL,NULL,NULL,NULL,NULL,NULL,0,NULL,3,2,1,NULL,NULL,NULL,NULL,'2024-05-01 15:30:23','2024-05-01 15:30:23'),(285,NULL,'test FF_0121',NULL,NULL,NULL,'$2y$10$QCYi5aSX.3f1xVIbOec/bOJTTMfTTkbeuTpt6I73tmZ8hCHE7U8gq',NULL,NULL,NULL,NULL,NULL,NULL,NULL,NULL,NULL,0,NULL,3,2,1,NULL,NULL,NULL,NULL,'2024-05-01 15:30:23','2024-05-01 15:30:23'),(286,NULL,'test FF_0122',NULL,NULL,NULL,'$2y$10$djij.loMTHsLD2HKggbViOKcy7pNzmf6z16yhhKlZx1tALOMlZL2u',NULL,NULL,NULL,NULL,NULL,NULL,NULL,NULL,NULL,0,NULL,3,2,1,NULL,NULL,NULL,NULL,'2024-05-01 15:30:23','2024-05-01 15:30:23'),(287,NULL,'test FF_0123',NULL,NULL,NULL,'$2y$10$t/GltJIDirXoE47JMwd64.yZAcRsr9yiRmobyPIxb0B05IYeZyQC.',NULL,NULL,NULL,NULL,NULL,NULL,NULL,NULL,NULL,0,NULL,3,2,1,NULL,NULL,NULL,NULL,'2024-05-01 15:30:23','2024-05-01 15:30:23'),(288,NULL,'test FF_0124',NULL,NULL,NULL,'$2y$10$zVqp6r4PyqDLdIJDnhooO.I1Lfw8izmjewa2mMik1tMphHi3Oy8iO',NULL,NULL,NULL,NULL,NULL,NULL,NULL,NULL,NULL,0,NULL,3,2,1,NULL,NULL,NULL,NULL,'2024-05-01 15:30:24','2024-05-01 15:30:24'),(289,NULL,'test FF_0125',NULL,NULL,NULL,'$2y$10$AaTdn9n7MPF0dEr0JYfxTeEKMNVNS53/5bsQAjzNyCkkU4SxhzbLK',NULL,NULL,NULL,NULL,NULL,NULL,NULL,NULL,NULL,0,NULL,3,2,1,NULL,NULL,NULL,NULL,'2024-05-01 15:30:24','2024-05-01 15:30:24'),(290,NULL,'test FF_0126',NULL,NULL,NULL,'$2y$10$hVs73ORR/U3nrwz0Mn14PuL66dv9FsVOM6kbgluGDypc9IIUJQXAa',NULL,NULL,NULL,NULL,NULL,NULL,NULL,NULL,NULL,0,NULL,3,2,1,NULL,NULL,NULL,NULL,'2024-05-01 15:30:24','2024-05-01 15:30:24'),(291,NULL,'test FF_0127',NULL,NULL,NULL,'$2y$10$9QRpv/Kv/u0sLt9iUevya.D5Tr56IV0b9aboZueYmSQwy0yyRzyBC',NULL,NULL,NULL,NULL,NULL,NULL,NULL,NULL,NULL,0,NULL,3,2,1,NULL,NULL,NULL,NULL,'2024-05-01 15:30:24','2024-05-01 15:30:24'),(292,NULL,'test FF_0128',NULL,NULL,NULL,'$2y$10$SMMzGHHiNNWgfv241hQXWewicL0JbLcoD3ejpkK803zibDv.g4kZi',NULL,NULL,NULL,NULL,NULL,NULL,NULL,NULL,NULL,0,NULL,3,2,1,NULL,NULL,NULL,NULL,'2024-05-01 15:30:24','2024-05-01 15:30:24'),(293,NULL,'test FF_0129',NULL,NULL,NULL,'$2y$10$HJu67K9YHpQN7PmDEnNtyuRQMdUgZ4Q53BHNi/ML9GDmO/Y4cu4Ee',NULL,NULL,NULL,NULL,NULL,NULL,NULL,NULL,NULL,0,NULL,3,2,1,NULL,NULL,NULL,NULL,'2024-05-01 15:30:24','2024-05-01 15:30:24'),(294,NULL,'test FF_0130',NULL,NULL,NULL,'$2y$10$cfjBkchrwvVt5wIAodm2neM6fTlDfkT58pk3sxjmuCzAmaUH090zq',NULL,NULL,NULL,NULL,NULL,NULL,NULL,NULL,NULL,0,NULL,3,2,1,NULL,NULL,NULL,NULL,'2024-05-01 15:30:24','2024-05-01 15:30:24'),(295,NULL,'test FF_0131',NULL,NULL,NULL,'$2y$10$xoN91arSNSdnBbZxePp6l.xN3m.3uxrzA.0dDtVHndkEeO4YUny/K',NULL,NULL,NULL,NULL,NULL,NULL,NULL,NULL,NULL,0,NULL,3,2,1,NULL,NULL,NULL,NULL,'2024-05-01 15:30:24','2024-05-01 15:30:24'),(296,NULL,'test FF_0132',NULL,NULL,NULL,'$2y$10$EhyWLLIyT8eGK8LpjfK5vu6L.MTu9KvHi11SqHVVR4TgrMvZzIhAG',NULL,NULL,NULL,NULL,NULL,NULL,NULL,NULL,NULL,0,NULL,3,2,1,NULL,NULL,NULL,NULL,'2024-05-01 15:30:24','2024-05-01 15:30:24'),(297,NULL,'test FF_0133',NULL,NULL,NULL,'$2y$10$7k0w1r70e/T7On8/YFebvuqNSL.7LqWTRKR0yObTClgi60q1h/kK6',NULL,NULL,NULL,NULL,NULL,NULL,NULL,NULL,NULL,0,NULL,3,2,1,NULL,NULL,NULL,NULL,'2024-05-01 15:30:25','2024-05-01 15:30:25'),(298,NULL,'test FF_0134',NULL,NULL,NULL,'$2y$10$Nmj2zT/wvQyMYGUIr6DbKe7OS8zBaKL/gM4SbeL20wilcsgr3cxJK',NULL,NULL,NULL,NULL,NULL,NULL,NULL,NULL,NULL,0,NULL,3,2,1,NULL,NULL,NULL,NULL,'2024-05-01 15:30:25','2024-05-01 15:30:25'),(299,NULL,'test FF_0135',NULL,NULL,NULL,'$2y$10$RAQ46hXZQsb79qlmhuq3weOjC1Ev/CrbxyPtRTb2jbWJuxd7QR3me',NULL,NULL,NULL,NULL,NULL,NULL,NULL,NULL,NULL,0,NULL,3,2,1,NULL,NULL,NULL,NULL,'2024-05-01 15:30:25','2024-05-01 15:30:25'),(300,NULL,'test FF_0136',NULL,NULL,NULL,'$2y$10$7Dyw59S69j5a/fHdmpXifuZAsr3ILjmA6Rg/.wmr/OsANSWkHO/YO',NULL,NULL,NULL,NULL,NULL,NULL,NULL,NULL,NULL,0,NULL,3,2,1,NULL,NULL,NULL,NULL,'2024-05-01 15:30:25','2024-05-01 15:30:25'),(301,NULL,'test FF_0137',NULL,NULL,NULL,'$2y$10$LxG1SyDIzwczJj3g.iWBzu4LcgB0Tl3p3ArLCkD.XXTmsoz/mhs12',NULL,NULL,NULL,NULL,NULL,NULL,NULL,NULL,NULL,0,NULL,3,2,1,NULL,NULL,NULL,NULL,'2024-05-01 15:30:25','2024-05-01 15:30:25'),(302,NULL,'test FF_0138',NULL,NULL,NULL,'$2y$10$zMFSz6atLX48OTflfczKge1ll.XCqV8ouL46t.yivhmSBaydmMtuK',NULL,NULL,NULL,NULL,NULL,NULL,NULL,NULL,NULL,0,NULL,3,2,1,NULL,NULL,NULL,NULL,'2024-05-01 15:30:25','2024-05-01 15:30:25'),(303,NULL,'test FF_0139',NULL,NULL,NULL,'$2y$10$05G3Viay9tE8jUGKb2Hho.JQr9AD6EDf/5Z4J0A/Qh.evNltGM.T.',NULL,NULL,NULL,NULL,NULL,NULL,NULL,NULL,NULL,0,NULL,3,2,1,NULL,NULL,NULL,NULL,'2024-05-01 15:30:25','2024-05-01 15:30:25'),(304,NULL,'test FF_0140',NULL,NULL,NULL,'$2y$10$5oQWL3lKMseRyweLAGMntO1oWPOp5Fig6kVtcatKL.NqgbVdbTMyS',NULL,NULL,NULL,NULL,NULL,NULL,NULL,NULL,NULL,0,NULL,3,2,1,NULL,NULL,NULL,NULL,'2024-05-01 15:30:25','2024-05-01 15:30:25'),(305,NULL,'test FF_0141',NULL,NULL,NULL,'$2y$10$HZ4s/gUDFr3pr8U4jSxOgeWDbcDbo8cXogXjPYdasbcS/WNjmzwH6',NULL,NULL,NULL,NULL,NULL,NULL,NULL,NULL,NULL,0,NULL,3,2,1,NULL,NULL,NULL,NULL,'2024-05-01 15:30:25','2024-05-01 15:30:25'),(306,NULL,'test FF_0142',NULL,NULL,NULL,'$2y$10$ynY79Weuoua3v/gSL.cfbeQf6HxLhoEgFOXqTfny2KgSEPNuLnEWO',NULL,NULL,NULL,NULL,NULL,NULL,NULL,NULL,NULL,0,NULL,3,2,1,NULL,NULL,NULL,NULL,'2024-05-01 15:30:25','2024-05-01 15:30:25'),(307,NULL,'test FF_0143',NULL,NULL,NULL,'$2y$10$vAHkH67.o7NY4foceEKwLux7L5d6eRiCfqy.fKjq8cA9I.HS4Io/C',NULL,NULL,NULL,NULL,NULL,NULL,NULL,NULL,NULL,0,NULL,3,2,1,NULL,NULL,NULL,NULL,'2024-05-01 15:30:25','2024-05-01 15:30:25'),(308,NULL,'test FF_0144',NULL,NULL,NULL,'$2y$10$.yROWFzUdky2BhR1s8N9C.UuZLAtCslU3p9beA7oZjTb7sJkFFgE.',NULL,NULL,NULL,NULL,NULL,NULL,NULL,NULL,NULL,0,NULL,3,2,1,NULL,NULL,NULL,NULL,'2024-05-01 15:30:25','2024-05-01 15:30:25'),(309,NULL,'test FF_0145',NULL,NULL,NULL,'$2y$10$p1cPkrRRqNBWuqueWdRVCOpd7GwfwmjC4k2Xqm1YyOPZIqjM/LKvy',NULL,NULL,NULL,NULL,NULL,NULL,NULL,NULL,NULL,0,NULL,3,2,1,NULL,NULL,NULL,NULL,'2024-05-01 15:30:25','2024-05-01 15:30:25'),(310,NULL,'test FF_0146',NULL,NULL,NULL,'$2y$10$sLbGNP92K.nZMnY4..hn6O7W4jaycpY.Dyaqb2.Lt/sRUq9F8B7R6',NULL,NULL,NULL,NULL,NULL,NULL,NULL,NULL,NULL,0,NULL,3,2,1,NULL,NULL,NULL,NULL,'2024-05-01 15:30:25','2024-05-01 15:30:25'),(311,NULL,'test FF_0147',NULL,NULL,NULL,'$2y$10$XQAg6C76YGHePeck4cbC1eaCZpp.1GccKs8ZAEgfxuFM.6j4UIk1a',NULL,NULL,NULL,NULL,NULL,NULL,NULL,NULL,NULL,0,NULL,3,2,1,NULL,NULL,NULL,NULL,'2024-05-01 15:30:26','2024-05-01 15:30:26'),(312,NULL,'test FF_0148',NULL,NULL,NULL,'$2y$10$.GCf6okKZjLDysBf2t2Boe3VcgGQPR8CsDBAOIcYCo0APl5hnbMUa',NULL,NULL,NULL,NULL,NULL,NULL,NULL,NULL,NULL,0,NULL,3,2,1,NULL,NULL,NULL,NULL,'2024-05-01 15:30:26','2024-05-01 15:30:26'),(313,NULL,'test FF_0149',NULL,NULL,NULL,'$2y$10$pvzt/lNbF96Y8xwPr9CHY.DchksUHgMzzfveTCHtamZvJSCTyUeFa',NULL,NULL,NULL,NULL,NULL,NULL,NULL,NULL,NULL,0,NULL,3,2,1,NULL,NULL,NULL,NULL,'2024-05-01 15:30:26','2024-05-01 15:30:26'),(314,NULL,'test FF_0150',NULL,NULL,NULL,'$2y$10$FSRu5vRWrtzficcWe/sCIuR4QGMeZ7JoW.a.6emcRdJJbrclSz.GC',NULL,NULL,NULL,NULL,NULL,NULL,NULL,NULL,NULL,0,NULL,3,2,1,NULL,NULL,NULL,NULL,'2024-05-01 15:30:26','2024-05-01 15:30:26');


